65.58.212.236 - - [02/Mar/2003:06:08:55 -0800] "GET /Merchant2/202/health_202_headmenu_r3_c2.jpg HTTP/1.1" 200 1332 "http://www.merchant247.net/Merchant2/merchant.mv?Screen=CTGY&Store_Code=health&Category_Code=202" "Mozilla/4.0 (compatible; MSIE 5.5; Windows 98)"
65.58.212.236 - - [02/Mar/2003:06:08:57 -0800] "GET /Merchant2/202/health_202_headmenu_r2_c2_f2.jpg HTTP/1.1" 200 1121 "http://www.merchant247.net/Merchant2/merchant.mv?Screen=CTGY&Store_Code=health&Category_Code=202" "Mozilla/4.0 (compatible; MSIE 5.5; Windows 98)"
65.58.212.236 - - [02/Mar/2003:06:08:57 -0800] "GET /Merchant2/202/health_202_headmenu_r2_c4_f2.jpg HTTP/1.1" 200 890 "http://www.merchant247.net/Merchant2/merchant.mv?Screen=CTGY&Store_Code=health&Category_Code=202" "Mozilla/4.0 (compatible; MSIE 5.5; Windows 98)"
218.11.170.134 - - [02/Mar/2003:06:10:28 -0800] "GET /Merchant2/graphics/en-US/admin/blank.gif HTTP/1.1" 200 43 "http://www.trimspa-diet-pills.com/" "Mozilla/4.0 (compatible; MSIE 5.0; Windows 98; DigExt)"
212.138.47.29 - - [02/Mar/2003:06:11:11 -0800] "GET /Merchant2/graphics/en-US/admin/blank.gif HTTP/1.0" 200 43 "http://www.7-day-smoke-away.net/" "Mozilla/4.0 (compatible; MSIE 5.0; Mac_PowerPC)"
63.149.76.85 - - [02/Mar/2003:06:12:29 -0800] "GET /Merchant2/graphics/en-US/admin/blank.gif HTTP/1.1" 200 43 "http://www.7-day-smoke-away.net/index.htm" "Mozilla/4.0 (compatible; MSIE 5.5; MSN 2.5; Windows 98)"
24.160.28.85 - - [02/Mar/2003:06:13:31 -0800] "GET /Merchant2/merchant.mv?Screen=CTGY&Store_Code=health&Category_Code=54 HTTP/1.1" 200 24841 "-" "Mozilla/4.0 (compatible; MSIE 6.0; Windows NT 5.1; Q312461; YComp 5.0.2.4; (R1 1.3); .NET CLR 1.0.3705)"
24.160.28.85 - - [02/Mar/2003:06:13:32 -0800] "GET /Merchant2/54/health_54_headmenu_r1_c1.jpg HTTP/1.1" 200 5373 "-" "Mozilla/4.0 (compatible; MSIE 6.0; Windows NT 5.1; Q312461; YComp 5.0.2.4; (R1 1.3); .NET CLR 1.0.3705)"
24.160.28.85 - - [02/Mar/2003:06:13:32 -0800] "GET /Merchant2/54/health_54_headmenu_r1_c9.jpg HTTP/1.1" 200 4644 "-" "Mozilla/4.0 (compatible; MSIE 6.0; Windows NT 5.1; Q312461; YComp 5.0.2.4; (R1 1.3); .NET CLR 1.0.3705)"
24.160.28.85 - - [02/Mar/2003:06:13:32 -0800] "GET /Merchant2/54/health_54_headmenu_r2_c1.jpg HTTP/1.1" 200 4251 "-" "Mozilla/4.0 (compatible; MSIE 6.0; Windows NT 5.1; Q312461; YComp 5.0.2.4; (R1 1.3); .NET CLR 1.0.3705)"
24.160.28.85 - - [02/Mar/2003:06:13:32 -0800] "GET /Merchant2/54/health_54_headmenu_r1_c15.jpg HTTP/1.1" 200 302 "-" "Mozilla/4.0 (compatible; MSIE 6.0; Windows NT 5.1; Q312461; YComp 5.0.2.4; (R1 1.3); .NET CLR 1.0.3705)"
24.160.28.85 - - [02/Mar/2003:06:13:33 -0800] "GET /Merchant2/54/health_54_headmenu_r4_c1.jpg HTTP/1.1" 200 303 "-" "Mozilla/4.0 (compatible; MSIE 6.0; Windows NT 5.1; Q312461; YComp 5.0.2.4; (R1 1.3); .NET CLR 1.0.3705)"
24.160.28.85 - - [02/Mar/2003:06:13:33 -0800] "GET /Merchant2/54/health_54_headmenu_r3_c9.jpg HTTP/1.1" 200 352 "-" "Mozilla/4.0 (compatible; MSIE 6.0; Windows NT 5.1; Q312461; YComp 5.0.2.4; (R1 1.3); .NET CLR 1.0.3705)"
24.160.28.85 - - [02/Mar/2003:06:13:33 -0800] "GET /Merchant2/54/health_54_headmenu_r4_c6.jpg HTTP/1.1" 200 1236 "-" "Mozilla/4.0 (compatible; MSIE 6.0; Windows NT 5.1; Q312461; YComp 5.0.2.4; (R1 1.3); .NET CLR 1.0.3705)"
24.160.28.85 - - [02/Mar/2003:06:13:33 -0800] "GET /Merchant2/54/health_54_headmenu_r5_c1.jpg HTTP/1.1" 200 287 "-" "Mozilla/4.0 (compatible; MSIE 6.0; Windows NT 5.1; Q312461; YComp 5.0.2.4; (R1 1.3); .NET CLR 1.0.3705)"
24.160.28.85 - - [02/Mar/2003:06:13:33 -0800] "GET /Merchant2/54/health_54_headmenu_r4_c7.jpg HTTP/1.1" 200 289 "-" "Mozilla/4.0 (compatible; MSIE 6.0; Windows NT 5.1; Q312461; YComp 5.0.2.4; (R1 1.3); .NET CLR 1.0.3705)"
24.160.28.85 - - [02/Mar/2003:06:13:33 -0800] "GET /Merchant2/54/health_54_headmenu_r5_c2.jpg HTTP/1.1" 200 844 "-" "Mozilla/4.0 (compatible; MSIE 6.0; Windows NT 5.1; Q312461; YComp 5.0.2.4; (R1 1.3); .NET CLR 1.0.3705)"
24.160.28.85 - - [02/Mar/2003:06:13:34 -0800] "GET /Merchant2/54/health_54_headmenu_r5_c3.jpg HTTP/1.1" 200 305 "-" "Mozilla/4.0 (compatible; MSIE 6.0; Windows NT 5.1; Q312461; YComp 5.0.2.4; (R1 1.3); .NET CLR 1.0.3705)"
24.160.28.85 - - [02/Mar/2003:06:13:34 -0800] "GET /Merchant2/54/health_54_headmenu_r5_c4.jpg HTTP/1.1" 200 889 "-" "Mozilla/4.0 (compatible; MSIE 6.0; Windows NT 5.1; Q312461; YComp 5.0.2.4; (R1 1.3); .NET CLR 1.0.3705)"
24.160.28.85 - - [02/Mar/2003:06:13:34 -0800] "GET /Merchant2/54/health_54_headmenu_r5_c7.jpg HTTP/1.1" 200 305 "-" "Mozilla/4.0 (compatible; MSIE 6.0; Windows NT 5.1; Q312461; YComp 5.0.2.4; (R1 1.3); .NET CLR 1.0.3705)"
24.160.28.85 - - [02/Mar/2003:06:13:34 -0800] "GET /Merchant2/54/health_54_headmenu_r5_c5.jpg HTTP/1.1" 200 305 "-" "Mozilla/4.0 (compatible; MSIE 6.0; Windows NT 5.1; Q312461; YComp 5.0.2.4; (R1 1.3); .NET CLR 1.0.3705)"
24.160.28.85 - - [02/Mar/2003:06:13:34 -0800] "GET /Merchant2/54/health_54_headmenu_r5_c8.jpg HTTP/1.1" 200 843 "-" "Mozilla/4.0 (compatible; MSIE 6.0; Windows NT 5.1; Q312461; YComp 5.0.2.4; (R1 1.3); .NET CLR 1.0.3705)"
24.160.28.85 - - [02/Mar/2003:06:13:34 -0800] "GET /Merchant2/54/health_54_headmenu_r5_c10.jpg HTTP/1.1" 200 299 "-" "Mozilla/4.0 (compatible; MSIE 6.0; Windows NT 5.1; Q312461; YComp 5.0.2.4; (R1 1.3); .NET CLR 1.0.3705)"
24.160.28.85 - - [02/Mar/2003:06:13:34 -0800] "GET /Merchant2/54/health_54_headmenu_r5_c11.jpg HTTP/1.1" 200 960 "-" "Mozilla/4.0 (compatible; MSIE 6.0; Windows NT 5.1; Q312461; YComp 5.0.2.4; (R1 1.3); .NET CLR 1.0.3705)"
24.160.28.85 - - [02/Mar/2003:06:13:35 -0800] "GET /Merchant2/54/health_54_headmenu_r5_c12.jpg HTTP/1.1" 200 296 "-" "Mozilla/4.0 (compatible; MSIE 6.0; Windows NT 5.1; Q312461; YComp 5.0.2.4; (R1 1.3); .NET CLR 1.0.3705)"
24.160.28.85 - - [02/Mar/2003:06:13:35 -0800] "GET /Merchant2/54/health_54_headmenu_r5_c13.jpg HTTP/1.1" 200 1175 "-" "Mozilla/4.0 (compatible; MSIE 6.0; Windows NT 5.1; Q312461; YComp 5.0.2.4; (R1 1.3); .NET CLR 1.0.3705)"
24.160.28.85 - - [02/Mar/2003:06:13:35 -0800] "GET /Merchant2/54/health_54_headmenu_r5_c14.jpg HTTP/1.1" 200 290 "-" "Mozilla/4.0 (compatible; MSIE 6.0; Windows NT 5.1; Q312461; YComp 5.0.2.4; (R1 1.3); .NET CLR 1.0.3705)"
24.160.28.85 - - [02/Mar/2003:06:13:35 -0800] "GET /Merchant2/54/health_54_headmenu_r6_c15.jpg HTTP/1.1" 200 288 "-" "Mozilla/4.0 (compatible; MSIE 6.0; Windows NT 5.1; Q312461; YComp 5.0.2.4; (R1 1.3); .NET CLR 1.0.3705)"
24.160.28.85 - - [02/Mar/2003:06:13:35 -0800] "GET /Merchant2/54/health_54_headmenu_r7_c6.jpg HTTP/1.1" 200 299 "-" "Mozilla/4.0 (compatible; MSIE 6.0; Windows NT 5.1; Q312461; YComp 5.0.2.4; (R1 1.3); .NET CLR 1.0.3705)"
24.160.28.85 - - [02/Mar/2003:06:13:35 -0800] "GET /Merchant2/54/health_54_headmenu_r8_c2.jpg HTTP/1.1" 200 293 "-" "Mozilla/4.0 (compatible; MSIE 6.0; Windows NT 5.1; Q312461; YComp 5.0.2.4; (R1 1.3); .NET CLR 1.0.3705)"
24.160.28.85 - - [02/Mar/2003:06:13:35 -0800] "GET /Merchant2/54/health_54_headmenu_r8_c4.jpg HTTP/1.1" 200 294 "-" "Mozilla/4.0 (compatible; MSIE 6.0; Windows NT 5.1; Q312461; YComp 5.0.2.4; (R1 1.3); .NET CLR 1.0.3705)"
24.160.28.85 - - [02/Mar/2003:06:13:35 -0800] "GET /Merchant2/54/health_54_headmenu_r8_c8.jpg HTTP/1.1" 200 293 "-" "Mozilla/4.0 (compatible; MSIE 6.0; Windows NT 5.1; Q312461; YComp 5.0.2.4; (R1 1.3); .NET CLR 1.0.3705)"
24.160.28.85 - - [02/Mar/2003:06:13:36 -0800] "GET /Merchant2/54/health_54_headmenu_r8_c11.jpg HTTP/1.1" 200 294 "-" "Mozilla/4.0 (compatible; MSIE 6.0; Windows NT 5.1; Q312461; YComp 5.0.2.4; (R1 1.3); .NET CLR 1.0.3705)"
24.160.28.85 - - [02/Mar/2003:06:13:36 -0800] "GET /Merchant2/54/health_54_headmenu_r8_c13.jpg HTTP/1.1" 200 299 "-" "Mozilla/4.0 (compatible; MSIE 6.0; Windows NT 5.1; Q312461; YComp 5.0.2.4; (R1 1.3); .NET CLR 1.0.3705)"
24.160.28.85 - - [02/Mar/2003:06:13:36 -0800] "GET /Merchant2/54/nude2.gif HTTP/1.1" 200 7076 "-" "Mozilla/4.0 (compatible; MSIE 6.0; Windows NT 5.1; Q312461; YComp 5.0.2.4; (R1 1.3); .NET CLR 1.0.3705)"
24.160.28.85 - - [02/Mar/2003:06:13:36 -0800] "GET /Merchant2/127/mb3.gif HTTP/1.1" 200 15450 "-" "Mozilla/4.0 (compatible; MSIE 6.0; Windows NT 5.1; Q312461; YComp 5.0.2.4; (R1 1.3); .NET CLR 1.0.3705)"
24.160.28.85 - - [02/Mar/2003:06:13:36 -0800] "GET /Merchant2/graphics/authorize.gif HTTP/1.1" 200 5196 "-" "Mozilla/4.0 (compatible; MSIE 6.0; Windows NT 5.1; Q312461; YComp 5.0.2.4; (R1 1.3); .NET CLR 1.0.3705)"
24.160.28.85 - - [02/Mar/2003:06:13:36 -0800] "GET /Merchant2/graphics/we_accept.jpg HTTP/1.1" 200 3057 "-" "Mozilla/4.0 (compatible; MSIE 6.0; Windows NT 5.1; Q312461; YComp 5.0.2.4; (R1 1.3); .NET CLR 1.0.3705)"
24.160.28.85 - - [02/Mar/2003:06:13:37 -0800] "GET /Merchant2/54/health_54_headmenu_r4_c6_f2.jpg HTTP/1.1" 200 1029 "-" "Mozilla/4.0 (compatible; MSIE 6.0; Windows NT 5.1; Q312461; YComp 5.0.2.4; (R1 1.3); .NET CLR 1.0.3705)"
24.160.28.85 - - [02/Mar/2003:06:13:37 -0800] "GET /Merchant2/54/health_54_headmenu_r5_c2_f2.jpg HTTP/1.1" 200 739 "-" "Mozilla/4.0 (compatible; MSIE 6.0; Windows NT 5.1; Q312461; YComp 5.0.2.4; (R1 1.3); .NET CLR 1.0.3705)"
24.160.28.85 - - [02/Mar/2003:06:13:37 -0800] "GET /Merchant2/54/health_54_headmenu_r5_c4_f2.jpg HTTP/1.1" 200 767 "-" "Mozilla/4.0 (compatible; MSIE 6.0; Windows NT 5.1; Q312461; YComp 5.0.2.4; (R1 1.3); .NET CLR 1.0.3705)"
24.160.28.85 - - [02/Mar/2003:06:13:37 -0800] "GET /Merchant2/54/health_54_headmenu_r5_c11_f2.jpg HTTP/1.1" 200 824 "-" "Mozilla/4.0 (compatible; MSIE 6.0; Windows NT 5.1; Q312461; YComp 5.0.2.4; (R1 1.3); .NET CLR 1.0.3705)"
24.160.28.85 - - [02/Mar/2003:06:13:37 -0800] "GET /Merchant2/54/health_54_headmenu_r5_c8_f2.jpg HTTP/1.1" 200 720 "-" "Mozilla/4.0 (compatible; MSIE 6.0; Windows NT 5.1; Q312461; YComp 5.0.2.4; (R1 1.3); .NET CLR 1.0.3705)"
24.160.28.85 - - [02/Mar/2003:06:13:38 -0800] "GET /Merchant2/54/health_54_headmenu_r5_c13_f2.jpg HTTP/1.1" 200 996 "-" "Mozilla/4.0 (compatible; MSIE 6.0; Windows NT 5.1; Q312461; YComp 5.0.2.4; (R1 1.3); .NET CLR 1.0.3705)"
64.196.155.49 - - [02/Mar/2003:06:13:41 -0800] "GET /Merchant2/graphics/en-US/admin/blank.gif HTTP/1.1" 200 43 "-" "Mozilla/4.0 (compatible; MSIE 6.0; Windows 98; Win 9x 4.90; YComp 5.0.2.5)"
158.252.72.245 - - [02/Mar/2003:06:15:02 -0800] "GET /Merchant2/graphics/en-US/admin/blank.gif HTTP/1.1" 200 43 "http://www.7-day-smoke-away.net/" "Mozilla/4.0 (compatible; MSIE 6.0; Windows NT 5.1; Q312461)"
68.81.46.193 - - [02/Mar/2003:06:15:29 -0800] "GET /Merchant2/graphics/en-US/admin/blank.gif HTTP/1.1" 200 43 "http://www.7-day-smoke-away.net/" "Mozilla/4.0 (compatible; MSIE 6.0; Windows 98)"
24.218.237.159 - - [02/Mar/2003:06:15:57 -0800] "GET /Merchant2/graphics/en-US/admin/blank.gif HTTP/1.1" 200 43 "http://www.trimspa-diet-pills.com/" "Mozilla/4.0 (compatible; MSIE 6.0; Windows 98; .NET CLR 1.0.3705)"
68.13.226.112 - - [02/Mar/2003:06:16:30 -0800] "GET /Merchant2/graphics/en-US/admin/blank.gif HTTP/1.1" 200 43 "http://www.7-day-smoke-away.net/" "Mozilla/4.0 (compatible; MSIE 5.5; Windows 98; Win 9x 4.90; Cox High Speed Internet Customer; T312461)"
208.33.40.33 - - [02/Mar/2003:06:16:45 -0800] "GET /Merchant2/201/spacer.gif HTTP/1.1" 200 43 "http://www.merchant247.net/Merchant2/merchant.mv?Screen=CTGY&Store_Code=health&Category_Code=201" "Mozilla/4.0 (compatible; MSIE 5.0; Windows 98; DigExt)"
208.33.40.33 - - [02/Mar/2003:06:16:47 -0800] "GET /Merchant2/201/logo_7_day.jpg HTTP/1.1" 200 5243 "http://www.merchant247.net/Merchant2/merchant.mv?Screen=CTGY&Store_Code=health&Category_Code=201" "Mozilla/4.0 (compatible; MSIE 5.0; Windows 98; DigExt)"
208.33.40.33 - - [02/Mar/2003:06:16:48 -0800] "GET /Merchant2/merchant.mv?Screen=CTGY&Store_Code=health&Category_Code=201 HTTP/1.1" 200 53421 "http://www.7-day-smoke-away.net/ingredients_and_directions.htm" "Mozilla/4.0 (compatible; MSIE 5.0; Windows 98; DigExt)"
208.33.40.33 - - [02/Mar/2003:06:16:53 -0800] "GET /Merchant2/201/health_201_headmenu_r1_c11.jpg HTTP/1.1" 200 344 "http://www.merchant247.net/Merchant2/merchant.mv?Screen=CTGY&Store_Code=health&Category_Code=201" "Mozilla/4.0 (compatible; MSIE 5.0; Windows 98; DigExt)"
208.33.40.33 - - [02/Mar/2003:06:16:54 -0800] "GET /Merchant2/201/health_201_headmenu_r1_c12.jpg HTTP/1.1" 200 3079 "http://www.merchant247.net/Merchant2/merchant.mv?Screen=CTGY&Store_Code=health&Category_Code=201" "Mozilla/4.0 (compatible; MSIE 5.0; Windows 98; DigExt)"
208.33.40.33 - - [02/Mar/2003:06:16:55 -0800] "GET /Merchant2/201/health_201_headmenu_r1_c14.jpg HTTP/1.1" 200 5279 "http://www.merchant247.net/Merchant2/merchant.mv?Screen=CTGY&Store_Code=health&Category_Code=201" "Mozilla/4.0 (compatible; MSIE 5.0; Windows 98; DigExt)"
208.33.40.33 - - [02/Mar/2003:06:16:56 -0800] "GET /Merchant2/201/health_201_headmenu_r2_c1.jpg HTTP/1.1" 200 4168 "http://www.merchant247.net/Merchant2/merchant.mv?Screen=CTGY&Store_Code=health&Category_Code=201" "Mozilla/4.0 (compatible; MSIE 5.0; Windows 98; DigExt)"
24.218.237.159 - - [02/Mar/2003:06:16:58 -0800] "GET /Merchant2/301/spacer.gif HTTP/1.1" 200 43 "http://www.merchant247.net/Merchant2/merchant.mv?Screen=CTGY&Store_Code=health&Category_Code=301" "Mozilla/4.0 (compatible; MSIE 6.0; Windows 98; .NET CLR 1.0.3705)"
24.218.237.159 - - [02/Mar/2003:06:16:58 -0800] "GET /Merchant2/merchant.mv?Screen=CTGY&Store_Code=health&Category_Code=301 HTTP/1.1" 200 16496 "http://www.trimspa-diet-pills.com/ingredients.htm" "Mozilla/4.0 (compatible; MSIE 6.0; Windows 98; .NET CLR 1.0.3705)"
24.218.237.159 - - [02/Mar/2003:06:16:58 -0800] "GET /Merchant2/301/health_301_headmenu_r1_c1.jpg HTTP/1.1" 200 4269 "http://www.merchant247.net/Merchant2/merchant.mv?Screen=CTGY&Store_Code=health&Category_Code=301" "Mozilla/4.0 (compatible; MSIE 6.0; Windows 98; .NET CLR 1.0.3705)"
24.218.237.159 - - [02/Mar/2003:06:16:58 -0800] "GET /Merchant2/301/health_301_headmenu_r1_c2.jpg HTTP/1.1" 200 8633 "http://www.merchant247.net/Merchant2/merchant.mv?Screen=CTGY&Store_Code=health&Category_Code=301" "Mozilla/4.0 (compatible; MSIE 6.0; Windows 98; .NET CLR 1.0.3705)"
24.218.237.159 - - [02/Mar/2003:06:16:58 -0800] "GET /Merchant2/301/health_301_headmenu_r2_c2.jpg HTTP/1.1" 200 1953 "http://www.merchant247.net/Merchant2/merchant.mv?Screen=CTGY&Store_Code=health&Category_Code=301" "Mozilla/4.0 (compatible; MSIE 6.0; Windows 98; .NET CLR 1.0.3705)"
208.33.40.33 - - [02/Mar/2003:06:16:58 -0800] "GET /Merchant2/201/health_201_headmenu_r2_c12.jpg HTTP/1.1" 200 3144 "http://www.merchant247.net/Merchant2/merchant.mv?Screen=CTGY&Store_Code=health&Category_Code=201" "Mozilla/4.0 (compatible; MSIE 5.0; Windows 98; DigExt)"
24.218.237.159 - - [02/Mar/2003:06:16:58 -0800] "GET /Merchant2/301/health_301_headmenu_r2_c3.jpg HTTP/1.1" 200 418 "http://www.merchant247.net/Merchant2/merchant.mv?Screen=CTGY&Store_Code=health&Category_Code=301" "Mozilla/4.0 (compatible; MSIE 6.0; Windows 98; .NET CLR 1.0.3705)"
24.218.237.159 - - [02/Mar/2003:06:16:58 -0800] "GET /Merchant2/301/health_301_headmenu_r2_c7.jpg HTTP/1.1" 200 360 "http://www.merchant247.net/Merchant2/merchant.mv?Screen=CTGY&Store_Code=health&Category_Code=301" "Mozilla/4.0 (compatible; MSIE 6.0; Windows 98; .NET CLR 1.0.3705)"
24.218.237.159 - - [02/Mar/2003:06:16:59 -0800] "GET /Merchant2/301/health_301_headmenu_r2_c8.jpg HTTP/1.1" 200 1427 "http://www.merchant247.net/Merchant2/merchant.mv?Screen=CTGY&Store_Code=health&Category_Code=301" "Mozilla/4.0 (compatible; MSIE 6.0; Windows 98; .NET CLR 1.0.3705)"
24.218.237.159 - - [02/Mar/2003:06:16:59 -0800] "GET /Merchant2/301/health_301_headmenu_r2_c9.jpg HTTP/1.1" 200 348 "http://www.merchant247.net/Merchant2/merchant.mv?Screen=CTGY&Store_Code=health&Category_Code=301" "Mozilla/4.0 (compatible; MSIE 6.0; Windows 98; .NET CLR 1.0.3705)"
24.218.237.159 - - [02/Mar/2003:06:16:59 -0800] "GET /Merchant2/301/health_301_headmenu_r2_c4.jpg HTTP/1.1" 200 1795 "http://www.merchant247.net/Merchant2/merchant.mv?Screen=CTGY&Store_Code=health&Category_Code=301" "Mozilla/4.0 (compatible; MSIE 6.0; Windows 98; .NET CLR 1.0.3705)"
24.218.237.159 - - [02/Mar/2003:06:16:59 -0800] "GET /Merchant2/301/health_301_headmenu_r2_c5.jpg HTTP/1.1" 200 420 "http://www.merchant247.net/Merchant2/merchant.mv?Screen=CTGY&Store_Code=health&Category_Code=301" "Mozilla/4.0 (compatible; MSIE 6.0; Windows 98; .NET CLR 1.0.3705)"
158.252.72.245 - - [02/Mar/2003:06:16:59 -0800] "GET /Merchant2/merchant.mv?Screen=CTGY&Store_Code=health&Category_Code=202 HTTP/1.1" 200 20105 "http://www.smoke-away.us/" "Mozilla/4.0 (compatible; MSIE 6.0; Windows NT 5.1; Q312461)"
24.218.237.159 - - [02/Mar/2003:06:16:59 -0800] "GET /Merchant2/301/health_301_headmenu_r2_c6.jpg HTTP/1.1" 200 1079 "http://www.merchant247.net/Merchant2/merchant.mv?Screen=CTGY&Store_Code=health&Category_Code=301" "Mozilla/4.0 (compatible; MSIE 6.0; Windows 98; .NET CLR 1.0.3705)"
24.218.237.159 - - [02/Mar/2003:06:16:59 -0800] "GET /Merchant2/301/health_301_headmenu_r3_c9.jpg HTTP/1.1" 200 346 "http://www.merchant247.net/Merchant2/merchant.mv?Screen=CTGY&Store_Code=health&Category_Code=301" "Mozilla/4.0 (compatible; MSIE 6.0; Windows 98; .NET CLR 1.0.3705)"
24.218.237.159 - - [02/Mar/2003:06:16:59 -0800] "GET /Merchant2/301/health_301_headmenu_r3_c10.jpg HTTP/1.1" 200 1611 "http://www.merchant247.net/Merchant2/merchant.mv?Screen=CTGY&Store_Code=health&Category_Code=301" "Mozilla/4.0 (compatible; MSIE 6.0; Windows 98; .NET CLR 1.0.3705)"
24.218.237.159 - - [02/Mar/2003:06:16:59 -0800] "GET /Merchant2/301/health_301_headmenu_r3_c12.jpg HTTP/1.1" 200 359 "http://www.merchant247.net/Merchant2/merchant.mv?Screen=CTGY&Store_Code=health&Category_Code=301" "Mozilla/4.0 (compatible; MSIE 6.0; Windows 98; .NET CLR 1.0.3705)"
24.218.237.159 - - [02/Mar/2003:06:16:59 -0800] "GET /Merchant2/301/health_301_headmenu_r4_c2.jpg HTTP/1.1" 200 1248 "http://www.merchant247.net/Merchant2/merchant.mv?Screen=CTGY&Store_Code=health&Category_Code=301" "Mozilla/4.0 (compatible; MSIE 6.0; Windows 98; .NET CLR 1.0.3705)"
24.218.237.159 - - [02/Mar/2003:06:17:00 -0800] "GET /Merchant2/301/health_301_headmenu_r4_c6.jpg HTTP/1.1" 200 789 "http://www.merchant247.net/Merchant2/merchant.mv?Screen=CTGY&Store_Code=health&Category_Code=301" "Mozilla/4.0 (compatible; MSIE 6.0; Windows 98; .NET CLR 1.0.3705)"
24.218.237.159 - - [02/Mar/2003:06:17:00 -0800] "GET /Merchant2/301/health_301_headmenu_r5_c4.jpg HTTP/1.1" 200 1204 "http://www.merchant247.net/Merchant2/merchant.mv?Screen=CTGY&Store_Code=health&Category_Code=301" "Mozilla/4.0 (compatible; MSIE 6.0; Windows 98; .NET CLR 1.0.3705)"
24.218.237.159 - - [02/Mar/2003:06:17:00 -0800] "GET /Merchant2/301/health_301_headmenu_r5_c8.jpg HTTP/1.1" 200 1002 "http://www.merchant247.net/Merchant2/merchant.mv?Screen=CTGY&Store_Code=health&Category_Code=301" "Mozilla/4.0 (compatible; MSIE 6.0; Windows 98; .NET CLR 1.0.3705)"
24.218.237.159 - - [02/Mar/2003:06:17:00 -0800] "GET /Merchant2/301/health_301_headmenu_r6_c10.jpg HTTP/1.1" 200 304 "http://www.merchant247.net/Merchant2/merchant.mv?Screen=CTGY&Store_Code=health&Category_Code=301" "Mozilla/4.0 (compatible; MSIE 6.0; Windows 98; .NET CLR 1.0.3705)"
24.218.237.159 - - [02/Mar/2003:06:17:00 -0800] "GET /Merchant2/301/health_301_headmenu_r7_c1.jpg HTTP/1.1" 200 419 "http://www.merchant247.net/Merchant2/merchant.mv?Screen=CTGY&Store_Code=health&Category_Code=301" "Mozilla/4.0 (compatible; MSIE 6.0; Windows 98; .NET CLR 1.0.3705)"
208.33.40.33 - - [02/Mar/2003:06:17:00 -0800] "GET /Merchant2/201/health_201_headmenu_r3_c1.jpg HTTP/1.1" 200 430 "http://www.merchant247.net/Merchant2/merchant.mv?Screen=CTGY&Store_Code=health&Category_Code=201" "Mozilla/4.0 (compatible; MSIE 5.0; Windows 98; DigExt)"
24.218.237.159 - - [02/Mar/2003:06:17:00 -0800] "GET /Merchant2/301/health_301_headmenu_r7_c10.jpg HTTP/1.1" 200 296 "http://www.merchant247.net/Merchant2/merchant.mv?Screen=CTGY&Store_Code=health&Category_Code=301" "Mozilla/4.0 (compatible; MSIE 6.0; Windows 98; .NET CLR 1.0.3705)"
24.218.237.159 - - [02/Mar/2003:06:17:00 -0800] "GET /Merchant2/301/health_301_headmenu_r7_c11.jpg HTTP/1.1" 200 377 "http://www.merchant247.net/Merchant2/merchant.mv?Screen=CTGY&Store_Code=health&Category_Code=301" "Mozilla/4.0 (compatible; MSIE 6.0; Windows 98; .NET CLR 1.0.3705)"
24.218.237.159 - - [02/Mar/2003:06:17:00 -0800] "GET /Merchant2/301/health_301_headmenu_r2_c4_f2.jpg HTTP/1.1" 200 1942 "http://www.merchant247.net/Merchant2/merchant.mv?Screen=CTGY&Store_Code=health&Category_Code=301" "Mozilla/4.0 (compatible; MSIE 6.0; Windows 98; .NET CLR 1.0.3705)"
24.218.237.159 - - [02/Mar/2003:06:17:00 -0800] "GET /Merchant2/301/health_301_headmenu_r2_c2_f2.jpg HTTP/1.1" 200 2126 "http://www.merchant247.net/Merchant2/merchant.mv?Screen=CTGY&Store_Code=health&Category_Code=301" "Mozilla/4.0 (compatible; MSIE 6.0; Windows 98; .NET CLR 1.0.3705)"
208.33.40.33 - - [02/Mar/2003:06:17:01 -0800] "GET /Merchant2/201/health_201_headmenu_r3_c6.jpg HTTP/1.1" 200 2274 "http://www.merchant247.net/Merchant2/merchant.mv?Screen=CTGY&Store_Code=health&Category_Code=201" "Mozilla/4.0 (compatible; MSIE 5.0; Windows 98; DigExt)"
24.218.237.159 - - [02/Mar/2003:06:17:01 -0800] "GET /Merchant2/301/health_301_headmenu_r2_c8_f2.jpg HTTP/1.1" 200 1542 "http://www.merchant247.net/Merchant2/merchant.mv?Screen=CTGY&Store_Code=health&Category_Code=301" "Mozilla/4.0 (compatible; MSIE 6.0; Windows 98; .NET CLR 1.0.3705)"
24.218.237.159 - - [02/Mar/2003:06:17:01 -0800] "GET /Merchant2/301/health_301_headmenu_r3_c10_f2.jpg HTTP/1.1" 200 1622 "http://www.merchant247.net/Merchant2/merchant.mv?Screen=CTGY&Store_Code=health&Category_Code=301" "Mozilla/4.0 (compatible; MSIE 6.0; Windows 98; .NET CLR 1.0.3705)"
24.218.237.159 - - [02/Mar/2003:06:17:01 -0800] "GET /Merchant2/301/health_301_headmenu_r2_c6_f2.jpg HTTP/1.1" 200 1175 "http://www.merchant247.net/Merchant2/merchant.mv?Screen=CTGY&Store_Code=health&Category_Code=301" "Mozilla/4.0 (compatible; MSIE 6.0; Windows 98; .NET CLR 1.0.3705)"
158.252.72.245 - - [02/Mar/2003:06:17:01 -0800] "GET /Merchant2/202/health_202_headmenu_r1_c1.jpg HTTP/1.1" 200 17218 "http://www.merchant247.net/Merchant2/merchant.mv?Screen=CTGY&Store_Code=health&Category_Code=202" "Mozilla/4.0 (compatible; MSIE 6.0; Windows NT 5.1; Q312461)"
208.33.40.33 - - [02/Mar/2003:06:17:02 -0800] "GET /Merchant2/201/health_201_headmenu_r3_c7.jpg HTTP/1.1" 200 403 "http://www.merchant247.net/Merchant2/merchant.mv?Screen=CTGY&Store_Code=health&Category_Code=201" "Mozilla/4.0 (compatible; MSIE 5.0; Windows 98; DigExt)"
158.252.72.245 - - [02/Mar/2003:06:17:02 -0800] "GET /Merchant2/202/spacer.gif HTTP/1.1" 200 43 "http://www.merchant247.net/Merchant2/merchant.mv?Screen=CTGY&Store_Code=health&Category_Code=202" "Mozilla/4.0 (compatible; MSIE 6.0; Windows NT 5.1; Q312461)"
208.33.40.33 - - [02/Mar/2003:06:17:02 -0800] "GET /Merchant2/201/health_201_headmenu_r4_c1.jpg HTTP/1.1" 200 426 "http://www.merchant247.net/Merchant2/merchant.mv?Screen=CTGY&Store_Code=health&Category_Code=201" "Mozilla/4.0 (compatible; MSIE 5.0; Windows 98; DigExt)"
208.33.40.33 - - [02/Mar/2003:06:17:03 -0800] "GET /Merchant2/201/health_201_headmenu_r4_c2.jpg HTTP/1.1" 200 685 "http://www.merchant247.net/Merchant2/merchant.mv?Screen=CTGY&Store_Code=health&Category_Code=201" "Mozilla/4.0 (compatible; MSIE 5.0; Windows 98; DigExt)"
208.33.40.33 - - [02/Mar/2003:06:17:03 -0800] "GET /Merchant2/201/health_201_headmenu_r4_c3.jpg HTTP/1.1" 200 665 "http://www.merchant247.net/Merchant2/merchant.mv?Screen=CTGY&Store_Code=health&Category_Code=201" "Mozilla/4.0 (compatible; MSIE 5.0; Windows 98; DigExt)"
208.33.40.33 - - [02/Mar/2003:06:17:04 -0800] "GET /Merchant2/201/health_201_headmenu_r4_c4.jpg HTTP/1.1" 200 696 "http://www.merchant247.net/Merchant2/merchant.mv?Screen=CTGY&Store_Code=health&Category_Code=201" "Mozilla/4.0 (compatible; MSIE 5.0; Windows 98; DigExt)"
158.252.72.245 - - [02/Mar/2003:06:17:04 -0800] "GET /Merchant2/202/health_202_headmenu_r2_c1.jpg HTTP/1.1" 200 1687 "http://www.merchant247.net/Merchant2/merchant.mv?Screen=CTGY&Store_Code=health&Category_Code=202" "Mozilla/4.0 (compatible; MSIE 6.0; Windows NT 5.1; Q312461)"
158.252.72.245 - - [02/Mar/2003:06:17:04 -0800] "GET /Merchant2/202/health_202_headmenu_r2_c2.jpg HTTP/1.1" 200 999 "http://www.merchant247.net/Merchant2/merchant.mv?Screen=CTGY&Store_Code=health&Category_Code=202" "Mozilla/4.0 (compatible; MSIE 6.0; Windows NT 5.1; Q312461)"
208.33.40.33 - - [02/Mar/2003:06:17:04 -0800] "GET /Merchant2/201/health_201_headmenu_r4_c5.jpg HTTP/1.1" 200 753 "http://www.merchant247.net/Merchant2/merchant.mv?Screen=CTGY&Store_Code=health&Category_Code=201" "Mozilla/4.0 (compatible; MSIE 5.0; Windows 98; DigExt)"
208.33.40.33 - - [02/Mar/2003:06:17:04 -0800] "GET /Merchant2/201/health_201_headmenu_r5_c7.jpg HTTP/1.1" 200 737 "http://www.merchant247.net/Merchant2/merchant.mv?Screen=CTGY&Store_Code=health&Category_Code=201" "Mozilla/4.0 (compatible; MSIE 5.0; Windows 98; DigExt)"
158.252.72.245 - - [02/Mar/2003:06:17:05 -0800] "GET /Merchant2/202/health_202_headmenu_r2_c4.jpg HTTP/1.1" 200 769 "http://www.merchant247.net/Merchant2/merchant.mv?Screen=CTGY&Store_Code=health&Category_Code=202" "Mozilla/4.0 (compatible; MSIE 6.0; Windows NT 5.1; Q312461)"
158.252.72.245 - - [02/Mar/2003:06:17:05 -0800] "GET /Merchant2/202/health_202_headmenu_r2_c5.jpg HTTP/1.1" 200 1267 "http://www.merchant247.net/Merchant2/merchant.mv?Screen=CTGY&Store_Code=health&Category_Code=202" "Mozilla/4.0 (compatible; MSIE 6.0; Windows NT 5.1; Q312461)"
208.33.40.33 - - [02/Mar/2003:06:17:05 -0800] "GET /Merchant2/201/health_201_headmenu_r5_c8.jpg HTTP/1.1" 200 846 "http://www.merchant247.net/Merchant2/merchant.mv?Screen=CTGY&Store_Code=health&Category_Code=201" "Mozilla/4.0 (compatible; MSIE 5.0; Windows 98; DigExt)"
208.33.40.33 - - [02/Mar/2003:06:17:05 -0800] "GET /Merchant2/201/health_201_headmenu_r5_c9.jpg HTTP/1.1" 200 660 "http://www.merchant247.net/Merchant2/merchant.mv?Screen=CTGY&Store_Code=health&Category_Code=201" "Mozilla/4.0 (compatible; MSIE 5.0; Windows 98; DigExt)"
158.252.72.245 - - [02/Mar/2003:06:17:06 -0800] "GET /Merchant2/202/health_202_headmenu_r2_c8.jpg HTTP/1.1" 200 841 "http://www.merchant247.net/Merchant2/merchant.mv?Screen=CTGY&Store_Code=health&Category_Code=202" "Mozilla/4.0 (compatible; MSIE 6.0; Windows NT 5.1; Q312461)"
208.33.40.33 - - [02/Mar/2003:06:17:06 -0800] "GET /Merchant2/201/health_201_headmenu_r5_c10.jpg HTTP/1.1" 200 1023 "http://www.merchant247.net/Merchant2/merchant.mv?Screen=CTGY&Store_Code=health&Category_Code=201" "Mozilla/4.0 (compatible; MSIE 5.0; Windows 98; DigExt)"
158.252.72.245 - - [02/Mar/2003:06:17:06 -0800] "GET /Merchant2/202/health_202_headmenu_r2_c9.jpg HTTP/1.1" 200 1076 "http://www.merchant247.net/Merchant2/merchant.mv?Screen=CTGY&Store_Code=health&Category_Code=202" "Mozilla/4.0 (compatible; MSIE 6.0; Windows NT 5.1; Q312461)"
208.33.40.33 - - [02/Mar/2003:06:17:06 -0800] "GET /Merchant2/201/health_201_headmenu_r5_c13.jpg HTTP/1.1" 200 4116 "http://www.merchant247.net/Merchant2/merchant.mv?Screen=CTGY&Store_Code=health&Category_Code=201" "Mozilla/4.0 (compatible; MSIE 5.0; Windows 98; DigExt)"
158.252.72.245 - - [02/Mar/2003:06:17:07 -0800] "GET /Merchant2/202/health_202_headmenu_r2_c11.jpg HTTP/1.1" 200 375 "http://www.merchant247.net/Merchant2/merchant.mv?Screen=CTGY&Store_Code=health&Category_Code=202" "Mozilla/4.0 (compatible; MSIE 6.0; Windows NT 5.1; Q312461)"
158.252.72.245 - - [02/Mar/2003:06:17:07 -0800] "GET /Merchant2/202/health_202_headmenu_r3_c2.jpg HTTP/1.1" 200 1332 "http://www.merchant247.net/Merchant2/merchant.mv?Screen=CTGY&Store_Code=health&Category_Code=202" "Mozilla/4.0 (compatible; MSIE 6.0; Windows NT 5.1; Q312461)"
158.252.72.245 - - [02/Mar/2003:06:17:08 -0800] "GET /Merchant2/202/health_202_headmenu_r2_c2_f2.jpg HTTP/1.1" 200 1121 "http://www.merchant247.net/Merchant2/merchant.mv?Screen=CTGY&Store_Code=health&Category_Code=202" "Mozilla/4.0 (compatible; MSIE 6.0; Windows NT 5.1; Q312461)"
208.33.40.33 - - [02/Mar/2003:06:17:08 -0800] "GET /Merchant2/201/health_201_headmenu_r6_c2.jpg HTTP/1.1" 200 541 "http://www.merchant247.net/Merchant2/merchant.mv?Screen=CTGY&Store_Code=health&Category_Code=201" "Mozilla/4.0 (compatible; MSIE 5.0; Windows 98; DigExt)"
158.252.72.245 - - [02/Mar/2003:06:17:08 -0800] "GET /Merchant2/202/health_202_headmenu_r2_c4_f2.jpg HTTP/1.1" 200 890 "http://www.merchant247.net/Merchant2/merchant.mv?Screen=CTGY&Store_Code=health&Category_Code=202" "Mozilla/4.0 (compatible; MSIE 6.0; Windows NT 5.1; Q312461)"
158.252.72.245 - - [02/Mar/2003:06:17:09 -0800] "GET /Merchant2/202/health_202_headmenu_r2_c5_f2.jpg HTTP/1.1" 200 1519 "http://www.merchant247.net/Merchant2/merchant.mv?Screen=CTGY&Store_Code=health&Category_Code=202" "Mozilla/4.0 (compatible; MSIE 6.0; Windows NT 5.1; Q312461)"
208.33.40.33 - - [02/Mar/2003:06:17:09 -0800] "GET /Merchant2/201/health_201_headmenu_r7_c8.jpg HTTP/1.1" 200 1017 "http://www.merchant247.net/Merchant2/merchant.mv?Screen=CTGY&Store_Code=health&Category_Code=201" "Mozilla/4.0 (compatible; MSIE 5.0; Windows 98; DigExt)"
158.252.72.245 - - [02/Mar/2003:06:17:09 -0800] "GET /Merchant2/202/health_202_headmenu_r2_c8_f2.jpg HTTP/1.1" 200 994 "http://www.merchant247.net/Merchant2/merchant.mv?Screen=CTGY&Store_Code=health&Category_Code=202" "Mozilla/4.0 (compatible; MSIE 6.0; Windows NT 5.1; Q312461)"
208.33.40.33 - - [02/Mar/2003:06:17:09 -0800] "GET /Merchant2/201/health_201_headmenu_r8_c4.jpg HTTP/1.1" 200 831 "http://www.merchant247.net/Merchant2/merchant.mv?Screen=CTGY&Store_Code=health&Category_Code=201" "Mozilla/4.0 (compatible; MSIE 5.0; Windows 98; DigExt)"
158.252.72.245 - - [02/Mar/2003:06:17:10 -0800] "GET /Merchant2/202/health_202_headmenu_r2_c9_f2.jpg HTTP/1.1" 200 1275 "http://www.merchant247.net/Merchant2/merchant.mv?Screen=CTGY&Store_Code=health&Category_Code=202" "Mozilla/4.0 (compatible; MSIE 6.0; Windows NT 5.1; Q312461)"
208.33.40.33 - - [02/Mar/2003:06:17:10 -0800] "GET /Merchant2/201/health_201_headmenu_r9_c6.jpg HTTP/1.1" 200 1812 "http://www.merchant247.net/Merchant2/merchant.mv?Screen=CTGY&Store_Code=health&Category_Code=201" "Mozilla/4.0 (compatible; MSIE 5.0; Windows 98; DigExt)"
208.33.40.33 - - [02/Mar/2003:06:17:10 -0800] "GET /Merchant2/201/health_201_headmenu_r7_c10.jpg HTTP/1.1" 200 1382 "http://www.merchant247.net/Merchant2/merchant.mv?Screen=CTGY&Store_Code=health&Category_Code=201" "Mozilla/4.0 (compatible; MSIE 5.0; Windows 98; DigExt)"
208.33.40.33 - - [02/Mar/2003:06:17:12 -0800] "GET /Merchant2/201/health_201_headmenu_r4_c10.jpg HTTP/1.1" 404 353 "http://www.merchant247.net/Merchant2/merchant.mv?Screen=CTGY&Store_Code=health&Category_Code=201" "Mozilla/4.0 (compatible; MSIE 5.0; Windows 98; DigExt)"
208.33.40.33 - - [02/Mar/2003:06:17:12 -0800] "GET /Merchant2/201/free_shipping.jpg HTTP/1.1" 200 3033 "http://www.merchant247.net/Merchant2/merchant.mv?Screen=CTGY&Store_Code=health&Category_Code=201" "Mozilla/4.0 (compatible; MSIE 5.0; Windows 98; DigExt)"
208.33.40.33 - - [02/Mar/2003:06:17:14 -0800] "GET /Merchant2/201/health_201_headmenu_r3_c6_f2.jpg HTTP/1.1" 200 2672 "http://www.merchant247.net/Merchant2/merchant.mv?Screen=CTGY&Store_Code=health&Category_Code=201" "Mozilla/4.0 (compatible; MSIE 5.0; Windows 98; DigExt)"
208.33.40.33 - - [02/Mar/2003:06:17:14 -0800] "GET /Merchant2/201/health_201_headmenu_r4_c2_f2.jpg HTTP/1.1" 200 770 "http://www.merchant247.net/Merchant2/merchant.mv?Screen=CTGY&Store_Code=health&Category_Code=201" "Mozilla/4.0 (compatible; MSIE 5.0; Windows 98; DigExt)"
208.33.40.33 - - [02/Mar/2003:06:17:16 -0800] "GET /Merchant2/201/health_201_headmenu_r4_c4_f2.jpg HTTP/1.1" 200 784 "http://www.merchant247.net/Merchant2/merchant.mv?Screen=CTGY&Store_Code=health&Category_Code=201" "Mozilla/4.0 (compatible; MSIE 5.0; Windows 98; DigExt)"
208.33.40.33 - - [02/Mar/2003:06:17:16 -0800] "GET /Merchant2/201/health_201_headmenu_r5_c8_f2.jpg HTTP/1.1" 200 971 "http://www.merchant247.net/Merchant2/merchant.mv?Screen=CTGY&Store_Code=health&Category_Code=201" "Mozilla/4.0 (compatible; MSIE 5.0; Windows 98; DigExt)"
208.33.40.33 - - [02/Mar/2003:06:17:17 -0800] "GET /Merchant2/201/health_201_headmenu_r5_c10_f2.jpg HTTP/1.1" 200 1175 "http://www.merchant247.net/Merchant2/merchant.mv?Screen=CTGY&Store_Code=health&Category_Code=201" "Mozilla/4.0 (compatible; MSIE 5.0; Windows 98; DigExt)"
24.209.102.234 - - [02/Mar/2003:06:18:56 -0800] "GET /Merchant2/graphics/en-US/admin/blank.gif HTTP/1.0" 200 43 "http://www.smoke-away.us/index.htm" "Mozilla/4.0 (compatible; MSIE 6.0; Windows NT 5.1; Hotbar 4.1.8.0; .NET CLR 1.0.3705)"
152.163.188.168 - - [02/Mar/2003:06:19:22 -0800] "GET /Merchant2/merchant.mv?Screen=CTGY&Store_Code=health&Category_Code=202 HTTP/1.1" 200 20104 "http://www.smoke-away.us/" "Mozilla/4.0 (compatible; MSIE 4.01; AOL 8.0; Windows 98)"
198.81.26.137 - - [02/Mar/2003:06:19:27 -0800] "GET /Merchant2/graphics/en-US/admin/blank.gif HTTP/1.0" 304 - "http://www.7-day-smoke-away.net/" "Mozilla/4.0 (compatible; MSIE 5.5; AOL 7.0; Windows 95)"
24.209.102.234 - - [02/Mar/2003:06:20:16 -0800] "GET /Merchant2/merchant.mv?Screen=CTGY&Store_Code=health&Category_Code=202 HTTP/1.0" 200 20062 "http://www.smoke-away.us/index.htm" "Mozilla/4.0 (compatible; MSIE 6.0; Windows NT 5.1; Hotbar 4.1.8.0; .NET CLR 1.0.3705)"
24.209.102.234 - - [02/Mar/2003:06:20:16 -0800] "GET /Merchant2/202/spacer.gif HTTP/1.0" 200 43 "http://www.merchant247.net/Merchant2/merchant.mv?Screen=CTGY&Store_Code=health&Category_Code=202" "Mozilla/4.0 (compatible; MSIE 6.0; Windows NT 5.1; Hotbar 4.1.8.0; .NET CLR 1.0.3705)"
24.209.102.234 - - [02/Mar/2003:06:20:16 -0800] "GET /Merchant2/202/health_202_headmenu_r2_c1.jpg HTTP/1.0" 200 1687 "http://www.merchant247.net/Merchant2/merchant.mv?Screen=CTGY&Store_Code=health&Category_Code=202" "Mozilla/4.0 (compatible; MSIE 6.0; Windows NT 5.1; Hotbar 4.1.8.0; .NET CLR 1.0.3705)"
24.209.102.234 - - [02/Mar/2003:06:20:16 -0800] "GET /Merchant2/202/health_202_headmenu_r2_c4.jpg HTTP/1.0" 200 769 "http://www.merchant247.net/Merchant2/merchant.mv?Screen=CTGY&Store_Code=health&Category_Code=202" "Mozilla/4.0 (compatible; MSIE 6.0; Windows NT 5.1; Hotbar 4.1.8.0; .NET CLR 1.0.3705)"
24.209.102.234 - - [02/Mar/2003:06:20:16 -0800] "GET /Merchant2/202/health_202_headmenu_r2_c2.jpg HTTP/1.0" 200 999 "http://www.merchant247.net/Merchant2/merchant.mv?Screen=CTGY&Store_Code=health&Category_Code=202" "Mozilla/4.0 (compatible; MSIE 6.0; Windows NT 5.1; Hotbar 4.1.8.0; .NET CLR 1.0.3705)"
24.209.102.234 - - [02/Mar/2003:06:20:16 -0800] "GET /Merchant2/202/health_202_headmenu_r2_c5.jpg HTTP/1.0" 200 1267 "http://www.merchant247.net/Merchant2/merchant.mv?Screen=CTGY&Store_Code=health&Category_Code=202" "Mozilla/4.0 (compatible; MSIE 6.0; Windows NT 5.1; Hotbar 4.1.8.0; .NET CLR 1.0.3705)"
24.209.102.234 - - [02/Mar/2003:06:20:16 -0800] "GET /Merchant2/202/health_202_headmenu_r1_c1.jpg HTTP/1.0" 200 17218 "http://www.merchant247.net/Merchant2/merchant.mv?Screen=CTGY&Store_Code=health&Category_Code=202" "Mozilla/4.0 (compatible; MSIE 6.0; Windows NT 5.1; Hotbar 4.1.8.0; .NET CLR 1.0.3705)"
24.209.102.234 - - [02/Mar/2003:06:20:16 -0800] "GET /Merchant2/202/health_202_headmenu_r2_c8.jpg HTTP/1.0" 200 841 "http://www.merchant247.net/Merchant2/merchant.mv?Screen=CTGY&Store_Code=health&Category_Code=202" "Mozilla/4.0 (compatible; MSIE 6.0; Windows NT 5.1; Hotbar 4.1.8.0; .NET CLR 1.0.3705)"
24.209.102.234 - - [02/Mar/2003:06:20:16 -0800] "GET /Merchant2/202/health_202_headmenu_r2_c9.jpg HTTP/1.0" 200 1076 "http://www.merchant247.net/Merchant2/merchant.mv?Screen=CTGY&Store_Code=health&Category_Code=202" "Mozilla/4.0 (compatible; MSIE 6.0; Windows NT 5.1; Hotbar 4.1.8.0; .NET CLR 1.0.3705)"
24.209.102.234 - - [02/Mar/2003:06:20:16 -0800] "GET /Merchant2/202/health_202_headmenu_r3_c2.jpg HTTP/1.0" 200 1332 "http://www.merchant247.net/Merchant2/merchant.mv?Screen=CTGY&Store_Code=health&Category_Code=202" "Mozilla/4.0 (compatible; MSIE 6.0; Windows NT 5.1; Hotbar 4.1.8.0; .NET CLR 1.0.3705)"
24.209.102.234 - - [02/Mar/2003:06:20:16 -0800] "GET /Merchant2/202/health_202_headmenu_r2_c11.jpg HTTP/1.0" 200 375 "http://www.merchant247.net/Merchant2/merchant.mv?Screen=CTGY&Store_Code=health&Category_Code=202" "Mozilla/4.0 (compatible; MSIE 6.0; Windows NT 5.1; Hotbar 4.1.8.0; .NET CLR 1.0.3705)"
24.209.102.234 - - [02/Mar/2003:06:20:17 -0800] "GET /Merchant2/202/health_202_headmenu_r2_c2_f2.jpg HTTP/1.0" 200 1121 "http://www.merchant247.net/Merchant2/merchant.mv?Screen=CTGY&Store_Code=health&Category_Code=202" "Mozilla/4.0 (compatible; MSIE 6.0; Windows NT 5.1; Hotbar 4.1.8.0; .NET CLR 1.0.3705)"
24.209.102.234 - - [02/Mar/2003:06:20:17 -0800] "GET /Merchant2/202/health_202_headmenu_r2_c5_f2.jpg HTTP/1.0" 200 1519 "http://www.merchant247.net/Merchant2/merchant.mv?Screen=CTGY&Store_Code=health&Category_Code=202" "Mozilla/4.0 (compatible; MSIE 6.0; Windows NT 5.1; Hotbar 4.1.8.0; .NET CLR 1.0.3705)"
24.209.102.234 - - [02/Mar/2003:06:20:17 -0800] "GET /Merchant2/202/health_202_headmenu_r2_c9_f2.jpg HTTP/1.0" 200 1275 "http://www.merchant247.net/Merchant2/merchant.mv?Screen=CTGY&Store_Code=health&Category_Code=202" "Mozilla/4.0 (compatible; MSIE 6.0; Windows NT 5.1; Hotbar 4.1.8.0; .NET CLR 1.0.3705)"
24.209.102.234 - - [02/Mar/2003:06:20:17 -0800] "GET /Merchant2/202/health_202_headmenu_r2_c4_f2.jpg HTTP/1.0" 200 890 "http://www.merchant247.net/Merchant2/merchant.mv?Screen=CTGY&Store_Code=health&Category_Code=202" "Mozilla/4.0 (compatible; MSIE 6.0; Windows NT 5.1; Hotbar 4.1.8.0; .NET CLR 1.0.3705)"
24.209.102.234 - - [02/Mar/2003:06:20:17 -0800] "GET /Merchant2/202/health_202_headmenu_r2_c8_f2.jpg HTTP/1.0" 200 994 "http://www.merchant247.net/Merchant2/merchant.mv?Screen=CTGY&Store_Code=health&Category_Code=202" "Mozilla/4.0 (compatible; MSIE 6.0; Windows NT 5.1; Hotbar 4.1.8.0; .NET CLR 1.0.3705)"
64.12.96.14 - - [02/Mar/2003:06:21:28 -0800] "GET /Merchant2/merchant.mv?Screen=CTGY&Store_Code=health&Category_Code=201 HTTP/1.0" 200 53307 "http://www.7-day-smoke-away.net/ingredients_and_directions.htm" "Mozilla/4.0 (compatible; MSIE 6.0; AOL 8.0; Windows NT 5.1; Q312461)"
64.12.96.72 - - [02/Mar/2003:06:21:30 -0800] "GET /Merchant2/201/health_201_headmenu_r1_c12.jpg HTTP/1.0" 304 - "http://www.merchant247.net/Merchant2/merchant.mv?Screen=CTGY&Store_Code=health&Category_Code=201" "Mozilla/4.0 (compatible; MSIE 6.0; AOL 8.0; Windows NT 5.1; Q312461)"
64.12.96.137 - - [02/Mar/2003:06:21:30 -0800] "GET /Merchant2/201/health_201_headmenu_r1_c11.jpg HTTP/1.0" 200 344 "http://www.merchant247.net/Merchant2/merchant.mv?Screen=CTGY&Store_Code=health&Category_Code=201" "Mozilla/4.0 (compatible; MSIE 6.0; AOL 8.0; Windows NT 5.1; Q312461)"
64.12.96.237 - - [02/Mar/2003:06:21:32 -0800] "GET /Merchant2/201/health_201_headmenu_r1_c14.jpg HTTP/1.0" 304 - "http://www.merchant247.net/Merchant2/merchant.mv?Screen=CTGY&Store_Code=health&Category_Code=201" "Mozilla/4.0 (compatible; MSIE 6.0; AOL 8.0; Windows NT 5.1; Q312461)"
64.12.96.135 - - [02/Mar/2003:06:21:34 -0800] "GET /Merchant2/201/health_201_headmenu_r3_c1.jpg HTTP/1.0" 304 - "http://www.merchant247.net/Merchant2/merchant.mv?Screen=CTGY&Store_Code=health&Category_Code=201" "Mozilla/4.0 (compatible; MSIE 6.0; AOL 8.0; Windows NT 5.1; Q312461)"
64.12.96.135 - - [02/Mar/2003:06:21:36 -0800] "GET /Merchant2/201/health_201_headmenu_r3_c6.jpg HTTP/1.0" 304 - "http://www.merchant247.net/Merchant2/merchant.mv?Screen=CTGY&Store_Code=health&Category_Code=201" "Mozilla/4.0 (compatible; MSIE 6.0; AOL 8.0; Windows NT 5.1; Q312461)"
64.12.96.135 - - [02/Mar/2003:06:21:37 -0800] "GET /Merchant2/201/health_201_headmenu_r3_c7.jpg HTTP/1.0" 304 - "http://www.merchant247.net/Merchant2/merchant.mv?Screen=CTGY&Store_Code=health&Category_Code=201" "Mozilla/4.0 (compatible; MSIE 6.0; AOL 8.0; Windows NT 5.1; Q312461)"
64.12.96.135 - - [02/Mar/2003:06:21:39 -0800] "GET /Merchant2/201/health_201_headmenu_r4_c3.jpg HTTP/1.0" 304 - "http://www.merchant247.net/Merchant2/merchant.mv?Screen=CTGY&Store_Code=health&Category_Code=201" "Mozilla/4.0 (compatible; MSIE 6.0; AOL 8.0; Windows NT 5.1; Q312461)"
64.12.96.135 - - [02/Mar/2003:06:21:39 -0800] "GET /Merchant2/201/health_201_headmenu_r4_c4.jpg HTTP/1.0" 304 - "http://www.merchant247.net/Merchant2/merchant.mv?Screen=CTGY&Store_Code=health&Category_Code=201" "Mozilla/4.0 (compatible; MSIE 6.0; AOL 8.0; Windows NT 5.1; Q312461)"
64.12.96.198 - - [02/Mar/2003:06:21:40 -0800] "GET /Merchant2/201/health_201_headmenu_r5_c9.jpg HTTP/1.0" 304 - "http://www.merchant247.net/Merchant2/merchant.mv?Screen=CTGY&Store_Code=health&Category_Code=201" "Mozilla/4.0 (compatible; MSIE 6.0; AOL 8.0; Windows NT 5.1; Q312461)"
64.12.96.137 - - [02/Mar/2003:06:21:41 -0800] "GET /Merchant2/201/health_201_headmenu_r5_c13.jpg HTTP/1.0" 304 - "http://www.merchant247.net/Merchant2/merchant.mv?Screen=CTGY&Store_Code=health&Category_Code=201" "Mozilla/4.0 (compatible; MSIE 6.0; AOL 8.0; Windows NT 5.1; Q312461)"
64.12.97.10 - - [02/Mar/2003:06:21:44 -0800] "GET /Merchant2/201/health_201_headmenu_r4_c10.jpg HTTP/1.0" 404 341 "http://www.merchant247.net/Merchant2/merchant.mv?Screen=CTGY&Store_Code=health&Category_Code=201" "Mozilla/4.0 (compatible; MSIE 6.0; AOL 8.0; Windows NT 5.1; Q312461)"
64.12.97.9 - - [02/Mar/2003:06:21:45 -0800] "GET /Merchant2/201/free_shipping.jpg HTTP/1.0" 304 - "http://www.merchant247.net/Merchant2/merchant.mv?Screen=CTGY&Store_Code=health&Category_Code=201" "Mozilla/4.0 (compatible; MSIE 6.0; AOL 8.0; Windows NT 5.1; Q312461)"
68.13.226.112 - - [02/Mar/2003:06:21:46 -0800] "GET /Merchant2/graphics/en-US/admin/blank.gif HTTP/1.1" 304 - "http://www.7-day-smoke-away.net/" "Mozilla/4.0 (compatible; MSIE 5.5; Windows 98; Win 9x 4.90; Cox High Speed Internet Customer; T312461)"
64.12.96.204 - - [02/Mar/2003:06:21:47 -0800] "GET /Merchant2/201/health_201_headmenu_r5_c10_f2.jpg HTTP/1.0" 304 - "http://www.merchant247.net/Merchant2/merchant.mv?Screen=CTGY&Store_Code=health&Category_Code=201" "Mozilla/4.0 (compatible; MSIE 6.0; AOL 8.0; Windows NT 5.1; Q312461)"
64.12.96.105 - - [02/Mar/2003:06:24:10 -0800] "POST /Merchant2/merchant.mv? HTTP/1.0" 200 14051 "http://www.merchant247.net/Merchant2/merchant.mv?Screen=CTGY&Store_Code=health&Category_Code=201" "Mozilla/4.0 (compatible; MSIE 6.0; AOL 8.0; Windows NT 5.1; Q312461)"
68.13.226.112 - - [02/Mar/2003:06:24:42 -0800] "GET /Merchant2/201/spacer.gif HTTP/1.1" 200 43 "http://www.merchant247.net/Merchant2/merchant.mv?Screen=CTGY&Store_Code=health&Category_Code=201" "Mozilla/4.0 (compatible; MSIE 5.5; Windows 98; Win 9x 4.90; Cox High Speed Internet Customer; T312461)"
68.13.226.112 - - [02/Mar/2003:06:24:42 -0800] "GET /Merchant2/201/logo_7_day.jpg HTTP/1.1" 200 5243 "http://www.merchant247.net/Merchant2/merchant.mv?Screen=CTGY&Store_Code=health&Category_Code=201" "Mozilla/4.0 (compatible; MSIE 5.5; Windows 98; Win 9x 4.90; Cox High Speed Internet Customer; T312461)"
68.13.226.112 - - [02/Mar/2003:06:24:43 -0800] "GET /Merchant2/merchant.mv?Screen=CTGY&Store_Code=health&Category_Code=201 HTTP/1.1" 200 53421 "http://www.7-day-smoke-away.net/index.htm" "Mozilla/4.0 (compatible; MSIE 5.5; Windows 98; Win 9x 4.90; Cox High Speed Internet Customer; T312461)"
68.13.226.112 - - [02/Mar/2003:06:24:43 -0800] "GET /Merchant2/201/health_201_headmenu_r1_c11.jpg HTTP/1.1" 200 344 "http://www.merchant247.net/Merchant2/merchant.mv?Screen=CTGY&Store_Code=health&Category_Code=201" "Mozilla/4.0 (compatible; MSIE 5.5; Windows 98; Win 9x 4.90; Cox High Speed Internet Customer; T312461)"
68.13.226.112 - - [02/Mar/2003:06:24:43 -0800] "GET /Merchant2/201/health_201_headmenu_r1_c12.jpg HTTP/1.1" 200 3079 "http://www.merchant247.net/Merchant2/merchant.mv?Screen=CTGY&Store_Code=health&Category_Code=201" "Mozilla/4.0 (compatible; MSIE 5.5; Windows 98; Win 9x 4.90; Cox High Speed Internet Customer; T312461)"
68.13.226.112 - - [02/Mar/2003:06:24:43 -0800] "GET /Merchant2/201/health_201_headmenu_r1_c14.jpg HTTP/1.1" 200 5279 "http://www.merchant247.net/Merchant2/merchant.mv?Screen=CTGY&Store_Code=health&Category_Code=201" "Mozilla/4.0 (compatible; MSIE 5.5; Windows 98; Win 9x 4.90; Cox High Speed Internet Customer; T312461)"
68.13.226.112 - - [02/Mar/2003:06:24:43 -0800] "GET /Merchant2/201/health_201_headmenu_r2_c1.jpg HTTP/1.1" 200 4168 "http://www.merchant247.net/Merchant2/merchant.mv?Screen=CTGY&Store_Code=health&Category_Code=201" "Mozilla/4.0 (compatible; MSIE 5.5; Windows 98; Win 9x 4.90; Cox High Speed Internet Customer; T312461)"
68.13.226.112 - - [02/Mar/2003:06:24:43 -0800] "GET /Merchant2/201/health_201_headmenu_r2_c12.jpg HTTP/1.1" 200 3144 "http://www.merchant247.net/Merchant2/merchant.mv?Screen=CTGY&Store_Code=health&Category_Code=201" "Mozilla/4.0 (compatible; MSIE 5.5; Windows 98; Win 9x 4.90; Cox High Speed Internet Customer; T312461)"
68.13.226.112 - - [02/Mar/2003:06:24:43 -0800] "GET /Merchant2/201/health_201_headmenu_r3_c1.jpg HTTP/1.1" 200 430 "http://www.merchant247.net/Merchant2/merchant.mv?Screen=CTGY&Store_Code=health&Category_Code=201" "Mozilla/4.0 (compatible; MSIE 5.5; Windows 98; Win 9x 4.90; Cox High Speed Internet Customer; T312461)"
68.13.226.112 - - [02/Mar/2003:06:24:44 -0800] "GET /Merchant2/201/health_201_headmenu_r4_c1.jpg HTTP/1.1" 200 426 "http://www.merchant247.net/Merchant2/merchant.mv?Screen=CTGY&Store_Code=health&Category_Code=201" "Mozilla/4.0 (compatible; MSIE 5.5; Windows 98; Win 9x 4.90; Cox High Speed Internet Customer; T312461)"
68.13.226.112 - - [02/Mar/2003:06:24:44 -0800] "GET /Merchant2/201/health_201_headmenu_r4_c2.jpg HTTP/1.1" 200 685 "http://www.merchant247.net/Merchant2/merchant.mv?Screen=CTGY&Store_Code=health&Category_Code=201" "Mozilla/4.0 (compatible; MSIE 5.5; Windows 98; Win 9x 4.90; Cox High Speed Internet Customer; T312461)"
68.13.226.112 - - [02/Mar/2003:06:24:44 -0800] "GET /Merchant2/201/health_201_headmenu_r4_c3.jpg HTTP/1.1" 200 665 "http://www.merchant247.net/Merchant2/merchant.mv?Screen=CTGY&Store_Code=health&Category_Code=201" "Mozilla/4.0 (compatible; MSIE 5.5; Windows 98; Win 9x 4.90; Cox High Speed Internet Customer; T312461)"
68.13.226.112 - - [02/Mar/2003:06:24:44 -0800] "GET /Merchant2/201/health_201_headmenu_r4_c4.jpg HTTP/1.1" 200 696 "http://www.merchant247.net/Merchant2/merchant.mv?Screen=CTGY&Store_Code=health&Category_Code=201" "Mozilla/4.0 (compatible; MSIE 5.5; Windows 98; Win 9x 4.90; Cox High Speed Internet Customer; T312461)"
68.13.226.112 - - [02/Mar/2003:06:24:44 -0800] "GET /Merchant2/201/health_201_headmenu_r4_c5.jpg HTTP/1.1" 200 753 "http://www.merchant247.net/Merchant2/merchant.mv?Screen=CTGY&Store_Code=health&Category_Code=201" "Mozilla/4.0 (compatible; MSIE 5.5; Windows 98; Win 9x 4.90; Cox High Speed Internet Customer; T312461)"
68.13.226.112 - - [02/Mar/2003:06:24:44 -0800] "GET /Merchant2/201/health_201_headmenu_r5_c7.jpg HTTP/1.1" 200 737 "http://www.merchant247.net/Merchant2/merchant.mv?Screen=CTGY&Store_Code=health&Category_Code=201" "Mozilla/4.0 (compatible; MSIE 5.5; Windows 98; Win 9x 4.90; Cox High Speed Internet Customer; T312461)"
68.13.226.112 - - [02/Mar/2003:06:24:44 -0800] "GET /Merchant2/201/health_201_headmenu_r5_c8.jpg HTTP/1.1" 200 846 "http://www.merchant247.net/Merchant2/merchant.mv?Screen=CTGY&Store_Code=health&Category_Code=201" "Mozilla/4.0 (compatible; MSIE 5.5; Windows 98; Win 9x 4.90; Cox High Speed Internet Customer; T312461)"
68.13.226.112 - - [02/Mar/2003:06:24:44 -0800] "GET /Merchant2/201/health_201_headmenu_r5_c9.jpg HTTP/1.1" 200 660 "http://www.merchant247.net/Merchant2/merchant.mv?Screen=CTGY&Store_Code=health&Category_Code=201" "Mozilla/4.0 (compatible; MSIE 5.5; Windows 98; Win 9x 4.90; Cox High Speed Internet Customer; T312461)"
68.13.226.112 - - [02/Mar/2003:06:24:44 -0800] "GET /Merchant2/201/health_201_headmenu_r5_c10.jpg HTTP/1.1" 200 1023 "http://www.merchant247.net/Merchant2/merchant.mv?Screen=CTGY&Store_Code=health&Category_Code=201" "Mozilla/4.0 (compatible; MSIE 5.5; Windows 98; Win 9x 4.90; Cox High Speed Internet Customer; T312461)"
68.13.226.112 - - [02/Mar/2003:06:24:45 -0800] "GET /Merchant2/201/health_201_headmenu_r5_c13.jpg HTTP/1.1" 200 4116 "http://www.merchant247.net/Merchant2/merchant.mv?Screen=CTGY&Store_Code=health&Category_Code=201" "Mozilla/4.0 (compatible; MSIE 5.5; Windows 98; Win 9x 4.90; Cox High Speed Internet Customer; T312461)"
68.13.226.112 - - [02/Mar/2003:06:24:45 -0800] "GET /Merchant2/201/health_201_headmenu_r6_c2.jpg HTTP/1.1" 200 541 "http://www.merchant247.net/Merchant2/merchant.mv?Screen=CTGY&Store_Code=health&Category_Code=201" "Mozilla/4.0 (compatible; MSIE 5.5; Windows 98; Win 9x 4.90; Cox High Speed Internet Customer; T312461)"
68.13.226.112 - - [02/Mar/2003:06:24:45 -0800] "GET /Merchant2/201/health_201_headmenu_r3_c6.jpg HTTP/1.1" 200 2274 "http://www.merchant247.net/Merchant2/merchant.mv?Screen=CTGY&Store_Code=health&Category_Code=201" "Mozilla/4.0 (compatible; MSIE 5.5; Windows 98; Win 9x 4.90; Cox High Speed Internet Customer; T312461)"
68.13.226.112 - - [02/Mar/2003:06:24:45 -0800] "GET /Merchant2/201/health_201_headmenu_r3_c7.jpg HTTP/1.1" 200 403 "http://www.merchant247.net/Merchant2/merchant.mv?Screen=CTGY&Store_Code=health&Category_Code=201" "Mozilla/4.0 (compatible; MSIE 5.5; Windows 98; Win 9x 4.90; Cox High Speed Internet Customer; T312461)"
68.13.226.112 - - [02/Mar/2003:06:24:45 -0800] "GET /Merchant2/201/health_201_headmenu_r7_c8.jpg HTTP/1.1" 200 1017 "http://www.merchant247.net/Merchant2/merchant.mv?Screen=CTGY&Store_Code=health&Category_Code=201" "Mozilla/4.0 (compatible; MSIE 5.5; Windows 98; Win 9x 4.90; Cox High Speed Internet Customer; T312461)"
68.13.226.112 - - [02/Mar/2003:06:24:45 -0800] "GET /Merchant2/201/health_201_headmenu_r7_c10.jpg HTTP/1.1" 200 1382 "http://www.merchant247.net/Merchant2/merchant.mv?Screen=CTGY&Store_Code=health&Category_Code=201" "Mozilla/4.0 (compatible; MSIE 5.5; Windows 98; Win 9x 4.90; Cox High Speed Internet Customer; T312461)"
