65.48.182.101 - - [02/Mar/2003:07:19:00 -0800] "GET /Merchant2/201/health_201_headmenu_r5_c8_f2.jpg HTTP/1.1" 304 - "http://www.merchant247.net/Merchant2/merchant.mv?Screen=BASK&Store_Code=health" "Mozilla/4.0 (compatible; MSIE 6.0; Windows NT 5.1; Q312461)"
65.48.182.101 - - [02/Mar/2003:07:19:00 -0800] "GET /Merchant2/201/health_201_headmenu_r5_c10_f2.jpg HTTP/1.1" 304 - "http://www.merchant247.net/Merchant2/merchant.mv?Screen=BASK&Store_Code=health" "Mozilla/4.0 (compatible; MSIE 6.0; Windows NT 5.1; Q312461)"
65.48.182.101 - - [02/Mar/2003:07:19:03 -0800] "GET /Merchant2/201/spacer.gif HTTP/1.1" 304 - "http://www.merchant247.net/Merchant2/merchant.mv?Screen=OINF&Store_Code=health" "Mozilla/4.0 (compatible; MSIE 6.0; Windows NT 5.1; Q312461)"
65.48.182.101 - - [02/Mar/2003:07:19:07 -0800] "GET /Merchant2/201/logo_7_day.jpg HTTP/1.1" 304 - "http://www.merchant247.net/Merchant2/merchant.mv?Screen=OINF&Store_Code=health" "Mozilla/4.0 (compatible; MSIE 6.0; Windows NT 5.1; Q312461)"
65.48.182.101 - - [02/Mar/2003:07:19:07 -0800] "GET /Merchant2/201/health_201_headmenu_r1_c11.jpg HTTP/1.1" 304 - "http://www.merchant247.net/Merchant2/merchant.mv?Screen=OINF&Store_Code=health" "Mozilla/4.0 (compatible; MSIE 6.0; Windows NT 5.1; Q312461)"
65.48.182.101 - - [02/Mar/2003:07:19:08 -0800] "GET /Merchant2/merchant.mv?Screen=OINF&Store_Code=health HTTP/1.1" 200 45126 "http://www.merchant247.net/Merchant2/merchant.mv?Screen=BASK&Store_Code=health" "Mozilla/4.0 (compatible; MSIE 6.0; Windows NT 5.1; Q312461)"
65.48.182.101 - - [02/Mar/2003:07:19:08 -0800] "GET /Merchant2/201/health_201_headmenu_r1_c12.jpg HTTP/1.1" 304 - "http://www.merchant247.net/Merchant2/merchant.mv?Screen=OINF&Store_Code=health" "Mozilla/4.0 (compatible; MSIE 6.0; Windows NT 5.1; Q312461)"
65.48.182.101 - - [02/Mar/2003:07:19:08 -0800] "GET /Merchant2/201/health_201_headmenu_r1_c14.jpg HTTP/1.1" 304 - "http://www.merchant247.net/Merchant2/merchant.mv?Screen=OINF&Store_Code=health" "Mozilla/4.0 (compatible; MSIE 6.0; Windows NT 5.1; Q312461)"
65.48.182.101 - - [02/Mar/2003:07:19:09 -0800] "GET /Merchant2/201/health_201_headmenu_r2_c1.jpg HTTP/1.1" 304 - "http://www.merchant247.net/Merchant2/merchant.mv?Screen=OINF&Store_Code=health" "Mozilla/4.0 (compatible; MSIE 6.0; Windows NT 5.1; Q312461)"
65.48.182.101 - - [02/Mar/2003:07:19:09 -0800] "GET /Merchant2/201/health_201_headmenu_r2_c12.jpg HTTP/1.1" 304 - "http://www.merchant247.net/Merchant2/merchant.mv?Screen=OINF&Store_Code=health" "Mozilla/4.0 (compatible; MSIE 6.0; Windows NT 5.1; Q312461)"
65.48.182.101 - - [02/Mar/2003:07:19:09 -0800] "GET /Merchant2/201/health_201_headmenu_r3_c1.jpg HTTP/1.1" 304 - "http://www.merchant247.net/Merchant2/merchant.mv?Screen=OINF&Store_Code=health" "Mozilla/4.0 (compatible; MSIE 6.0; Windows NT 5.1; Q312461)"
65.48.182.101 - - [02/Mar/2003:07:19:10 -0800] "GET /Merchant2/201/health_201_headmenu_r3_c6.jpg HTTP/1.1" 304 - "http://www.merchant247.net/Merchant2/merchant.mv?Screen=OINF&Store_Code=health" "Mozilla/4.0 (compatible; MSIE 6.0; Windows NT 5.1; Q312461)"
65.48.182.101 - - [02/Mar/2003:07:19:10 -0800] "GET /Merchant2/201/health_201_headmenu_r3_c7.jpg HTTP/1.1" 304 - "http://www.merchant247.net/Merchant2/merchant.mv?Screen=OINF&Store_Code=health" "Mozilla/4.0 (compatible; MSIE 6.0; Windows NT 5.1; Q312461)"
65.48.182.101 - - [02/Mar/2003:07:19:10 -0800] "GET /Merchant2/201/health_201_headmenu_r4_c1.jpg HTTP/1.1" 304 - "http://www.merchant247.net/Merchant2/merchant.mv?Screen=OINF&Store_Code=health" "Mozilla/4.0 (compatible; MSIE 6.0; Windows NT 5.1; Q312461)"
65.48.182.101 - - [02/Mar/2003:07:19:10 -0800] "GET /Merchant2/201/health_201_headmenu_r4_c2.jpg HTTP/1.1" 304 - "http://www.merchant247.net/Merchant2/merchant.mv?Screen=OINF&Store_Code=health" "Mozilla/4.0 (compatible; MSIE 6.0; Windows NT 5.1; Q312461)"
65.48.182.101 - - [02/Mar/2003:07:19:11 -0800] "GET /Merchant2/201/health_201_headmenu_r4_c3.jpg HTTP/1.1" 304 - "http://www.merchant247.net/Merchant2/merchant.mv?Screen=OINF&Store_Code=health" "Mozilla/4.0 (compatible; MSIE 6.0; Windows NT 5.1; Q312461)"
65.48.182.101 - - [02/Mar/2003:07:19:11 -0800] "GET /Merchant2/201/health_201_headmenu_r4_c4.jpg HTTP/1.1" 304 - "http://www.merchant247.net/Merchant2/merchant.mv?Screen=OINF&Store_Code=health" "Mozilla/4.0 (compatible; MSIE 6.0; Windows NT 5.1; Q312461)"
65.48.182.101 - - [02/Mar/2003:07:19:11 -0800] "GET /Merchant2/201/health_201_headmenu_r4_c5.jpg HTTP/1.1" 304 - "http://www.merchant247.net/Merchant2/merchant.mv?Screen=OINF&Store_Code=health" "Mozilla/4.0 (compatible; MSIE 6.0; Windows NT 5.1; Q312461)"
65.48.182.101 - - [02/Mar/2003:07:19:11 -0800] "GET /Merchant2/201/health_201_headmenu_r5_c7.jpg HTTP/1.1" 304 - "http://www.merchant247.net/Merchant2/merchant.mv?Screen=OINF&Store_Code=health" "Mozilla/4.0 (compatible; MSIE 6.0; Windows NT 5.1; Q312461)"
65.48.182.101 - - [02/Mar/2003:07:19:11 -0800] "GET /Merchant2/201/health_201_headmenu_r5_c8.jpg HTTP/1.1" 304 - "http://www.merchant247.net/Merchant2/merchant.mv?Screen=OINF&Store_Code=health" "Mozilla/4.0 (compatible; MSIE 6.0; Windows NT 5.1; Q312461)"
65.48.182.101 - - [02/Mar/2003:07:19:11 -0800] "GET /Merchant2/201/health_201_headmenu_r5_c9.jpg HTTP/1.1" 304 - "http://www.merchant247.net/Merchant2/merchant.mv?Screen=OINF&Store_Code=health" "Mozilla/4.0 (compatible; MSIE 6.0; Windows NT 5.1; Q312461)"
65.48.182.101 - - [02/Mar/2003:07:19:12 -0800] "GET /Merchant2/201/health_201_headmenu_r5_c10.jpg HTTP/1.1" 304 - "http://www.merchant247.net/Merchant2/merchant.mv?Screen=OINF&Store_Code=health" "Mozilla/4.0 (compatible; MSIE 6.0; Windows NT 5.1; Q312461)"
65.48.182.101 - - [02/Mar/2003:07:19:12 -0800] "GET /Merchant2/201/health_201_headmenu_r5_c13.jpg HTTP/1.1" 304 - "http://www.merchant247.net/Merchant2/merchant.mv?Screen=OINF&Store_Code=health" "Mozilla/4.0 (compatible; MSIE 6.0; Windows NT 5.1; Q312461)"
65.48.182.101 - - [02/Mar/2003:07:19:12 -0800] "GET /Merchant2/201/health_201_headmenu_r6_c2.jpg HTTP/1.1" 304 - "http://www.merchant247.net/Merchant2/merchant.mv?Screen=OINF&Store_Code=health" "Mozilla/4.0 (compatible; MSIE 6.0; Windows NT 5.1; Q312461)"
65.48.182.101 - - [02/Mar/2003:07:19:12 -0800] "GET /Merchant2/201/health_201_headmenu_r7_c8.jpg HTTP/1.1" 304 - "http://www.merchant247.net/Merchant2/merchant.mv?Screen=OINF&Store_Code=health" "Mozilla/4.0 (compatible; MSIE 6.0; Windows NT 5.1; Q312461)"
65.48.182.101 - - [02/Mar/2003:07:19:12 -0800] "GET /Merchant2/201/health_201_headmenu_r7_c10.jpg HTTP/1.1" 304 - "http://www.merchant247.net/Merchant2/merchant.mv?Screen=OINF&Store_Code=health" "Mozilla/4.0 (compatible; MSIE 6.0; Windows NT 5.1; Q312461)"
65.48.182.101 - - [02/Mar/2003:07:19:12 -0800] "GET /Merchant2/201/health_201_headmenu_r8_c4.jpg HTTP/1.1" 304 - "http://www.merchant247.net/Merchant2/merchant.mv?Screen=OINF&Store_Code=health" "Mozilla/4.0 (compatible; MSIE 6.0; Windows NT 5.1; Q312461)"
65.48.182.101 - - [02/Mar/2003:07:19:13 -0800] "GET /Merchant2/201/health_201_headmenu_r9_c6.jpg HTTP/1.1" 304 - "http://www.merchant247.net/Merchant2/merchant.mv?Screen=OINF&Store_Code=health" "Mozilla/4.0 (compatible; MSIE 6.0; Windows NT 5.1; Q312461)"
65.48.182.101 - - [02/Mar/2003:07:19:13 -0800] "GET /Merchant2/201/free_shipping.jpg HTTP/1.1" 304 - "http://www.merchant247.net/Merchant2/merchant.mv?Screen=OINF&Store_Code=health" "Mozilla/4.0 (compatible; MSIE 6.0; Windows NT 5.1; Q312461)"
65.48.182.101 - - [02/Mar/2003:07:19:13 -0800] "GET /Merchant2/201/health_201_headmenu_r3_c6_f2.jpg HTTP/1.1" 304 - "http://www.merchant247.net/Merchant2/merchant.mv?Screen=OINF&Store_Code=health" "Mozilla/4.0 (compatible; MSIE 6.0; Windows NT 5.1; Q312461)"
65.48.182.101 - - [02/Mar/2003:07:19:13 -0800] "GET /Merchant2/201/health_201_headmenu_r4_c4_f2.jpg HTTP/1.1" 304 - "http://www.merchant247.net/Merchant2/merchant.mv?Screen=OINF&Store_Code=health" "Mozilla/4.0 (compatible; MSIE 6.0; Windows NT 5.1; Q312461)"
65.48.182.101 - - [02/Mar/2003:07:19:13 -0800] "GET /Merchant2/201/health_201_headmenu_r4_c2_f2.jpg HTTP/1.1" 304 - "http://www.merchant247.net/Merchant2/merchant.mv?Screen=OINF&Store_Code=health" "Mozilla/4.0 (compatible; MSIE 6.0; Windows NT 5.1; Q312461)"
65.48.182.101 - - [02/Mar/2003:07:19:14 -0800] "GET /Merchant2/201/health_201_headmenu_r5_c8_f2.jpg HTTP/1.1" 304 - "http://www.merchant247.net/Merchant2/merchant.mv?Screen=OINF&Store_Code=health" "Mozilla/4.0 (compatible; MSIE 6.0; Windows NT 5.1; Q312461)"
65.48.182.101 - - [02/Mar/2003:07:19:14 -0800] "GET /Merchant2/201/health_201_headmenu_r5_c10_f2.jpg HTTP/1.1" 304 - "http://www.merchant247.net/Merchant2/merchant.mv?Screen=OINF&Store_Code=health" "Mozilla/4.0 (compatible; MSIE 6.0; Windows NT 5.1; Q312461)"
67.27.106.104 - - [02/Mar/2003:07:19:59 -0800] "GET /Merchant2/201/health_201_headmenu_r5_c8.jpg HTTP/1.1" 304 - "http://www.merchant247.net/Merchant2/merchant.mv?Screen=CTGY&Store_Code=health&Category_Code=201" "Mozilla/4.0 (compatible; MSIE 5.5; Windows 98; Win 9x 4.90; YComp 5.0.2.4)"
67.27.106.104 - - [02/Mar/2003:07:20:08 -0800] "GET /Merchant2/merchant.mv?Screen=OINF&Store_Code=health HTTP/1.1" 200 0 "http://www.merchant247.net/Merchant2/merchant.mv?Screen=CTGY&Store_Code=health&Category_Code=201" "Mozilla/4.0 (compatible; MSIE 5.5; Windows 98; Win 9x 4.90; YComp 5.0.2.4)"
67.27.106.104 - - [02/Mar/2003:07:20:11 -0800] "POST /Merchant2/merchant.mv? HTTP/1.1" 200 14081 "http://www.merchant247.net/Merchant2/merchant.mv?Screen=CTGY&Store_Code=health&Category_Code=201" "Mozilla/4.0 (compatible; MSIE 5.5; Windows 98; Win 9x 4.90; YComp 5.0.2.4)"
67.27.106.104 - - [02/Mar/2003:07:20:11 -0800] "GET /Merchant2/201/health_201_headmenu_r1_c11.jpg HTTP/1.1" 304 - "http://www.merchant247.net/Merchant2/merchant.mv?" "Mozilla/4.0 (compatible; MSIE 5.5; Windows 98; Win 9x 4.90; YComp 5.0.2.4)"
67.27.106.104 - - [02/Mar/2003:07:20:13 -0800] "GET /Merchant2/201/health_201_headmenu_r1_c12.jpg HTTP/1.1" 304 - "http://www.merchant247.net/Merchant2/merchant.mv?" "Mozilla/4.0 (compatible; MSIE 5.5; Windows 98; Win 9x 4.90; YComp 5.0.2.4)"
67.27.106.104 - - [02/Mar/2003:07:20:13 -0800] "GET /Merchant2/201/health_201_headmenu_r1_c14.jpg HTTP/1.1" 304 - "http://www.merchant247.net/Merchant2/merchant.mv?" "Mozilla/4.0 (compatible; MSIE 5.5; Windows 98; Win 9x 4.90; YComp 5.0.2.4)"
67.27.106.104 - - [02/Mar/2003:07:20:13 -0800] "GET /Merchant2/201/health_201_headmenu_r2_c1.jpg HTTP/1.1" 304 - "http://www.merchant247.net/Merchant2/merchant.mv?" "Mozilla/4.0 (compatible; MSIE 5.5; Windows 98; Win 9x 4.90; YComp 5.0.2.4)"
67.27.106.104 - - [02/Mar/2003:07:20:14 -0800] "GET /Merchant2/201/health_201_headmenu_r2_c12.jpg HTTP/1.1" 304 - "http://www.merchant247.net/Merchant2/merchant.mv?" "Mozilla/4.0 (compatible; MSIE 5.5; Windows 98; Win 9x 4.90; YComp 5.0.2.4)"
67.27.106.104 - - [02/Mar/2003:07:20:14 -0800] "GET /Merchant2/201/health_201_headmenu_r3_c1.jpg HTTP/1.1" 304 - "http://www.merchant247.net/Merchant2/merchant.mv?" "Mozilla/4.0 (compatible; MSIE 5.5; Windows 98; Win 9x 4.90; YComp 5.0.2.4)"
67.27.106.104 - - [02/Mar/2003:07:20:14 -0800] "GET /Merchant2/201/health_201_headmenu_r3_c6.jpg HTTP/1.1" 304 - "http://www.merchant247.net/Merchant2/merchant.mv?" "Mozilla/4.0 (compatible; MSIE 5.5; Windows 98; Win 9x 4.90; YComp 5.0.2.4)"
67.27.106.104 - - [02/Mar/2003:07:20:15 -0800] "GET /Merchant2/201/health_201_headmenu_r3_c7.jpg HTTP/1.1" 304 - "http://www.merchant247.net/Merchant2/merchant.mv?" "Mozilla/4.0 (compatible; MSIE 5.5; Windows 98; Win 9x 4.90; YComp 5.0.2.4)"
67.27.106.104 - - [02/Mar/2003:07:20:15 -0800] "GET /Merchant2/201/health_201_headmenu_r4_c1.jpg HTTP/1.1" 304 - "http://www.merchant247.net/Merchant2/merchant.mv?" "Mozilla/4.0 (compatible; MSIE 5.5; Windows 98; Win 9x 4.90; YComp 5.0.2.4)"
67.27.106.104 - - [02/Mar/2003:07:20:15 -0800] "GET /Merchant2/201/health_201_headmenu_r4_c2.jpg HTTP/1.1" 304 - "http://www.merchant247.net/Merchant2/merchant.mv?" "Mozilla/4.0 (compatible; MSIE 5.5; Windows 98; Win 9x 4.90; YComp 5.0.2.4)"
67.27.106.104 - - [02/Mar/2003:07:20:16 -0800] "GET /Merchant2/201/health_201_headmenu_r4_c3.jpg HTTP/1.1" 304 - "http://www.merchant247.net/Merchant2/merchant.mv?" "Mozilla/4.0 (compatible; MSIE 5.5; Windows 98; Win 9x 4.90; YComp 5.0.2.4)"
67.27.106.104 - - [02/Mar/2003:07:20:16 -0800] "GET /Merchant2/201/health_201_headmenu_r4_c4.jpg HTTP/1.1" 304 - "http://www.merchant247.net/Merchant2/merchant.mv?" "Mozilla/4.0 (compatible; MSIE 5.5; Windows 98; Win 9x 4.90; YComp 5.0.2.4)"
67.27.106.104 - - [02/Mar/2003:07:20:16 -0800] "GET /Merchant2/201/health_201_headmenu_r4_c5.jpg HTTP/1.1" 304 - "http://www.merchant247.net/Merchant2/merchant.mv?" "Mozilla/4.0 (compatible; MSIE 5.5; Windows 98; Win 9x 4.90; YComp 5.0.2.4)"
67.27.106.104 - - [02/Mar/2003:07:20:17 -0800] "GET /Merchant2/201/health_201_headmenu_r5_c7.jpg HTTP/1.1" 304 - "http://www.merchant247.net/Merchant2/merchant.mv?" "Mozilla/4.0 (compatible; MSIE 5.5; Windows 98; Win 9x 4.90; YComp 5.0.2.4)"
67.27.106.104 - - [02/Mar/2003:07:20:17 -0800] "GET /Merchant2/201/health_201_headmenu_r5_c9.jpg HTTP/1.1" 304 - "http://www.merchant247.net/Merchant2/merchant.mv?" "Mozilla/4.0 (compatible; MSIE 5.5; Windows 98; Win 9x 4.90; YComp 5.0.2.4)"
67.27.106.104 - - [02/Mar/2003:07:20:17 -0800] "GET /Merchant2/201/health_201_headmenu_r5_c10.jpg HTTP/1.1" 304 - "http://www.merchant247.net/Merchant2/merchant.mv?" "Mozilla/4.0 (compatible; MSIE 5.5; Windows 98; Win 9x 4.90; YComp 5.0.2.4)"
67.27.106.104 - - [02/Mar/2003:07:20:17 -0800] "GET /Merchant2/201/health_201_headmenu_r5_c13.jpg HTTP/1.1" 304 - "http://www.merchant247.net/Merchant2/merchant.mv?" "Mozilla/4.0 (compatible; MSIE 5.5; Windows 98; Win 9x 4.90; YComp 5.0.2.4)"
67.27.106.104 - - [02/Mar/2003:07:20:18 -0800] "GET /Merchant2/201/health_201_headmenu_r6_c2.jpg HTTP/1.1" 304 - "http://www.merchant247.net/Merchant2/merchant.mv?" "Mozilla/4.0 (compatible; MSIE 5.5; Windows 98; Win 9x 4.90; YComp 5.0.2.4)"
67.27.106.104 - - [02/Mar/2003:07:20:18 -0800] "GET /Merchant2/201/health_201_headmenu_r7_c8.jpg HTTP/1.1" 304 - "http://www.merchant247.net/Merchant2/merchant.mv?" "Mozilla/4.0 (compatible; MSIE 5.5; Windows 98; Win 9x 4.90; YComp 5.0.2.4)"
67.27.106.104 - - [02/Mar/2003:07:20:19 -0800] "GET /Merchant2/201/health_201_headmenu_r7_c10.jpg HTTP/1.1" 304 - "http://www.merchant247.net/Merchant2/merchant.mv?" "Mozilla/4.0 (compatible; MSIE 5.5; Windows 98; Win 9x 4.90; YComp 5.0.2.4)"
67.27.106.104 - - [02/Mar/2003:07:20:19 -0800] "GET /Merchant2/201/health_201_headmenu_r8_c4.jpg HTTP/1.1" 304 - "http://www.merchant247.net/Merchant2/merchant.mv?" "Mozilla/4.0 (compatible; MSIE 5.5; Windows 98; Win 9x 4.90; YComp 5.0.2.4)"
67.27.106.104 - - [02/Mar/2003:07:20:19 -0800] "GET /Merchant2/201/health_201_headmenu_r9_c6.jpg HTTP/1.1" 304 - "http://www.merchant247.net/Merchant2/merchant.mv?" "Mozilla/4.0 (compatible; MSIE 5.5; Windows 98; Win 9x 4.90; YComp 5.0.2.4)"
67.27.106.104 - - [02/Mar/2003:07:20:19 -0800] "GET /Merchant2/201/free_shipping.jpg HTTP/1.1" 304 - "http://www.merchant247.net/Merchant2/merchant.mv?" "Mozilla/4.0 (compatible; MSIE 5.5; Windows 98; Win 9x 4.90; YComp 5.0.2.4)"
67.27.106.104 - - [02/Mar/2003:07:20:20 -0800] "GET /Merchant2/201/health_201_headmenu_r3_c6_f2.jpg HTTP/1.1" 304 - "http://www.merchant247.net/Merchant2/merchant.mv?" "Mozilla/4.0 (compatible; MSIE 5.5; Windows 98; Win 9x 4.90; YComp 5.0.2.4)"
67.27.106.104 - - [02/Mar/2003:07:20:20 -0800] "GET /Merchant2/201/health_201_headmenu_r4_c2_f2.jpg HTTP/1.1" 304 - "http://www.merchant247.net/Merchant2/merchant.mv?" "Mozilla/4.0 (compatible; MSIE 5.5; Windows 98; Win 9x 4.90; YComp 5.0.2.4)"
67.27.106.104 - - [02/Mar/2003:07:20:21 -0800] "GET /Merchant2/201/health_201_headmenu_r4_c4_f2.jpg HTTP/1.1" 304 - "http://www.merchant247.net/Merchant2/merchant.mv?" "Mozilla/4.0 (compatible; MSIE 5.5; Windows 98; Win 9x 4.90; YComp 5.0.2.4)"
67.27.106.104 - - [02/Mar/2003:07:20:21 -0800] "GET /Merchant2/201/health_201_headmenu_r5_c8_f2.jpg HTTP/1.1" 304 - "http://www.merchant247.net/Merchant2/merchant.mv?" "Mozilla/4.0 (compatible; MSIE 5.5; Windows 98; Win 9x 4.90; YComp 5.0.2.4)"
67.27.106.104 - - [02/Mar/2003:07:20:21 -0800] "GET /Merchant2/201/health_201_headmenu_r5_c10_f2.jpg HTTP/1.1" 304 - "http://www.merchant247.net/Merchant2/merchant.mv?" "Mozilla/4.0 (compatible; MSIE 5.5; Windows 98; Win 9x 4.90; YComp 5.0.2.4)"
67.27.106.104 - - [02/Mar/2003:07:20:34 -0800] "GET /Merchant2/merchant.mv?Screen=PROD&Store_Code=health&Product_Code=7DSA-SA2 HTTP/1.1" 200 14472 "http://www.merchant247.net/Merchant2/merchant.mv?" "Mozilla/4.0 (compatible; MSIE 5.5; Windows 98; Win 9x 4.90; YComp 5.0.2.4)"
12.249.152.132 - - [02/Mar/2003:07:20:40 -0800] "POST /Merchant2/merchant.mv? HTTP/1.1" 200 42363 "http://www.merchant247.net/Merchant2/merchant.mv?Screen=CTGY&Store_Code=health&Category_Code=202" "Mozilla/4.0 (compatible; MSIE 6.0; Windows 98)"
12.222.136.87 - - [02/Mar/2003:07:20:49 -0800] "GET /Merchant2/graphics/en-US/admin/blank.gif HTTP/1.1" 200 43 "http://www.smoke-away.us/index.htm" "Mozilla/4.0 (compatible; MSIE 6.0; Windows NT 4.0; YComp 5.0.2.6)"
12.249.152.132 - - [02/Mar/2003:07:20:52 -0800] "GET /Merchant2/merchant.mv?Screen=CTGY&Store_Code=health&Category_Code=202 HTTP/1.1" 200 20102 "http://www.merchant247.net/Merchant2/merchant.mv?" "Mozilla/4.0 (compatible; MSIE 6.0; Windows 98)"
12.249.152.132 - - [02/Mar/2003:07:20:56 -0800] "GET /Merchant2/merchant.mv?Screen=CTGY&Store_Code=health&Category_Code=202 HTTP/1.1" 200 20102 "http://www.merchant247.net/Merchant2/merchant.mv?Screen=CTGY&Store_Code=health&Category_Code=202" "Mozilla/4.0 (compatible; MSIE 6.0; Windows 98)"
67.27.106.104 - - [02/Mar/2003:07:20:58 -0800] "GET /Merchant2/merchant.mv?Screen=OINF&Store_Code=health HTTP/1.1" 200 45123 "http://www.merchant247.net/Merchant2/merchant.mv?" "Mozilla/4.0 (compatible; MSIE 5.5; Windows 98; Win 9x 4.90; YComp 5.0.2.4)"
12.249.152.132 - - [02/Mar/2003:07:21:21 -0800] "POST /Merchant2/merchant.mv? HTTP/1.1" 200 42363 "http://www.merchant247.net/Merchant2/merchant.mv?Screen=CTGY&Store_Code=health&Category_Code=202" "Mozilla/4.0 (compatible; MSIE 6.0; Windows 98)"
68.61.200.165 - - [02/Mar/2003:07:22:45 -0800] "GET /Merchant2/graphics/en-US/admin/blank.gif HTTP/1.1" 200 43 "http://www.7-day-smoke-away.net/" "Mozilla/4.0 (compatible; MSIE 6.0; Windows NT 5.1; YComp 5.0.2.6)"
12.249.152.132 - - [02/Mar/2003:07:26:10 -0800] "GET /Merchant2/merchant.mv?Screen=OINF&Store_Code=health HTTP/1.1" 200 42327 "http://www.merchant247.net/Merchant2/merchant.mv?" "Mozilla/4.0 (compatible; MSIE 6.0; Windows 98)"
12.249.152.132 - - [02/Mar/2003:07:26:41 -0800] "GET /Merchant2/merchant.mv?Screen=OINF&Store_Code=health HTTP/1.1" 200 42327 "http://www.merchant247.net/Merchant2/merchant.mv?Screen=OINF&Store_Code=health" "Mozilla/4.0 (compatible; MSIE 6.0; Windows 98)"
12.249.152.132 - - [02/Mar/2003:07:26:54 -0800] "GET /Merchant2/merchant.mv?Screen=BASK&Store_Code=health HTTP/1.1" 200 11254 "http://www.merchant247.net/Merchant2/merchant.mv?Screen=OINF&Store_Code=health" "Mozilla/4.0 (compatible; MSIE 6.0; Windows 98)"
12.249.152.132 - - [02/Mar/2003:07:27:15 -0800] "POST /Merchant2/merchant.mv? HTTP/1.1" 200 11286 "http://www.merchant247.net/Merchant2/merchant.mv?Screen=BASK&Store_Code=health" "Mozilla/4.0 (compatible; MSIE 6.0; Windows 98)"
12.249.152.132 - - [02/Mar/2003:07:27:28 -0800] "POST /Merchant2/merchant.mv? HTTP/1.1" 200 11286 "http://www.merchant247.net/Merchant2/merchant.mv?" "Mozilla/4.0 (compatible; MSIE 6.0; Windows 98)"
68.36.71.43 - - [02/Mar/2003:07:27:51 -0800] "GET /Merchant2/graphics/en-US/admin/blank.gif HTTP/1.1" 200 43 "http://www.smoke-away.us/" "Mozilla/4.0 (compatible; MSIE 6.0; Windows 98)"
216.158.64.43 - - [02/Mar/2003:07:28:00 -0800] "GET /Merchant2/graphics/en-US/admin/blank.gif HTTP/1.0" 200 43 "-" "Mozilla/3.01 (compatible;)"
12.249.152.132 - - [02/Mar/2003:07:28:13 -0800] "GET /Merchant2/merchant.mv?Screen=OINF&Store_Code=health HTTP/1.1" 200 42327 "http://www.merchant247.net/Merchant2/merchant.mv?Screen=OINF&Store_Code=health" "Mozilla/4.0 (compatible; MSIE 6.0; Windows 98)"
68.36.71.43 - - [02/Mar/2003:07:28:27 -0800] "GET /Merchant2/merchant.mv?Screen=CTGY&Store_Code=health&Category_Code=202 HTTP/1.1" 200 20105 "http://www.smoke-away.us/" "Mozilla/4.0 (compatible; MSIE 6.0; Windows 98)"
68.36.71.43 - - [02/Mar/2003:07:28:27 -0800] "GET /Merchant2/202/spacer.gif HTTP/1.1" 200 43 "http://www.merchant247.net/Merchant2/merchant.mv?Screen=CTGY&Store_Code=health&Category_Code=202" "Mozilla/4.0 (compatible; MSIE 6.0; Windows 98)"
68.36.71.43 - - [02/Mar/2003:07:28:27 -0800] "GET /Merchant2/202/health_202_headmenu_r2_c1.jpg HTTP/1.1" 200 1687 "http://www.merchant247.net/Merchant2/merchant.mv?Screen=CTGY&Store_Code=health&Category_Code=202" "Mozilla/4.0 (compatible; MSIE 6.0; Windows 98)"
68.36.71.43 - - [02/Mar/2003:07:28:27 -0800] "GET /Merchant2/202/health_202_headmenu_r2_c2.jpg HTTP/1.1" 200 999 "http://www.merchant247.net/Merchant2/merchant.mv?Screen=CTGY&Store_Code=health&Category_Code=202" "Mozilla/4.0 (compatible; MSIE 6.0; Windows 98)"
68.36.71.43 - - [02/Mar/2003:07:28:28 -0800] "GET /Merchant2/202/health_202_headmenu_r2_c4.jpg HTTP/1.1" 200 769 "http://www.merchant247.net/Merchant2/merchant.mv?Screen=CTGY&Store_Code=health&Category_Code=202" "Mozilla/4.0 (compatible; MSIE 6.0; Windows 98)"
68.36.71.43 - - [02/Mar/2003:07:28:28 -0800] "GET /Merchant2/202/health_202_headmenu_r2_c5.jpg HTTP/1.1" 200 1267 "http://www.merchant247.net/Merchant2/merchant.mv?Screen=CTGY&Store_Code=health&Category_Code=202" "Mozilla/4.0 (compatible; MSIE 6.0; Windows 98)"
68.36.71.43 - - [02/Mar/2003:07:28:28 -0800] "GET /Merchant2/202/health_202_headmenu_r2_c8.jpg HTTP/1.1" 200 841 "http://www.merchant247.net/Merchant2/merchant.mv?Screen=CTGY&Store_Code=health&Category_Code=202" "Mozilla/4.0 (compatible; MSIE 6.0; Windows 98)"
68.36.71.43 - - [02/Mar/2003:07:28:28 -0800] "GET /Merchant2/202/health_202_headmenu_r1_c1.jpg HTTP/1.1" 200 17218 "http://www.merchant247.net/Merchant2/merchant.mv?Screen=CTGY&Store_Code=health&Category_Code=202" "Mozilla/4.0 (compatible; MSIE 6.0; Windows 98)"
68.36.71.43 - - [02/Mar/2003:07:28:28 -0800] "GET /Merchant2/202/health_202_headmenu_r2_c9.jpg HTTP/1.1" 200 1076 "http://www.merchant247.net/Merchant2/merchant.mv?Screen=CTGY&Store_Code=health&Category_Code=202" "Mozilla/4.0 (compatible; MSIE 6.0; Windows 98)"
68.36.71.43 - - [02/Mar/2003:07:28:28 -0800] "GET /Merchant2/202/health_202_headmenu_r2_c11.jpg HTTP/1.1" 200 375 "http://www.merchant247.net/Merchant2/merchant.mv?Screen=CTGY&Store_Code=health&Category_Code=202" "Mozilla/4.0 (compatible; MSIE 6.0; Windows 98)"
68.36.71.43 - - [02/Mar/2003:07:28:28 -0800] "GET /Merchant2/202/health_202_headmenu_r3_c2.jpg HTTP/1.1" 200 1332 "http://www.merchant247.net/Merchant2/merchant.mv?Screen=CTGY&Store_Code=health&Category_Code=202" "Mozilla/4.0 (compatible; MSIE 6.0; Windows 98)"
68.36.71.43 - - [02/Mar/2003:07:28:28 -0800] "GET /Merchant2/202/health_202_headmenu_r2_c2_f2.jpg HTTP/1.1" 200 1121 "http://www.merchant247.net/Merchant2/merchant.mv?Screen=CTGY&Store_Code=health&Category_Code=202" "Mozilla/4.0 (compatible; MSIE 6.0; Windows 98)"
68.36.71.43 - - [02/Mar/2003:07:28:28 -0800] "GET /Merchant2/202/health_202_headmenu_r2_c4_f2.jpg HTTP/1.1" 200 890 "http://www.merchant247.net/Merchant2/merchant.mv?Screen=CTGY&Store_Code=health&Category_Code=202" "Mozilla/4.0 (compatible; MSIE 6.0; Windows 98)"
68.36.71.43 - - [02/Mar/2003:07:28:28 -0800] "GET /Merchant2/202/health_202_headmenu_r2_c5_f2.jpg HTTP/1.1" 200 1519 "http://www.merchant247.net/Merchant2/merchant.mv?Screen=CTGY&Store_Code=health&Category_Code=202" "Mozilla/4.0 (compatible; MSIE 6.0; Windows 98)"
68.36.71.43 - - [02/Mar/2003:07:28:28 -0800] "GET /Merchant2/202/health_202_headmenu_r2_c8_f2.jpg HTTP/1.1" 200 994 "http://www.merchant247.net/Merchant2/merchant.mv?Screen=CTGY&Store_Code=health&Category_Code=202" "Mozilla/4.0 (compatible; MSIE 6.0; Windows 98)"
68.36.71.43 - - [02/Mar/2003:07:28:28 -0800] "GET /Merchant2/202/health_202_headmenu_r2_c9_f2.jpg HTTP/1.1" 200 1275 "http://www.merchant247.net/Merchant2/merchant.mv?Screen=CTGY&Store_Code=health&Category_Code=202" "Mozilla/4.0 (compatible; MSIE 6.0; Windows 98)"
68.68.113.107 - - [02/Mar/2003:07:28:45 -0800] "GET /Merchant2/graphics/en-US/admin/blank.gif HTTP/1.1" 200 43 "http://www.smoke-away.us/index.htm" "Mozilla/4.0 (compatible; MSIE 5.01; Windows NT 5.0)"
12.249.152.132 - - [02/Mar/2003:07:28:56 -0800] "GET /Merchant2/merchant.mv?Screen=CTGY&Store_Code=health&Category_Code=202 HTTP/1.1" 200 20102 "http://www.smoke-away.us/" "Mozilla/4.0 (compatible; MSIE 6.0; Windows 98)"
68.68.113.107 - - [02/Mar/2003:07:29:02 -0800] "GET /Merchant2/merchant.mv?Screen=CTGY&Store_Code=health&Category_Code=202 HTTP/1.1" 200 20103 "http://www.smoke-away.us/index.htm" "Mozilla/4.0 (compatible; MSIE 5.01; Windows NT 5.0)"
68.68.113.107 - - [02/Mar/2003:07:29:02 -0800] "GET /Merchant2/202/spacer.gif HTTP/1.1" 200 43 "http://www.merchant247.net/Merchant2/merchant.mv?Screen=CTGY&Store_Code=health&Category_Code=202" "Mozilla/4.0 (compatible; MSIE 5.01; Windows NT 5.0)"
68.68.113.107 - - [02/Mar/2003:07:29:03 -0800] "GET /Merchant2/202/health_202_headmenu_r2_c1.jpg HTTP/1.1" 200 1687 "http://www.merchant247.net/Merchant2/merchant.mv?Screen=CTGY&Store_Code=health&Category_Code=202" "Mozilla/4.0 (compatible; MSIE 5.01; Windows NT 5.0)"
12.249.152.132 - - [02/Mar/2003:07:29:03 -0800] "GET /Merchant2/merchant.mv?Screen=CTGY&Store_Code=health&Category_Code=202 HTTP/1.1" 200 20101 "http://www.merchant247.net/Merchant2/merchant.mv?Screen=CTGY&Store_Code=health&Category_Code=202" "Mozilla/4.0 (compatible; MSIE 6.0; Windows 98)"
68.68.113.107 - - [02/Mar/2003:07:29:03 -0800] "GET /Merchant2/202/health_202_headmenu_r2_c4.jpg HTTP/1.1" 200 769 "http://www.merchant247.net/Merchant2/merchant.mv?Screen=CTGY&Store_Code=health&Category_Code=202" "Mozilla/4.0 (compatible; MSIE 5.01; Windows NT 5.0)"
68.68.113.107 - - [02/Mar/2003:07:29:03 -0800] "GET /Merchant2/202/health_202_headmenu_r1_c1.jpg HTTP/1.1" 200 17218 "http://www.merchant247.net/Merchant2/merchant.mv?Screen=CTGY&Store_Code=health&Category_Code=202" "Mozilla/4.0 (compatible; MSIE 5.01; Windows NT 5.0)"
68.68.113.107 - - [02/Mar/2003:07:29:04 -0800] "GET /Merchant2/202/health_202_headmenu_r2_c2.jpg HTTP/1.1" 200 999 "http://www.merchant247.net/Merchant2/merchant.mv?Screen=CTGY&Store_Code=health&Category_Code=202" "Mozilla/4.0 (compatible; MSIE 5.01; Windows NT 5.0)"
68.68.113.107 - - [02/Mar/2003:07:29:04 -0800] "GET /Merchant2/202/health_202_headmenu_r2_c8.jpg HTTP/1.1" 200 841 "http://www.merchant247.net/Merchant2/merchant.mv?Screen=CTGY&Store_Code=health&Category_Code=202" "Mozilla/4.0 (compatible; MSIE 5.01; Windows NT 5.0)"
68.68.113.107 - - [02/Mar/2003:07:29:04 -0800] "GET /Merchant2/202/health_202_headmenu_r2_c5.jpg HTTP/1.1" 200 1267 "http://www.merchant247.net/Merchant2/merchant.mv?Screen=CTGY&Store_Code=health&Category_Code=202" "Mozilla/4.0 (compatible; MSIE 5.01; Windows NT 5.0)"
68.68.113.107 - - [02/Mar/2003:07:29:05 -0800] "GET /Merchant2/202/health_202_headmenu_r2_c11.jpg HTTP/1.1" 200 375 "http://www.merchant247.net/Merchant2/merchant.mv?Screen=CTGY&Store_Code=health&Category_Code=202" "Mozilla/4.0 (compatible; MSIE 5.01; Windows NT 5.0)"
68.68.113.107 - - [02/Mar/2003:07:29:05 -0800] "GET /Merchant2/202/health_202_headmenu_r2_c9.jpg HTTP/1.1" 200 1076 "http://www.merchant247.net/Merchant2/merchant.mv?Screen=CTGY&Store_Code=health&Category_Code=202" "Mozilla/4.0 (compatible; MSIE 5.01; Windows NT 5.0)"
68.68.113.107 - - [02/Mar/2003:07:29:05 -0800] "GET /Merchant2/202/health_202_headmenu_r3_c2.jpg HTTP/1.1" 200 1332 "http://www.merchant247.net/Merchant2/merchant.mv?Screen=CTGY&Store_Code=health&Category_Code=202" "Mozilla/4.0 (compatible; MSIE 5.01; Windows NT 5.0)"
68.68.113.107 - - [02/Mar/2003:07:29:06 -0800] "GET /Merchant2/202/health_202_headmenu_r2_c2_f2.jpg HTTP/1.1" 200 1121 "http://www.merchant247.net/Merchant2/merchant.mv?Screen=CTGY&Store_Code=health&Category_Code=202" "Mozilla/4.0 (compatible; MSIE 5.01; Windows NT 5.0)"
68.68.113.107 - - [02/Mar/2003:07:29:06 -0800] "GET /Merchant2/202/health_202_headmenu_r2_c4_f2.jpg HTTP/1.1" 200 890 "http://www.merchant247.net/Merchant2/merchant.mv?Screen=CTGY&Store_Code=health&Category_Code=202" "Mozilla/4.0 (compatible; MSIE 5.01; Windows NT 5.0)"
68.68.113.107 - - [02/Mar/2003:07:29:06 -0800] "GET /Merchant2/202/health_202_headmenu_r2_c5_f2.jpg HTTP/1.1" 200 1519 "http://www.merchant247.net/Merchant2/merchant.mv?Screen=CTGY&Store_Code=health&Category_Code=202" "Mozilla/4.0 (compatible; MSIE 5.01; Windows NT 5.0)"
68.68.113.107 - - [02/Mar/2003:07:29:06 -0800] "GET /Merchant2/202/health_202_headmenu_r2_c9_f2.jpg HTTP/1.1" 200 1275 "http://www.merchant247.net/Merchant2/merchant.mv?Screen=CTGY&Store_Code=health&Category_Code=202" "Mozilla/4.0 (compatible; MSIE 5.01; Windows NT 5.0)"
12.249.152.132 - - [02/Mar/2003:07:29:07 -0800] "POST /Merchant2/merchant.mv? HTTP/1.1" 200 42363 "http://www.merchant247.net/Merchant2/merchant.mv?Screen=CTGY&Store_Code=health&Category_Code=202" "Mozilla/4.0 (compatible; MSIE 6.0; Windows 98)"
68.68.113.107 - - [02/Mar/2003:07:29:07 -0800] "GET /Merchant2/202/health_202_headmenu_r2_c8_f2.jpg HTTP/1.1" 200 994 "http://www.merchant247.net/Merchant2/merchant.mv?Screen=CTGY&Store_Code=health&Category_Code=202" "Mozilla/4.0 (compatible; MSIE 5.01; Windows NT 5.0)"
216.158.64.43 - - [02/Mar/2003:07:29:13 -0800] "GET /Merchant2/202/spacer.gif HTTP/1.0" 200 43 "-" "Mozilla/3.01 (compatible;)"
216.158.64.43 - - [02/Mar/2003:07:29:13 -0800] "GET /Merchant2/202/health_202_headmenu_r2_c2.jpg HTTP/1.0" 200 999 "-" "Mozilla/3.01 (compatible;)"
216.158.64.43 - - [02/Mar/2003:07:29:13 -0800] "GET /Merchant2/202/health_202_headmenu_r2_c1.jpg HTTP/1.0" 200 1687 "-" "Mozilla/3.01 (compatible;)"
216.158.64.43 - - [02/Mar/2003:07:29:13 -0800] "GET /Merchant2/merchant.mv?Screen=CTGY&Store_Code=health&Category_Code=202 HTTP/1.0" 200 20062 "http://www.smoke-away.us/index.htm" "Mozilla/4.0 (compatible; MSIE 6.0; Windows 98; Win 9x 4.90; YComp 5.0.0.0)"
216.158.64.43 - - [02/Mar/2003:07:29:13 -0800] "GET /Merchant2/202/health_202_headmenu_r2_c5.jpg HTTP/1.0" 200 1267 "-" "Mozilla/3.01 (compatible;)"
216.158.64.43 - - [02/Mar/2003:07:29:13 -0800] "GET /Merchant2/202/health_202_headmenu_r2_c8.jpg HTTP/1.0" 200 841 "-" "Mozilla/3.01 (compatible;)"
216.158.64.43 - - [02/Mar/2003:07:29:13 -0800] "GET /Merchant2/202/health_202_headmenu_r2_c4.jpg HTTP/1.0" 200 769 "-" "Mozilla/3.01 (compatible;)"
216.158.64.43 - - [02/Mar/2003:07:29:13 -0800] "GET /Merchant2/202/health_202_headmenu_r2_c9.jpg HTTP/1.0" 200 1076 "-" "Mozilla/3.01 (compatible;)"
216.158.64.43 - - [02/Mar/2003:07:29:13 -0800] "GET /Merchant2/202/health_202_headmenu_r2_c11.jpg HTTP/1.0" 200 375 "-" "Mozilla/3.01 (compatible;)"
216.158.64.43 - - [02/Mar/2003:07:29:13 -0800] "GET /Merchant2/202/health_202_headmenu_r3_c2.jpg HTTP/1.0" 200 1332 "-" "Mozilla/3.01 (compatible;)"
216.158.64.43 - - [02/Mar/2003:07:29:13 -0800] "GET /Merchant2/202/health_202_headmenu_r1_c1.jpg HTTP/1.0" 200 17218 "-" "Mozilla/3.01 (compatible;)"
68.36.71.43 - - [02/Mar/2003:07:29:18 -0800] "GET /favicon.ico HTTP/1.1" 404 320 "-" "Mozilla/4.0 (compatible; MSIE 6.0; Windows 98)"
216.158.64.43 - - [02/Mar/2003:07:29:36 -0800] "GET /Merchant2/202/health_202_headmenu_r2_c2_f2.jpg HTTP/1.0" 200 1121 "http://www.merchant247.net/Merchant2/merchant.mv?Screen=CTGY&Store_Code=health&Category_Code=202" "Mozilla/4.0 (compatible; MSIE 6.0; Windows 98; Win 9x 4.90; YComp 5.0.0.0)"
216.158.64.43 - - [02/Mar/2003:07:29:36 -0800] "GET /Merchant2/202/health_202_headmenu_r2_c4_f2.jpg HTTP/1.0" 200 890 "http://www.merchant247.net/Merchant2/merchant.mv?Screen=CTGY&Store_Code=health&Category_Code=202" "Mozilla/4.0 (compatible; MSIE 6.0; Windows 98; Win 9x 4.90; YComp 5.0.0.0)"
216.158.64.43 - - [02/Mar/2003:07:29:36 -0800] "GET /Merchant2/202/health_202_headmenu_r2_c5_f2.jpg HTTP/1.0" 200 1519 "http://www.merchant247.net/Merchant2/merchant.mv?Screen=CTGY&Store_Code=health&Category_Code=202" "Mozilla/4.0 (compatible; MSIE 6.0; Windows 98; Win 9x 4.90; YComp 5.0.0.0)"
216.158.64.43 - - [02/Mar/2003:07:29:36 -0800] "GET /Merchant2/202/health_202_headmenu_r2_c8_f2.jpg HTTP/1.0" 200 994 "http://www.merchant247.net/Merchant2/merchant.mv?Screen=CTGY&Store_Code=health&Category_Code=202" "Mozilla/4.0 (compatible; MSIE 6.0; Windows 98; Win 9x 4.90; YComp 5.0.0.0)"
216.158.64.43 - - [02/Mar/2003:07:29:37 -0800] "GET /Merchant2/202/health_202_headmenu_r2_c9_f2.jpg HTTP/1.0" 200 1275 "http://www.merchant247.net/Merchant2/merchant.mv?Screen=CTGY&Store_Code=health&Category_Code=202" "Mozilla/4.0 (compatible; MSIE 6.0; Windows 98; Win 9x 4.90; YComp 5.0.0.0)"
68.68.113.107 - - [02/Mar/2003:07:29:37 -0800] "POST /Merchant2/merchant.mv? HTTP/1.1" 200 42361 "http://www.merchant247.net/Merchant2/merchant.mv?Screen=CTGY&Store_Code=health&Category_Code=202" "Mozilla/4.0 (compatible; MSIE 5.01; Windows NT 5.0)"
216.158.64.43 - - [02/Mar/2003:07:30:12 -0800] "POST /Merchant2/merchant.mv? HTTP/1.0" 200 42280 "http://www.merchant247.net/Merchant2/merchant.mv?Screen=CTGY&Store_Code=health&Category_Code=202" "Mozilla/4.0 (compatible; MSIE 6.0; Windows 98; Win 9x 4.90; YComp 5.0.0.0)"
209.130.133.245 - - [02/Mar/2003:07:30:26 -0800] "GET /Merchant2/graphics/en-US/admin/blank.gif HTTP/1.1" 200 43 "http://www.7-day-smoke-away.net/" "Mozilla/4.0 (compatible; MSIE 5.5; Windows 98)"
65.178.208.181 - - [02/Mar/2003:07:31:09 -0800] "GET /Merchant2/graphics/en-US/admin/blank.gif HTTP/1.1" 200 43 "http://www.7-day-smoke-away.net/" "Mozilla/4.0 (compatible; MSIE 6.0; Windows 98; MSN 8.0; MSNbMSNI; MSNmen-us; MSNcIA)"
204.94.232.43 - - [02/Mar/2003:07:31:13 -0800] "GET /Merchant2/graphics/en-US/admin/blank.gif HTTP/1.1" 200 43 "-" "Mozilla/4.0 (compatible; MSIE 5.0; Windows 98; DigExt; sureseeker.com)"
68.74.123.58 - - [02/Mar/2003:07:31:52 -0800] "GET /Merchant2/graphics/en-US/admin/blank.gif HTTP/1.1" 200 43 "http://www.smoke-away.us/index.htm" "Mozilla/4.0 (compatible; MSIE 6.0; Windows NT 5.1; Q312461; YComp 5.0.2.6)"
66.38.18.79 - - [02/Mar/2003:07:31:56 -0800] "GET /Merchant2/graphics/en-US/admin/blank.gif HTTP/1.1" 200 43 "http://www.7-day-smoke-away.net/" "Mozilla/4.0 (compatible; MSIE 6.0; Windows NT 5.1; Q312461; yie6)"
63.156.56.59 - - [02/Mar/2003:07:32:13 -0800] "GET /Merchant2/graphics/en-US/admin/blank.gif HTTP/1.1" 200 43 "http://www.smoke-away.us/index.htm" "Mozilla/4.0 (compatible; MSIE 6.0; Windows NT 5.1; YComp 5.0.2.6; .NET CLR 1.0.3705)"
68.74.123.58 - - [02/Mar/2003:07:32:18 -0800] "GET /Merchant2/202/spacer.gif HTTP/1.1" 200 43 "http://www.merchant247.net/Merchant2/merchant.mv?Screen=CTGY&Store_Code=health&Category_Code=202" "Mozilla/4.0 (compatible; MSIE 6.0; Windows NT 5.1; Q312461; YComp 5.0.2.6)"
68.74.123.58 - - [02/Mar/2003:07:32:18 -0800] "GET /Merchant2/merchant.mv?Screen=CTGY&Store_Code=health&Category_Code=202 HTTP/1.1" 200 20105 "http://www.smoke-away.us/index.htm" "Mozilla/4.0 (compatible; MSIE 6.0; Windows NT 5.1; Q312461; YComp 5.0.2.6)"
68.74.123.58 - - [02/Mar/2003:07:32:18 -0800] "GET /Merchant2/202/health_202_headmenu_r2_c1.jpg HTTP/1.1" 200 1687 "http://www.merchant247.net/Merchant2/merchant.mv?Screen=CTGY&Store_Code=health&Category_Code=202" "Mozilla/4.0 (compatible; MSIE 6.0; Windows NT 5.1; Q312461; YComp 5.0.2.6)"
68.74.123.58 - - [02/Mar/2003:07:32:19 -0800] "GET /Merchant2/202/health_202_headmenu_r1_c1.jpg HTTP/1.1" 200 17218 "http://www.merchant247.net/Merchant2/merchant.mv?Screen=CTGY&Store_Code=health&Category_Code=202" "Mozilla/4.0 (compatible; MSIE 6.0; Windows NT 5.1; Q312461; YComp 5.0.2.6)"
68.74.123.58 - - [02/Mar/2003:07:32:19 -0800] "GET /Merchant2/202/health_202_headmenu_r2_c2.jpg HTTP/1.1" 200 999 "http://www.merchant247.net/Merchant2/merchant.mv?Screen=CTGY&Store_Code=health&Category_Code=202" "Mozilla/4.0 (compatible; MSIE 6.0; Windows NT 5.1; Q312461; YComp 5.0.2.6)"
68.74.123.58 - - [02/Mar/2003:07:32:19 -0800] "GET /Merchant2/202/health_202_headmenu_r2_c4.jpg HTTP/1.1" 200 769 "http://www.merchant247.net/Merchant2/merchant.mv?Screen=CTGY&Store_Code=health&Category_Code=202" "Mozilla/4.0 (compatible; MSIE 6.0; Windows NT 5.1; Q312461; YComp 5.0.2.6)"
68.74.123.58 - - [02/Mar/2003:07:32:19 -0800] "GET /Merchant2/202/health_202_headmenu_r2_c5.jpg HTTP/1.1" 200 1267 "http://www.merchant247.net/Merchant2/merchant.mv?Screen=CTGY&Store_Code=health&Category_Code=202" "Mozilla/4.0 (compatible; MSIE 6.0; Windows NT 5.1; Q312461; YComp 5.0.2.6)"
68.74.123.58 - - [02/Mar/2003:07:32:19 -0800] "GET /Merchant2/202/health_202_headmenu_r2_c8.jpg HTTP/1.1" 200 841 "http://www.merchant247.net/Merchant2/merchant.mv?Screen=CTGY&Store_Code=health&Category_Code=202" "Mozilla/4.0 (compatible; MSIE 6.0; Windows NT 5.1; Q312461; YComp 5.0.2.6)"
68.74.123.58 - - [02/Mar/2003:07:32:19 -0800] "GET /Merchant2/202/health_202_headmenu_r2_c9.jpg HTTP/1.1" 200 1076 "http://www.merchant247.net/Merchant2/merchant.mv?Screen=CTGY&Store_Code=health&Category_Code=202" "Mozilla/4.0 (compatible; MSIE 6.0; Windows NT 5.1; Q312461; YComp 5.0.2.6)"
68.74.123.58 - - [02/Mar/2003:07:32:20 -0800] "GET /Merchant2/202/health_202_headmenu_r2_c11.jpg HTTP/1.1" 200 375 "http://www.merchant247.net/Merchant2/merchant.mv?Screen=CTGY&Store_Code=health&Category_Code=202" "Mozilla/4.0 (compatible; MSIE 6.0; Windows NT 5.1; Q312461; YComp 5.0.2.6)"
68.74.123.58 - - [02/Mar/2003:07:32:20 -0800] "GET /Merchant2/202/health_202_headmenu_r3_c2.jpg HTTP/1.1" 200 1332 "http://www.merchant247.net/Merchant2/merchant.mv?Screen=CTGY&Store_Code=health&Category_Code=202" "Mozilla/4.0 (compatible; MSIE 6.0; Windows NT 5.1; Q312461; YComp 5.0.2.6)"
68.74.123.58 - - [02/Mar/2003:07:32:20 -0800] "GET /Merchant2/202/health_202_headmenu_r2_c2_f2.jpg HTTP/1.1" 200 1121 "http://www.merchant247.net/Merchant2/merchant.mv?Screen=CTGY&Store_Code=health&Category_Code=202" "Mozilla/4.0 (compatible; MSIE 6.0; Windows NT 5.1; Q312461; YComp 5.0.2.6)"
68.74.123.58 - - [02/Mar/2003:07:32:20 -0800] "GET /Merchant2/202/health_202_headmenu_r2_c4_f2.jpg HTTP/1.1" 200 890 "http://www.merchant247.net/Merchant2/merchant.mv?Screen=CTGY&Store_Code=health&Category_Code=202" "Mozilla/4.0 (compatible; MSIE 6.0; Windows NT 5.1; Q312461; YComp 5.0.2.6)"
68.74.123.58 - - [02/Mar/2003:07:32:20 -0800] "GET /Merchant2/202/health_202_headmenu_r2_c5_f2.jpg HTTP/1.1" 200 1519 "http://www.merchant247.net/Merchant2/merchant.mv?Screen=CTGY&Store_Code=health&Category_Code=202" "Mozilla/4.0 (compatible; MSIE 6.0; Windows NT 5.1; Q312461; YComp 5.0.2.6)"
68.74.123.58 - - [02/Mar/2003:07:32:20 -0800] "GET /Merchant2/202/health_202_headmenu_r2_c8_f2.jpg HTTP/1.1" 200 994 "http://www.merchant247.net/Merchant2/merchant.mv?Screen=CTGY&Store_Code=health&Category_Code=202" "Mozilla/4.0 (compatible; MSIE 6.0; Windows NT 5.1; Q312461; YComp 5.0.2.6)"
68.74.123.58 - - [02/Mar/2003:07:32:20 -0800] "GET /Merchant2/202/health_202_headmenu_r2_c9_f2.jpg HTTP/1.1" 200 1275 "http://www.merchant247.net/Merchant2/merchant.mv?Screen=CTGY&Store_Code=health&Category_Code=202" "Mozilla/4.0 (compatible; MSIE 6.0; Windows NT 5.1; Q312461; YComp 5.0.2.6)"
216.158.64.43 - - [02/Mar/2003:07:32:28 -0800] "GET /Merchant2/merchant.mv?Screen=CTGY&Store_Code=health&Category_Code=202 HTTP/1.0" 200 20059 "http://www.smoke-away.us/facts.htm" "Mozilla/4.0 (compatible; MSIE 6.0; Windows 98; Win 9x 4.90; YComp 5.0.0.0)"
66.38.18.79 - - [02/Mar/2003:07:32:46 -0800] "GET /Merchant2/graphics/en-US/admin/blank.gif HTTP/1.1" 304 - "http://www.smoke-away.us/index.htm" "Mozilla/4.0 (compatible; MSIE 6.0; Windows NT 5.1; Q312461; yie6)"
216.158.64.43 - - [02/Mar/2003:07:33:07 -0800] "POST /Merchant2/merchant.mv? HTTP/1.0" 200 42825 "http://www.merchant247.net/Merchant2/merchant.mv?Screen=CTGY&Store_Code=health&Category_Code=202" "Mozilla/4.0 (compatible; MSIE 6.0; Windows 98; Win 9x 4.90; YComp 5.0.0.0)"
64.12.97.11 - - [02/Mar/2003:07:33:16 -0800] "GET /Merchant2/merchant.mv?Screen=CTGY&Store_Code=health&Category_Code=202 HTTP/1.1" 200 20104 "http://www.smoke-away.us/testimonials.htm" "Mozilla/4.0 (compatible; MSIE 5.5; AOL 6.0; Windows 98)"
64.12.96.137 - - [02/Mar/2003:07:33:19 -0800] "GET /Merchant2/202/spacer.gif HTTP/1.1" 200 43 "http://www.merchant247.net/Merchant2/merchant.mv?Screen=CTGY&Store_Code=health&Category_Code=202" "Mozilla/4.0 (compatible; MSIE 5.5; AOL 6.0; Windows 98)"
64.12.96.199 - - [02/Mar/2003:07:33:27 -0800] "GET /Merchant2/202/health_202_headmenu_r2_c5_f2.jpg HTTP/1.1" 200 1519 "http://www.merchant247.net/Merchant2/merchant.mv?Screen=CTGY&Store_Code=health&Category_Code=202" "Mozilla/4.0 (compatible; MSIE 5.5; AOL 6.0; Windows 98)"
64.222.213.209 - - [02/Mar/2003:07:35:07 -0800] "GET /Merchant2/merchant.mv?Screen=CTGY&Store_Code=health&Category_Code=84 HTTP/1.1" 200 17094 "http://www.herbal-breast-enlargement.net/questions.htm" "Mozilla/4.0 (compatible; MSIE 6.0; Windows NT 5.1)"
64.222.213.209 - - [02/Mar/2003:07:35:08 -0800] "GET /Merchant2/84/spacer.gif HTTP/1.1" 200 43 "http://www.merchant247.net/Merchant2/merchant.mv?Screen=CTGY&Store_Code=health&Category_Code=84" "Mozilla/4.0 (compatible; MSIE 6.0; Windows NT 5.1)"
64.222.213.209 - - [02/Mar/2003:07:35:09 -0800] "GET /Merchant2/84/health_84_headmenu_r2_c1.jpg HTTP/1.1" 200 293 "http://www.merchant247.net/Merchant2/merchant.mv?Screen=CTGY&Store_Code=health&Category_Code=84" "Mozilla/4.0 (compatible; MSIE 6.0; Windows NT 5.1)"
64.222.213.209 - - [02/Mar/2003:07:35:10 -0800] "GET /Merchant2/84/health_84_headmenu_r2_c2.jpg HTTP/1.1" 200 1945 "http://www.merchant247.net/Merchant2/merchant.mv?Screen=CTGY&Store_Code=health&Category_Code=84" "Mozilla/4.0 (compatible; MSIE 6.0; Windows NT 5.1)"
64.222.213.209 - - [02/Mar/2003:07:35:11 -0800] "GET /Merchant2/84/health_84_headmenu_r1_c1.jpg HTTP/1.1" 200 14772 "http://www.merchant247.net/Merchant2/merchant.mv?Screen=CTGY&Store_Code=health&Category_Code=84" "Mozilla/4.0 (compatible; MSIE 6.0; Windows NT 5.1)"
64.222.213.209 - - [02/Mar/2003:07:35:14 -0800] "GET /Merchant2/84/health_84_headmenu_r2_c3.jpg HTTP/1.1" 200 288 "http://www.merchant247.net/Merchant2/merchant.mv?Screen=CTGY&Store_Code=health&Category_Code=84" "Mozilla/4.0 (compatible; MSIE 6.0; Windows NT 5.1)"
64.222.213.209 - - [02/Mar/2003:07:35:15 -0800] "GET /Merchant2/84/health_84_headmenu_r2_c4.jpg HTTP/1.1" 200 2094 "http://www.merchant247.net/Merchant2/merchant.mv?Screen=CTGY&Store_Code=health&Category_Code=84" "Mozilla/4.0 (compatible; MSIE 6.0; Windows NT 5.1)"
64.222.213.209 - - [02/Mar/2003:07:35:15 -0800] "GET /Merchant2/84/health_84_headmenu_r2_c5.jpg HTTP/1.1" 200 288 "http://www.merchant247.net/Merchant2/merchant.mv?Screen=CTGY&Store_Code=health&Category_Code=84" "Mozilla/4.0 (compatible; MSIE 6.0; Windows NT 5.1)"
64.222.213.209 - - [02/Mar/2003:07:35:16 -0800] "GET /Merchant2/84/health_84_headmenu_r2_c6.jpg HTTP/1.1" 200 2309 "http://www.merchant247.net/Merchant2/merchant.mv?Screen=CTGY&Store_Code=health&Category_Code=84" "Mozilla/4.0 (compatible; MSIE 6.0; Windows NT 5.1)"
64.222.213.209 - - [02/Mar/2003:07:35:16 -0800] "GET /Merchant2/84/health_84_headmenu_r2_c7.jpg HTTP/1.1" 200 293 "http://www.merchant247.net/Merchant2/merchant.mv?Screen=CTGY&Store_Code=health&Category_Code=84" "Mozilla/4.0 (compatible; MSIE 6.0; Windows NT 5.1)"
64.222.213.209 - - [02/Mar/2003:07:35:17 -0800] "GET /Merchant2/84/health_84_headmenu_r3_c2.jpg HTTP/1.1" 200 323 "http://www.merchant247.net/Merchant2/merchant.mv?Screen=CTGY&Store_Code=health&Category_Code=84" "Mozilla/4.0 (compatible; MSIE 6.0; Windows NT 5.1)"
64.222.213.209 - - [02/Mar/2003:07:35:18 -0800] "GET /Merchant2/84/health_84_headmenu_r3_c4.jpg HTTP/1.1" 200 323 "http://www.merchant247.net/Merchant2/merchant.mv?Screen=CTGY&Store_Code=health&Category_Code=84" "Mozilla/4.0 (compatible; MSIE 6.0; Windows NT 5.1)"
64.222.213.209 - - [02/Mar/2003:07:35:18 -0800] "GET /Merchant2/84/health_84_headmenu_r3_c6.jpg HTTP/1.1" 200 323 "http://www.merchant247.net/Merchant2/merchant.mv?Screen=CTGY&Store_Code=health&Category_Code=84" "Mozilla/4.0 (compatible; MSIE 6.0; Windows NT 5.1)"
206.77.46.2 - - [02/Mar/2003:07:36:34 -0800] "GET /Merchant2/graphics/en-US/admin/blank.gif HTTP/1.0" 200 43 "http://www.7-day-smoke-away.net/" "Mozilla/4.75 [en] (Win98; U)"
65.199.125.94 - - [02/Mar/2003:07:37:52 -0800] "GET /Merchant2/graphics/en-US/admin/blank.gif HTTP/1.1" 200 43 "http://www.7-day-smoke-away.net/" "Mozilla/4.0 (compatible; MSIE 6.0; Windows 98; Win 9x 4.90)"
12.249.152.132 - - [02/Mar/2003:07:38:10 -0800] "GET /Merchant2/merchant.mv?Screen=CTGY&Store_Code=health&Category_Code=202 HTTP/1.1" 200 20102 "http://www.smoke-away.us/index.htm" "Mozilla/4.0 (compatible; MSIE 6.0; Windows 98)"
66.25.24.233 - - [02/Mar/2003:07:39:34 -0800] "GET /Merchant2/graphics/en-US/admin/blank.gif HTTP/1.1" 200 43 "http://www.7-day-smoke-away.net/" "Mozilla/4.0 (compatible; MSIE 6.0; Windows NT 5.1)"
64.132.168.123 - - [02/Mar/2003:07:40:25 -0800] "GET /Merchant2/graphics/en-US/admin/blank.gif HTTP/1.0" 200 43 "http://www.7-day-smoke-away.net/index.htm" "Mozilla/4.0 (compatible; MSIE 6.0; Windows NT 5.0; YComp 5.0.2.6)"
64.132.168.123 - - [02/Mar/2003:07:40:35 -0800] "GET /Merchant2/201/spacer.gif HTTP/1.0" 200 43 "http://www.merchant247.net/Merchant2/merchant.mv?Screen=CTGY&Store_Code=health&Category_Code=201" "Mozilla/4.0 (compatible; MSIE 6.0; Windows NT 5.0; YComp 5.0.2.6)"
64.132.168.123 - - [02/Mar/2003:07:40:35 -0800] "GET /Merchant2/201/logo_7_day.jpg HTTP/1.0" 200 5243 "http://www.merchant247.net/Merchant2/merchant.mv?Screen=CTGY&Store_Code=health&Category_Code=201" "Mozilla/4.0 (compatible; MSIE 6.0; Windows NT 5.0; YComp 5.0.2.6)"
64.132.168.123 - - [02/Mar/2003:07:40:36 -0800] "GET /Merchant2/merchant.mv?Screen=CTGY&Store_Code=health&Category_Code=201 HTTP/1.0" 200 53307 "http://www.7-day-smoke-away.net/index.htm" "Mozilla/4.0 (compatible; MSIE 6.0; Windows NT 5.0; YComp 5.0.2.6)"
64.132.168.123 - - [02/Mar/2003:07:40:36 -0800] "GET /Merchant2/201/health_201_headmenu_r1_c11.jpg HTTP/1.0" 200 344 "http://www.merchant247.net/Merchant2/merchant.mv?Screen=CTGY&Store_Code=health&Category_Code=201" "Mozilla/4.0 (compatible; MSIE 6.0; Windows NT 5.0; YComp 5.0.2.6)"
64.132.168.123 - - [02/Mar/2003:07:40:36 -0800] "GET /Merchant2/201/health_201_headmenu_r1_c12.jpg HTTP/1.0" 200 3079 "http://www.merchant247.net/Merchant2/merchant.mv?Screen=CTGY&Store_Code=health&Category_Code=201" "Mozilla/4.0 (compatible; MSIE 6.0; Windows NT 5.0; YComp 5.0.2.6)"
64.132.168.123 - - [02/Mar/2003:07:40:36 -0800] "GET /Merchant2/201/health_201_headmenu_r1_c14.jpg HTTP/1.0" 200 5279 "http://www.merchant247.net/Merchant2/merchant.mv?Screen=CTGY&Store_Code=health&Category_Code=201" "Mozilla/4.0 (compatible; MSIE 6.0; Windows NT 5.0; YComp 5.0.2.6)"
64.132.168.123 - - [02/Mar/2003:07:40:36 -0800] "GET /Merchant2/201/health_201_headmenu_r2_c1.jpg HTTP/1.0" 200 4168 "http://www.merchant247.net/Merchant2/merchant.mv?Screen=CTGY&Store_Code=health&Category_Code=201" "Mozilla/4.0 (compatible; MSIE 6.0; Windows NT 5.0; YComp 5.0.2.6)"
64.132.168.123 - - [02/Mar/2003:07:40:37 -0800] "GET /Merchant2/201/health_201_headmenu_r2_c12.jpg HTTP/1.0" 200 3144 "http://www.merchant247.net/Merchant2/merchant.mv?Screen=CTGY&Store_Code=health&Category_Code=201" "Mozilla/4.0 (compatible; MSIE 6.0; Windows NT 5.0; YComp 5.0.2.6)"
64.132.168.123 - - [02/Mar/2003:07:40:37 -0800] "GET /Merchant2/201/health_201_headmenu_r3_c1.jpg HTTP/1.0" 200 430 "http://www.merchant247.net/Merchant2/merchant.mv?Screen=CTGY&Store_Code=health&Category_Code=201" "Mozilla/4.0 (compatible; MSIE 6.0; Windows NT 5.0; YComp 5.0.2.6)"
64.132.168.123 - - [02/Mar/2003:07:40:37 -0800] "GET /Merchant2/201/health_201_headmenu_r3_c6.jpg HTTP/1.0" 200 2274 "http://www.merchant247.net/Merchant2/merchant.mv?Screen=CTGY&Store_Code=health&Category_Code=201" "Mozilla/4.0 (compatible; MSIE 6.0; Windows NT 5.0; YComp 5.0.2.6)"
64.132.168.123 - - [02/Mar/2003:07:40:37 -0800] "GET /Merchant2/201/health_201_headmenu_r3_c7.jpg HTTP/1.0" 200 403 "http://www.merchant247.net/Merchant2/merchant.mv?Screen=CTGY&Store_Code=health&Category_Code=201" "Mozilla/4.0 (compatible; MSIE 6.0; Windows NT 5.0; YComp 5.0.2.6)"
64.132.168.123 - - [02/Mar/2003:07:40:37 -0800] "GET /Merchant2/201/health_201_headmenu_r4_c1.jpg HTTP/1.0" 200 426 "http://www.merchant247.net/Merchant2/merchant.mv?Screen=CTGY&Store_Code=health&Category_Code=201" "Mozilla/4.0 (compatible; MSIE 6.0; Windows NT 5.0; YComp 5.0.2.6)"
64.132.168.123 - - [02/Mar/2003:07:40:37 -0800] "GET /Merchant2/201/health_201_headmenu_r4_c2.jpg HTTP/1.0" 200 685 "http://www.merchant247.net/Merchant2/merchant.mv?Screen=CTGY&Store_Code=health&Category_Code=201" "Mozilla/4.0 (compatible; MSIE 6.0; Windows NT 5.0; YComp 5.0.2.6)"
64.132.168.123 - - [02/Mar/2003:07:40:37 -0800] "GET /Merchant2/201/health_201_headmenu_r4_c3.jpg HTTP/1.0" 200 665 "http://www.merchant247.net/Merchant2/merchant.mv?Screen=CTGY&Store_Code=health&Category_Code=201" "Mozilla/4.0 (compatible; MSIE 6.0; Windows NT 5.0; YComp 5.0.2.6)"
64.132.168.123 - - [02/Mar/2003:07:40:37 -0800] "GET /Merchant2/201/health_201_headmenu_r4_c4.jpg HTTP/1.0" 200 696 "http://www.merchant247.net/Merchant2/merchant.mv?Screen=CTGY&Store_Code=health&Category_Code=201" "Mozilla/4.0 (compatible; MSIE 6.0; Windows NT 5.0; YComp 5.0.2.6)"
64.132.168.123 - - [02/Mar/2003:07:40:38 -0800] "GET /Merchant2/201/health_201_headmenu_r4_c5.jpg HTTP/1.0" 200 753 "http://www.merchant247.net/Merchant2/merchant.mv?Screen=CTGY&Store_Code=health&Category_Code=201" "Mozilla/4.0 (compatible; MSIE 6.0; Windows NT 5.0; YComp 5.0.2.6)"
64.132.168.123 - - [02/Mar/2003:07:40:38 -0800] "GET /Merchant2/201/health_201_headmenu_r5_c7.jpg HTTP/1.0" 200 737 "http://www.merchant247.net/Merchant2/merchant.mv?Screen=CTGY&Store_Code=health&Category_Code=201" "Mozilla/4.0 (compatible; MSIE 6.0; Windows NT 5.0; YComp 5.0.2.6)"
