63.186.169.157 - - [02/Mar/2003:05:52:52 -0800] "GET /Merchant2/202/spacer.gif HTTP/1.1" 200 43 "http://www.merchant247.net/Merchant2/merchant.mv?Screen=CTGY&Store_Code=health&Category_Code=202" "Mozilla/4.0 (compatible; MSIE 6.0; Windows NT 5.0)"
63.186.169.157 - - [02/Mar/2003:05:52:52 -0800] "GET /Merchant2/merchant.mv?Screen=CTGY&Store_Code=health&Category_Code=202 HTTP/1.1" 200 20105 "http://www.smoke-away.us/" "Mozilla/4.0 (compatible; MSIE 6.0; Windows NT 5.0)"
63.186.169.157 - - [02/Mar/2003:05:52:56 -0800] "GET /Merchant2/202/health_202_headmenu_r2_c1.jpg HTTP/1.1" 200 1687 "http://www.merchant247.net/Merchant2/merchant.mv?Screen=CTGY&Store_Code=health&Category_Code=202" "Mozilla/4.0 (compatible; MSIE 6.0; Windows NT 5.0)"
63.186.169.157 - - [02/Mar/2003:05:52:57 -0800] "GET /Merchant2/202/health_202_headmenu_r1_c1.jpg HTTP/1.1" 200 17218 "http://www.merchant247.net/Merchant2/merchant.mv?Screen=CTGY&Store_Code=health&Category_Code=202" "Mozilla/4.0 (compatible; MSIE 6.0; Windows NT 5.0)"
63.186.169.157 - - [02/Mar/2003:05:53:00 -0800] "GET /Merchant2/202/health_202_headmenu_r2_c2.jpg HTTP/1.1" 200 999 "http://www.merchant247.net/Merchant2/merchant.mv?Screen=CTGY&Store_Code=health&Category_Code=202" "Mozilla/4.0 (compatible; MSIE 6.0; Windows NT 5.0)"
63.186.169.157 - - [02/Mar/2003:05:53:02 -0800] "GET /Merchant2/202/health_202_headmenu_r2_c4.jpg HTTP/1.1" 200 769 "http://www.merchant247.net/Merchant2/merchant.mv?Screen=CTGY&Store_Code=health&Category_Code=202" "Mozilla/4.0 (compatible; MSIE 6.0; Windows NT 5.0)"
63.186.169.157 - - [02/Mar/2003:05:53:02 -0800] "GET /Merchant2/202/health_202_headmenu_r2_c5.jpg HTTP/1.1" 200 1267 "http://www.merchant247.net/Merchant2/merchant.mv?Screen=CTGY&Store_Code=health&Category_Code=202" "Mozilla/4.0 (compatible; MSIE 6.0; Windows NT 5.0)"
65.57.5.177 - - [02/Mar/2003:05:53:02 -0800] "GET /Merchant2/graphics/en-US/admin/blank.gif HTTP/1.1" 304 - "http://www.7-day-smoke-away.net/faq.htm" "Mozilla/4.0 (compatible; MSIE 6.0; Windows 98)"
63.186.169.157 - - [02/Mar/2003:05:53:03 -0800] "GET /Merchant2/202/health_202_headmenu_r2_c8.jpg HTTP/1.1" 200 841 "http://www.merchant247.net/Merchant2/merchant.mv?Screen=CTGY&Store_Code=health&Category_Code=202" "Mozilla/4.0 (compatible; MSIE 6.0; Windows NT 5.0)"
63.186.169.157 - - [02/Mar/2003:05:53:03 -0800] "GET /Merchant2/202/health_202_headmenu_r2_c9.jpg HTTP/1.1" 200 1076 "http://www.merchant247.net/Merchant2/merchant.mv?Screen=CTGY&Store_Code=health&Category_Code=202" "Mozilla/4.0 (compatible; MSIE 6.0; Windows NT 5.0)"
63.186.169.157 - - [02/Mar/2003:05:53:04 -0800] "GET /Merchant2/202/health_202_headmenu_r2_c11.jpg HTTP/1.1" 200 375 "http://www.merchant247.net/Merchant2/merchant.mv?Screen=CTGY&Store_Code=health&Category_Code=202" "Mozilla/4.0 (compatible; MSIE 6.0; Windows NT 5.0)"
63.186.169.157 - - [02/Mar/2003:05:53:04 -0800] "GET /Merchant2/202/health_202_headmenu_r3_c2.jpg HTTP/1.1" 200 1332 "http://www.merchant247.net/Merchant2/merchant.mv?Screen=CTGY&Store_Code=health&Category_Code=202" "Mozilla/4.0 (compatible; MSIE 6.0; Windows NT 5.0)"
63.186.169.157 - - [02/Mar/2003:05:53:05 -0800] "GET /Merchant2/202/health_202_headmenu_r2_c2_f2.jpg HTTP/1.1" 200 1121 "http://www.merchant247.net/Merchant2/merchant.mv?Screen=CTGY&Store_Code=health&Category_Code=202" "Mozilla/4.0 (compatible; MSIE 6.0; Windows NT 5.0)"
63.186.169.157 - - [02/Mar/2003:05:53:05 -0800] "GET /Merchant2/202/health_202_headmenu_r2_c4_f2.jpg HTTP/1.1" 200 890 "http://www.merchant247.net/Merchant2/merchant.mv?Screen=CTGY&Store_Code=health&Category_Code=202" "Mozilla/4.0 (compatible; MSIE 6.0; Windows NT 5.0)"
63.186.169.157 - - [02/Mar/2003:05:53:07 -0800] "GET /Merchant2/202/health_202_headmenu_r2_c5_f2.jpg HTTP/1.1" 200 1519 "http://www.merchant247.net/Merchant2/merchant.mv?Screen=CTGY&Store_Code=health&Category_Code=202" "Mozilla/4.0 (compatible; MSIE 6.0; Windows NT 5.0)"
63.186.169.157 - - [02/Mar/2003:05:53:07 -0800] "GET /Merchant2/202/health_202_headmenu_r2_c8_f2.jpg HTTP/1.1" 200 994 "http://www.merchant247.net/Merchant2/merchant.mv?Screen=CTGY&Store_Code=health&Category_Code=202" "Mozilla/4.0 (compatible; MSIE 6.0; Windows NT 5.0)"
63.186.169.157 - - [02/Mar/2003:05:53:08 -0800] "GET /Merchant2/202/health_202_headmenu_r2_c9_f2.jpg HTTP/1.1" 200 1275 "http://www.merchant247.net/Merchant2/merchant.mv?Screen=CTGY&Store_Code=health&Category_Code=202" "Mozilla/4.0 (compatible; MSIE 6.0; Windows NT 5.0)"
216.152.12.69 - - [02/Mar/2003:05:53:51 -0800] "GET /Merchant2/201/spacer.gif HTTP/1.1" 304 - "http://www.merchant247.net/Merchant2/merchant.mv?Screen=CTGY&Store_Code=health&Category_Code=201" "Mozilla/4.0 (compatible; MSIE 6.0; Windows 98)"
216.152.12.69 - - [02/Mar/2003:05:53:53 -0800] "GET /Merchant2/201/logo_7_day.jpg HTTP/1.1" 304 - "http://www.merchant247.net/Merchant2/merchant.mv?Screen=CTGY&Store_Code=health&Category_Code=201" "Mozilla/4.0 (compatible; MSIE 6.0; Windows 98)"
216.152.12.69 - - [02/Mar/2003:05:53:53 -0800] "GET /Merchant2/merchant.mv?Screen=CTGY&Store_Code=health&Category_Code=201 HTTP/1.1" 200 53421 "http://www.7-day-smoke-away.net/index.htm" "Mozilla/4.0 (compatible; MSIE 6.0; Windows 98)"
216.152.12.69 - - [02/Mar/2003:05:53:54 -0800] "GET /Merchant2/201/health_201_headmenu_r1_c11.jpg HTTP/1.1" 304 - "http://www.merchant247.net/Merchant2/merchant.mv?Screen=CTGY&Store_Code=health&Category_Code=201" "Mozilla/4.0 (compatible; MSIE 6.0; Windows 98)"
216.152.12.69 - - [02/Mar/2003:05:53:55 -0800] "GET /Merchant2/201/health_201_headmenu_r1_c12.jpg HTTP/1.1" 304 - "http://www.merchant247.net/Merchant2/merchant.mv?Screen=CTGY&Store_Code=health&Category_Code=201" "Mozilla/4.0 (compatible; MSIE 6.0; Windows 98)"
216.152.12.69 - - [02/Mar/2003:05:53:55 -0800] "GET /Merchant2/201/health_201_headmenu_r1_c14.jpg HTTP/1.1" 304 - "http://www.merchant247.net/Merchant2/merchant.mv?Screen=CTGY&Store_Code=health&Category_Code=201" "Mozilla/4.0 (compatible; MSIE 6.0; Windows 98)"
216.152.12.69 - - [02/Mar/2003:05:53:56 -0800] "GET /Merchant2/201/health_201_headmenu_r2_c1.jpg HTTP/1.1" 304 - "http://www.merchant247.net/Merchant2/merchant.mv?Screen=CTGY&Store_Code=health&Category_Code=201" "Mozilla/4.0 (compatible; MSIE 6.0; Windows 98)"
216.152.12.69 - - [02/Mar/2003:05:53:56 -0800] "GET /Merchant2/201/health_201_headmenu_r2_c12.jpg HTTP/1.1" 304 - "http://www.merchant247.net/Merchant2/merchant.mv?Screen=CTGY&Store_Code=health&Category_Code=201" "Mozilla/4.0 (compatible; MSIE 6.0; Windows 98)"
216.152.12.69 - - [02/Mar/2003:05:53:57 -0800] "GET /Merchant2/201/health_201_headmenu_r3_c1.jpg HTTP/1.1" 304 - "http://www.merchant247.net/Merchant2/merchant.mv?Screen=CTGY&Store_Code=health&Category_Code=201" "Mozilla/4.0 (compatible; MSIE 6.0; Windows 98)"
216.152.12.69 - - [02/Mar/2003:05:53:57 -0800] "GET /Merchant2/201/health_201_headmenu_r3_c6.jpg HTTP/1.1" 304 - "http://www.merchant247.net/Merchant2/merchant.mv?Screen=CTGY&Store_Code=health&Category_Code=201" "Mozilla/4.0 (compatible; MSIE 6.0; Windows 98)"
216.152.12.69 - - [02/Mar/2003:05:53:57 -0800] "GET /Merchant2/201/health_201_headmenu_r3_c7.jpg HTTP/1.1" 304 - "http://www.merchant247.net/Merchant2/merchant.mv?Screen=CTGY&Store_Code=health&Category_Code=201" "Mozilla/4.0 (compatible; MSIE 6.0; Windows 98)"
216.152.12.69 - - [02/Mar/2003:05:53:58 -0800] "GET /Merchant2/201/health_201_headmenu_r4_c1.jpg HTTP/1.1" 304 - "http://www.merchant247.net/Merchant2/merchant.mv?Screen=CTGY&Store_Code=health&Category_Code=201" "Mozilla/4.0 (compatible; MSIE 6.0; Windows 98)"
216.152.12.69 - - [02/Mar/2003:05:53:58 -0800] "GET /Merchant2/201/health_201_headmenu_r4_c2.jpg HTTP/1.1" 304 - "http://www.merchant247.net/Merchant2/merchant.mv?Screen=CTGY&Store_Code=health&Category_Code=201" "Mozilla/4.0 (compatible; MSIE 6.0; Windows 98)"
216.152.12.69 - - [02/Mar/2003:05:53:58 -0800] "GET /Merchant2/201/health_201_headmenu_r4_c3.jpg HTTP/1.1" 304 - "http://www.merchant247.net/Merchant2/merchant.mv?Screen=CTGY&Store_Code=health&Category_Code=201" "Mozilla/4.0 (compatible; MSIE 6.0; Windows 98)"
216.152.12.69 - - [02/Mar/2003:05:53:58 -0800] "GET /Merchant2/201/health_201_headmenu_r4_c4.jpg HTTP/1.1" 304 - "http://www.merchant247.net/Merchant2/merchant.mv?Screen=CTGY&Store_Code=health&Category_Code=201" "Mozilla/4.0 (compatible; MSIE 6.0; Windows 98)"
216.152.12.69 - - [02/Mar/2003:05:53:59 -0800] "GET /Merchant2/201/health_201_headmenu_r4_c5.jpg HTTP/1.1" 304 - "http://www.merchant247.net/Merchant2/merchant.mv?Screen=CTGY&Store_Code=health&Category_Code=201" "Mozilla/4.0 (compatible; MSIE 6.0; Windows 98)"
216.152.12.69 - - [02/Mar/2003:05:53:59 -0800] "GET /Merchant2/201/health_201_headmenu_r5_c7.jpg HTTP/1.1" 304 - "http://www.merchant247.net/Merchant2/merchant.mv?Screen=CTGY&Store_Code=health&Category_Code=201" "Mozilla/4.0 (compatible; MSIE 6.0; Windows 98)"
216.152.12.69 - - [02/Mar/2003:05:53:59 -0800] "GET /Merchant2/201/health_201_headmenu_r5_c8.jpg HTTP/1.1" 304 - "http://www.merchant247.net/Merchant2/merchant.mv?Screen=CTGY&Store_Code=health&Category_Code=201" "Mozilla/4.0 (compatible; MSIE 6.0; Windows 98)"
216.152.12.69 - - [02/Mar/2003:05:53:59 -0800] "GET /Merchant2/201/health_201_headmenu_r5_c9.jpg HTTP/1.1" 304 - "http://www.merchant247.net/Merchant2/merchant.mv?Screen=CTGY&Store_Code=health&Category_Code=201" "Mozilla/4.0 (compatible; MSIE 6.0; Windows 98)"
216.152.12.69 - - [02/Mar/2003:05:54:00 -0800] "GET /Merchant2/201/health_201_headmenu_r5_c10.jpg HTTP/1.1" 304 - "http://www.merchant247.net/Merchant2/merchant.mv?Screen=CTGY&Store_Code=health&Category_Code=201" "Mozilla/4.0 (compatible; MSIE 6.0; Windows 98)"
216.152.12.69 - - [02/Mar/2003:05:54:00 -0800] "GET /Merchant2/201/health_201_headmenu_r5_c13.jpg HTTP/1.1" 304 - "http://www.merchant247.net/Merchant2/merchant.mv?Screen=CTGY&Store_Code=health&Category_Code=201" "Mozilla/4.0 (compatible; MSIE 6.0; Windows 98)"
216.152.12.69 - - [02/Mar/2003:05:54:00 -0800] "GET /Merchant2/201/health_201_headmenu_r6_c2.jpg HTTP/1.1" 304 - "http://www.merchant247.net/Merchant2/merchant.mv?Screen=CTGY&Store_Code=health&Category_Code=201" "Mozilla/4.0 (compatible; MSIE 6.0; Windows 98)"
216.152.12.69 - - [02/Mar/2003:05:54:01 -0800] "GET /Merchant2/201/health_201_headmenu_r7_c8.jpg HTTP/1.1" 304 - "http://www.merchant247.net/Merchant2/merchant.mv?Screen=CTGY&Store_Code=health&Category_Code=201" "Mozilla/4.0 (compatible; MSIE 6.0; Windows 98)"
216.152.12.69 - - [02/Mar/2003:05:54:01 -0800] "GET /Merchant2/201/health_201_headmenu_r7_c10.jpg HTTP/1.1" 304 - "http://www.merchant247.net/Merchant2/merchant.mv?Screen=CTGY&Store_Code=health&Category_Code=201" "Mozilla/4.0 (compatible; MSIE 6.0; Windows 98)"
216.152.12.69 - - [02/Mar/2003:05:54:01 -0800] "GET /Merchant2/201/health_201_headmenu_r8_c4.jpg HTTP/1.1" 304 - "http://www.merchant247.net/Merchant2/merchant.mv?Screen=CTGY&Store_Code=health&Category_Code=201" "Mozilla/4.0 (compatible; MSIE 6.0; Windows 98)"
216.152.12.69 - - [02/Mar/2003:05:54:01 -0800] "GET /Merchant2/201/health_201_headmenu_r9_c6.jpg HTTP/1.1" 304 - "http://www.merchant247.net/Merchant2/merchant.mv?Screen=CTGY&Store_Code=health&Category_Code=201" "Mozilla/4.0 (compatible; MSIE 6.0; Windows 98)"
216.152.12.69 - - [02/Mar/2003:05:54:02 -0800] "GET /Merchant2/201/health_201_headmenu_r4_c10.jpg HTTP/1.1" 404 353 "http://www.merchant247.net/Merchant2/merchant.mv?Screen=CTGY&Store_Code=health&Category_Code=201" "Mozilla/4.0 (compatible; MSIE 6.0; Windows 98)"
216.152.12.69 - - [02/Mar/2003:05:54:02 -0800] "GET /Merchant2/201/free_shipping.jpg HTTP/1.1" 304 - "http://www.merchant247.net/Merchant2/merchant.mv?Screen=CTGY&Store_Code=health&Category_Code=201" "Mozilla/4.0 (compatible; MSIE 6.0; Windows 98)"
216.152.12.69 - - [02/Mar/2003:05:54:03 -0800] "GET /Merchant2/201/health_201_headmenu_r3_c6_f2.jpg HTTP/1.1" 304 - "http://www.merchant247.net/Merchant2/merchant.mv?Screen=CTGY&Store_Code=health&Category_Code=201" "Mozilla/4.0 (compatible; MSIE 6.0; Windows 98)"
216.152.12.69 - - [02/Mar/2003:05:54:03 -0800] "GET /Merchant2/201/health_201_headmenu_r4_c2_f2.jpg HTTP/1.1" 304 - "http://www.merchant247.net/Merchant2/merchant.mv?Screen=CTGY&Store_Code=health&Category_Code=201" "Mozilla/4.0 (compatible; MSIE 6.0; Windows 98)"
216.152.12.69 - - [02/Mar/2003:05:54:04 -0800] "GET /Merchant2/201/health_201_headmenu_r4_c4_f2.jpg HTTP/1.1" 304 - "http://www.merchant247.net/Merchant2/merchant.mv?Screen=CTGY&Store_Code=health&Category_Code=201" "Mozilla/4.0 (compatible; MSIE 6.0; Windows 98)"
216.152.12.69 - - [02/Mar/2003:05:54:04 -0800] "GET /Merchant2/201/health_201_headmenu_r5_c8_f2.jpg HTTP/1.1" 304 - "http://www.merchant247.net/Merchant2/merchant.mv?Screen=CTGY&Store_Code=health&Category_Code=201" "Mozilla/4.0 (compatible; MSIE 6.0; Windows 98)"
216.152.12.69 - - [02/Mar/2003:05:54:05 -0800] "GET /Merchant2/201/health_201_headmenu_r5_c10_f2.jpg HTTP/1.1" 304 - "http://www.merchant247.net/Merchant2/merchant.mv?Screen=CTGY&Store_Code=health&Category_Code=201" "Mozilla/4.0 (compatible; MSIE 6.0; Windows 98)"
65.57.5.177 - - [02/Mar/2003:05:54:28 -0800] "GET /Merchant2/graphics/en-US/admin/blank.gif HTTP/1.1" 304 - "http://www.7-day-smoke-away.net/index.htm" "Mozilla/4.0 (compatible; MSIE 6.0; Windows 98)"
208.33.40.33 - - [02/Mar/2003:05:54:29 -0800] "GET /Merchant2/graphics/en-US/admin/blank.gif HTTP/1.1" 200 43 "http://www.7-day-smoke-away.net/" "Mozilla/4.0 (compatible; MSIE 5.0; Windows 98; DigExt)"
208.61.210.67 - - [02/Mar/2003:05:54:43 -0800] "GET /Merchant2/graphics/en-US/admin/blank.gif HTTP/1.1" 304 - "http://www.7-day-smoke-away.net/" "Mozilla/4.0 (compatible; MSIE 6.0; Windows 98; Snap.home.5)"
216.152.12.69 - - [02/Mar/2003:05:54:53 -0800] "POST /Merchant2/merchant.mv? HTTP/1.1" 200 14090 "http://www.merchant247.net/Merchant2/merchant.mv?Screen=CTGY&Store_Code=health&Category_Code=201" "Mozilla/4.0 (compatible; MSIE 6.0; Windows 98)"
65.132.36.9 - - [02/Mar/2003:05:55:01 -0800] "GET /Merchant2/202/spacer.gif HTTP/1.1" 200 43 "http://www.merchant247.net/Merchant2/merchant.mv?Screen=CTGY&Store_Code=health&Category_Code=202" "Mozilla/4.0 (compatible; MSIE 5.01; Windows 98; YComp 5.0.2.4)"
65.132.36.9 - - [02/Mar/2003:05:55:06 -0800] "GET /Merchant2/merchant.mv?Screen=CTGY&Store_Code=health&Category_Code=202 HTTP/1.1" 200 20104 "http://www.smoke-away.us/index.htm" "Mozilla/4.0 (compatible; MSIE 5.01; Windows 98; YComp 5.0.2.4)"
65.132.36.9 - - [02/Mar/2003:05:55:15 -0800] "GET /Merchant2/202/health_202_headmenu_r2_c1.jpg HTTP/1.1" 200 1687 "http://www.merchant247.net/Merchant2/merchant.mv?Screen=CTGY&Store_Code=health&Category_Code=202" "Mozilla/4.0 (compatible; MSIE 5.01; Windows 98; YComp 5.0.2.4)"
216.152.12.69 - - [02/Mar/2003:05:55:18 -0800] "GET /Merchant2/merchant.mv?Screen=PROD&Store_Code=health&Product_Code=7DSA-ASA HTTP/1.1" 200 14927 "http://www.merchant247.net/Merchant2/merchant.mv?" "Mozilla/4.0 (compatible; MSIE 6.0; Windows 98)"
65.132.36.9 - - [02/Mar/2003:05:55:22 -0800] "GET /Merchant2/202/health_202_headmenu_r1_c1.jpg HTTP/1.1" 200 17218 "http://www.merchant247.net/Merchant2/merchant.mv?Screen=CTGY&Store_Code=health&Category_Code=202" "Mozilla/4.0 (compatible; MSIE 5.01; Windows 98; YComp 5.0.2.4)"
65.132.36.9 - - [02/Mar/2003:05:55:30 -0800] "GET /Merchant2/202/health_202_headmenu_r2_c2.jpg HTTP/1.1" 200 999 "http://www.merchant247.net/Merchant2/merchant.mv?Screen=CTGY&Store_Code=health&Category_Code=202" "Mozilla/4.0 (compatible; MSIE 5.01; Windows 98; YComp 5.0.2.4)"
65.132.36.9 - - [02/Mar/2003:05:55:38 -0800] "GET /Merchant2/202/health_202_headmenu_r2_c4.jpg HTTP/1.1" 200 769 "http://www.merchant247.net/Merchant2/merchant.mv?Screen=CTGY&Store_Code=health&Category_Code=202" "Mozilla/4.0 (compatible; MSIE 5.01; Windows 98; YComp 5.0.2.4)"
65.132.36.9 - - [02/Mar/2003:05:55:47 -0800] "GET /Merchant2/202/health_202_headmenu_r2_c5.jpg HTTP/1.1" 200 1267 "http://www.merchant247.net/Merchant2/merchant.mv?Screen=CTGY&Store_Code=health&Category_Code=202" "Mozilla/4.0 (compatible; MSIE 5.01; Windows 98; YComp 5.0.2.4)"
208.33.40.33 - - [02/Mar/2003:05:55:54 -0800] "GET /Merchant2/graphics/en-US/admin/blank.gif HTTP/1.1" 304 - "http://www.smoke-away.us/index.htm" "Mozilla/4.0 (compatible; MSIE 5.0; Windows 98; DigExt)"
65.132.36.9 - - [02/Mar/2003:05:55:55 -0800] "GET /Merchant2/202/health_202_headmenu_r2_c8.jpg HTTP/1.1" 200 841 "http://www.merchant247.net/Merchant2/merchant.mv?Screen=CTGY&Store_Code=health&Category_Code=202" "Mozilla/4.0 (compatible; MSIE 5.01; Windows 98; YComp 5.0.2.4)"
65.132.36.9 - - [02/Mar/2003:05:55:56 -0800] "GET /Merchant2/202/health_202_headmenu_r2_c9.jpg HTTP/1.1" 200 1076 "http://www.merchant247.net/Merchant2/merchant.mv?Screen=CTGY&Store_Code=health&Category_Code=202" "Mozilla/4.0 (compatible; MSIE 5.01; Windows 98; YComp 5.0.2.4)"
216.152.12.69 - - [02/Mar/2003:05:56:01 -0800] "POST /Merchant2/merchant.mv? HTTP/1.1" 200 14965 "http://www.merchant247.net/Merchant2/merchant.mv?Screen=PROD&Store_Code=health&Product_Code=7DSA-ASA" "Mozilla/4.0 (compatible; MSIE 6.0; Windows 98)"
65.132.36.9 - - [02/Mar/2003:05:56:03 -0800] "GET /Merchant2/202/health_202_headmenu_r2_c11.jpg HTTP/1.1" 200 375 "http://www.merchant247.net/Merchant2/merchant.mv?Screen=CTGY&Store_Code=health&Category_Code=202" "Mozilla/4.0 (compatible; MSIE 5.01; Windows 98; YComp 5.0.2.4)"
65.132.36.9 - - [02/Mar/2003:05:56:04 -0800] "GET /Merchant2/202/health_202_headmenu_r3_c2.jpg HTTP/1.1" 200 1332 "http://www.merchant247.net/Merchant2/merchant.mv?Screen=CTGY&Store_Code=health&Category_Code=202" "Mozilla/4.0 (compatible; MSIE 5.01; Windows 98; YComp 5.0.2.4)"
65.57.5.177 - - [02/Mar/2003:05:56:31 -0800] "GET /Merchant2/graphics/en-US/admin/blank.gif HTTP/1.1" 304 - "-" "Mozilla/4.0 (compatible; MSIE 6.0; Windows 98)"
65.57.5.177 - - [02/Mar/2003:05:56:31 -0800] "GET /Merchant2/graphics/en-US/admin/blank.gif HTTP/1.1" 304 - "-" "Mozilla/4.0 (compatible; MSIE 6.0; Windows 98)"
65.57.5.177 - - [02/Mar/2003:05:56:32 -0800] "GET /Merchant2/graphics/en-US/admin/blank.gif HTTP/1.1" 304 - "-" "Mozilla/4.0 (compatible; MSIE 6.0; Windows 98)"
65.57.5.177 - - [02/Mar/2003:05:56:32 -0800] "GET /Merchant2/graphics/en-US/admin/blank.gif HTTP/1.1" 304 - "-" "Mozilla/4.0 (compatible; MSIE 6.0; Windows 98)"
65.57.5.177 - - [02/Mar/2003:05:56:33 -0800] "GET /Merchant2/graphics/en-US/admin/blank.gif HTTP/1.1" 304 - "-" "Mozilla/4.0 (compatible; MSIE 6.0; Windows 98)"
216.152.12.69 - - [02/Mar/2003:05:56:34 -0800] "POST /Merchant2/merchant.mv? HTTP/1.1" 200 14965 "http://www.merchant247.net/Merchant2/merchant.mv?Screen=PROD&Store_Code=health&Product_Code=7DSA-ASA" "Mozilla/4.0 (compatible; MSIE 6.0; Windows 98)"
65.66.23.217 - - [02/Mar/2003:05:56:58 -0800] "GET /Merchant2/graphics/en-US/admin/blank.gif HTTP/1.1" 200 43 "http://www.7-day-smoke-away.net/index.htm" "Mozilla/4.0 (compatible; MSIE 6.0; Windows NT 5.1; .NET CLR 1.0.3705)"
67.235.101.232 - - [02/Mar/2003:05:57:28 -0800] "GET /Merchant2/graphics/en-US/admin/blank.gif HTTP/1.1" 200 43 "http://www.7-day-smoke-away.net/" "Mozilla/4.0 (compatible; MSIE 6.0; Windows 98; MSN 6.1; MSNbMSFT; MSNmen-us; MSNc11; v5m)"
12.90.178.28 - - [02/Mar/2003:05:57:33 -0800] "GET /Merchant2/graphics/en-US/admin/blank.gif HTTP/1.1" 200 43 "http://www.7-day-smoke-away.net/" "Mozilla/4.0 (compatible; MSIE 5.5; Windows 98; Win 9x 4.90; AT&T CSM6.0; YComp 5.0.2.6)"
12.251.140.165 - - [02/Mar/2003:05:59:13 -0800] "GET /Merchant2/graphics/en-US/admin/blank.gif HTTP/1.1" 200 43 "http://dynmenu.hotbar.com/dyn/hotbar/3.0/tpl1.asp" "Mozilla/4.0 (compatible; MSIE 6.0; Windows NT 5.0)"
12.90.178.28 - - [02/Mar/2003:05:59:56 -0800] "GET /Merchant2/merchant.mv?Screen=CTGY&Store_Code=health&Category_Code=201 HTTP/1.1" 200 53421 "http://www.7-day-smoke-away.net/" "Mozilla/4.0 (compatible; MSIE 5.5; Windows 98; Win 9x 4.90; AT&T CSM6.0; YComp 5.0.2.6)"
12.90.178.28 - - [02/Mar/2003:05:59:56 -0800] "GET /Merchant2/201/spacer.gif HTTP/1.1" 200 43 "http://www.merchant247.net/Merchant2/merchant.mv?Screen=CTGY&Store_Code=health&Category_Code=201" "Mozilla/4.0 (compatible; MSIE 5.5; Windows 98; Win 9x 4.90; AT&T CSM6.0; YComp 5.0.2.6)"
12.90.178.28 - - [02/Mar/2003:05:59:57 -0800] "GET /Merchant2/201/logo_7_day.jpg HTTP/1.1" 200 5243 "http://www.merchant247.net/Merchant2/merchant.mv?Screen=CTGY&Store_Code=health&Category_Code=201" "Mozilla/4.0 (compatible; MSIE 5.5; Windows 98; Win 9x 4.90; AT&T CSM6.0; YComp 5.0.2.6)"
12.90.178.28 - - [02/Mar/2003:05:59:58 -0800] "GET /Merchant2/201/health_201_headmenu_r1_c11.jpg HTTP/1.1" 200 344 "http://www.merchant247.net/Merchant2/merchant.mv?Screen=CTGY&Store_Code=health&Category_Code=201" "Mozilla/4.0 (compatible; MSIE 5.5; Windows 98; Win 9x 4.90; AT&T CSM6.0; YComp 5.0.2.6)"
12.90.178.28 - - [02/Mar/2003:05:59:59 -0800] "GET /Merchant2/201/health_201_headmenu_r1_c12.jpg HTTP/1.1" 200 3079 "http://www.merchant247.net/Merchant2/merchant.mv?Screen=CTGY&Store_Code=health&Category_Code=201" "Mozilla/4.0 (compatible; MSIE 5.5; Windows 98; Win 9x 4.90; AT&T CSM6.0; YComp 5.0.2.6)"
12.90.178.28 - - [02/Mar/2003:05:59:59 -0800] "GET /Merchant2/201/health_201_headmenu_r1_c14.jpg HTTP/1.1" 200 5279 "http://www.merchant247.net/Merchant2/merchant.mv?Screen=CTGY&Store_Code=health&Category_Code=201" "Mozilla/4.0 (compatible; MSIE 5.5; Windows 98; Win 9x 4.90; AT&T CSM6.0; YComp 5.0.2.6)"
12.90.178.28 - - [02/Mar/2003:06:00:00 -0800] "GET /Merchant2/201/health_201_headmenu_r2_c1.jpg HTTP/1.1" 200 4168 "http://www.merchant247.net/Merchant2/merchant.mv?Screen=CTGY&Store_Code=health&Category_Code=201" "Mozilla/4.0 (compatible; MSIE 5.5; Windows 98; Win 9x 4.90; AT&T CSM6.0; YComp 5.0.2.6)"
12.90.178.28 - - [02/Mar/2003:06:00:01 -0800] "GET /Merchant2/201/health_201_headmenu_r2_c12.jpg HTTP/1.1" 200 3144 "http://www.merchant247.net/Merchant2/merchant.mv?Screen=CTGY&Store_Code=health&Category_Code=201" "Mozilla/4.0 (compatible; MSIE 5.5; Windows 98; Win 9x 4.90; AT&T CSM6.0; YComp 5.0.2.6)"
12.90.178.28 - - [02/Mar/2003:06:00:02 -0800] "GET /Merchant2/201/health_201_headmenu_r3_c1.jpg HTTP/1.1" 200 430 "http://www.merchant247.net/Merchant2/merchant.mv?Screen=CTGY&Store_Code=health&Category_Code=201" "Mozilla/4.0 (compatible; MSIE 5.5; Windows 98; Win 9x 4.90; AT&T CSM6.0; YComp 5.0.2.6)"
12.90.178.28 - - [02/Mar/2003:06:00:03 -0800] "GET /Merchant2/201/health_201_headmenu_r3_c6.jpg HTTP/1.1" 200 2274 "http://www.merchant247.net/Merchant2/merchant.mv?Screen=CTGY&Store_Code=health&Category_Code=201" "Mozilla/4.0 (compatible; MSIE 5.5; Windows 98; Win 9x 4.90; AT&T CSM6.0; YComp 5.0.2.6)"
12.90.178.28 - - [02/Mar/2003:06:00:03 -0800] "GET /Merchant2/201/health_201_headmenu_r3_c7.jpg HTTP/1.1" 200 403 "http://www.merchant247.net/Merchant2/merchant.mv?Screen=CTGY&Store_Code=health&Category_Code=201" "Mozilla/4.0 (compatible; MSIE 5.5; Windows 98; Win 9x 4.90; AT&T CSM6.0; YComp 5.0.2.6)"
12.90.178.28 - - [02/Mar/2003:06:00:03 -0800] "GET /Merchant2/201/health_201_headmenu_r4_c1.jpg HTTP/1.1" 200 426 "http://www.merchant247.net/Merchant2/merchant.mv?Screen=CTGY&Store_Code=health&Category_Code=201" "Mozilla/4.0 (compatible; MSIE 5.5; Windows 98; Win 9x 4.90; AT&T CSM6.0; YComp 5.0.2.6)"
12.90.178.28 - - [02/Mar/2003:06:00:04 -0800] "GET /Merchant2/201/health_201_headmenu_r4_c2.jpg HTTP/1.1" 200 685 "http://www.merchant247.net/Merchant2/merchant.mv?Screen=CTGY&Store_Code=health&Category_Code=201" "Mozilla/4.0 (compatible; MSIE 5.5; Windows 98; Win 9x 4.90; AT&T CSM6.0; YComp 5.0.2.6)"
12.90.178.28 - - [02/Mar/2003:06:00:04 -0800] "GET /Merchant2/201/health_201_headmenu_r4_c3.jpg HTTP/1.1" 200 665 "http://www.merchant247.net/Merchant2/merchant.mv?Screen=CTGY&Store_Code=health&Category_Code=201" "Mozilla/4.0 (compatible; MSIE 5.5; Windows 98; Win 9x 4.90; AT&T CSM6.0; YComp 5.0.2.6)"
65.144.161.221 - - [02/Mar/2003:06:00:04 -0800] "GET /Merchant2/graphics/en-US/admin/blank.gif HTTP/1.1" 200 43 "http://www.7-day-smoke-away.net/" "Mozilla/4.0 (compatible; MSIE 6.0; Windows NT 5.0)"
12.90.178.28 - - [02/Mar/2003:06:00:04 -0800] "GET /Merchant2/201/health_201_headmenu_r4_c4.jpg HTTP/1.1" 200 696 "http://www.merchant247.net/Merchant2/merchant.mv?Screen=CTGY&Store_Code=health&Category_Code=201" "Mozilla/4.0 (compatible; MSIE 5.5; Windows 98; Win 9x 4.90; AT&T CSM6.0; YComp 5.0.2.6)"
12.90.178.28 - - [02/Mar/2003:06:00:05 -0800] "GET /Merchant2/201/health_201_headmenu_r4_c5.jpg HTTP/1.1" 200 753 "http://www.merchant247.net/Merchant2/merchant.mv?Screen=CTGY&Store_Code=health&Category_Code=201" "Mozilla/4.0 (compatible; MSIE 5.5; Windows 98; Win 9x 4.90; AT&T CSM6.0; YComp 5.0.2.6)"
12.90.178.28 - - [02/Mar/2003:06:00:05 -0800] "GET /Merchant2/201/health_201_headmenu_r5_c7.jpg HTTP/1.1" 200 737 "http://www.merchant247.net/Merchant2/merchant.mv?Screen=CTGY&Store_Code=health&Category_Code=201" "Mozilla/4.0 (compatible; MSIE 5.5; Windows 98; Win 9x 4.90; AT&T CSM6.0; YComp 5.0.2.6)"
12.90.178.28 - - [02/Mar/2003:06:00:05 -0800] "GET /Merchant2/201/health_201_headmenu_r5_c8.jpg HTTP/1.1" 200 846 "http://www.merchant247.net/Merchant2/merchant.mv?Screen=CTGY&Store_Code=health&Category_Code=201" "Mozilla/4.0 (compatible; MSIE 5.5; Windows 98; Win 9x 4.90; AT&T CSM6.0; YComp 5.0.2.6)"
12.90.178.28 - - [02/Mar/2003:06:00:06 -0800] "GET /Merchant2/201/health_201_headmenu_r5_c9.jpg HTTP/1.1" 200 660 "http://www.merchant247.net/Merchant2/merchant.mv?Screen=CTGY&Store_Code=health&Category_Code=201" "Mozilla/4.0 (compatible; MSIE 5.5; Windows 98; Win 9x 4.90; AT&T CSM6.0; YComp 5.0.2.6)"
12.90.178.28 - - [02/Mar/2003:06:00:06 -0800] "GET /Merchant2/201/health_201_headmenu_r5_c13.jpg HTTP/1.1" 200 4116 "http://www.merchant247.net/Merchant2/merchant.mv?Screen=CTGY&Store_Code=health&Category_Code=201" "Mozilla/4.0 (compatible; MSIE 5.5; Windows 98; Win 9x 4.90; AT&T CSM6.0; YComp 5.0.2.6)"
12.90.178.28 - - [02/Mar/2003:06:00:07 -0800] "GET /Merchant2/201/health_201_headmenu_r6_c2.jpg HTTP/1.1" 200 541 "http://www.merchant247.net/Merchant2/merchant.mv?Screen=CTGY&Store_Code=health&Category_Code=201" "Mozilla/4.0 (compatible; MSIE 5.5; Windows 98; Win 9x 4.90; AT&T CSM6.0; YComp 5.0.2.6)"
12.90.178.28 - - [02/Mar/2003:06:00:07 -0800] "GET /Merchant2/201/health_201_headmenu_r7_c8.jpg HTTP/1.1" 200 1017 "http://www.merchant247.net/Merchant2/merchant.mv?Screen=CTGY&Store_Code=health&Category_Code=201" "Mozilla/4.0 (compatible; MSIE 5.5; Windows 98; Win 9x 4.90; AT&T CSM6.0; YComp 5.0.2.6)"
12.90.178.28 - - [02/Mar/2003:06:00:07 -0800] "GET /Merchant2/201/health_201_headmenu_r7_c10.jpg HTTP/1.1" 200 1382 "http://www.merchant247.net/Merchant2/merchant.mv?Screen=CTGY&Store_Code=health&Category_Code=201" "Mozilla/4.0 (compatible; MSIE 5.5; Windows 98; Win 9x 4.90; AT&T CSM6.0; YComp 5.0.2.6)"
12.90.178.28 - - [02/Mar/2003:06:00:08 -0800] "GET /Merchant2/201/health_201_headmenu_r8_c4.jpg HTTP/1.1" 200 831 "http://www.merchant247.net/Merchant2/merchant.mv?Screen=CTGY&Store_Code=health&Category_Code=201" "Mozilla/4.0 (compatible; MSIE 5.5; Windows 98; Win 9x 4.90; AT&T CSM6.0; YComp 5.0.2.6)"
12.90.178.28 - - [02/Mar/2003:06:00:08 -0800] "GET /Merchant2/201/health_201_headmenu_r9_c6.jpg HTTP/1.1" 200 1812 "http://www.merchant247.net/Merchant2/merchant.mv?Screen=CTGY&Store_Code=health&Category_Code=201" "Mozilla/4.0 (compatible; MSIE 5.5; Windows 98; Win 9x 4.90; AT&T CSM6.0; YComp 5.0.2.6)"
12.90.178.28 - - [02/Mar/2003:06:00:09 -0800] "GET /Merchant2/201/health_201_headmenu_r4_c10.jpg HTTP/1.1" 404 353 "http://www.merchant247.net/Merchant2/merchant.mv?Screen=CTGY&Store_Code=health&Category_Code=201" "Mozilla/4.0 (compatible; MSIE 5.5; Windows 98; Win 9x 4.90; AT&T CSM6.0; YComp 5.0.2.6)"
12.90.178.28 - - [02/Mar/2003:06:00:09 -0800] "GET /Merchant2/201/free_shipping.jpg HTTP/1.1" 200 3033 "http://www.merchant247.net/Merchant2/merchant.mv?Screen=CTGY&Store_Code=health&Category_Code=201" "Mozilla/4.0 (compatible; MSIE 5.5; Windows 98; Win 9x 4.90; AT&T CSM6.0; YComp 5.0.2.6)"
12.90.178.28 - - [02/Mar/2003:06:00:10 -0800] "GET /Merchant2/201/health_201_headmenu_r5_c10.jpg HTTP/1.1" 200 1023 "http://www.merchant247.net/Merchant2/merchant.mv?Screen=CTGY&Store_Code=health&Category_Code=201" "Mozilla/4.0 (compatible; MSIE 5.5; Windows 98; Win 9x 4.90; AT&T CSM6.0; YComp 5.0.2.6)"
12.90.178.28 - - [02/Mar/2003:06:00:10 -0800] "GET /Merchant2/201/health_201_headmenu_r3_c6_f2.jpg HTTP/1.1" 200 2672 "http://www.merchant247.net/Merchant2/merchant.mv?Screen=CTGY&Store_Code=health&Category_Code=201" "Mozilla/4.0 (compatible; MSIE 5.5; Windows 98; Win 9x 4.90; AT&T CSM6.0; YComp 5.0.2.6)"
12.90.178.28 - - [02/Mar/2003:06:00:10 -0800] "GET /Merchant2/201/health_201_headmenu_r4_c2_f2.jpg HTTP/1.1" 200 770 "http://www.merchant247.net/Merchant2/merchant.mv?Screen=CTGY&Store_Code=health&Category_Code=201" "Mozilla/4.0 (compatible; MSIE 5.5; Windows 98; Win 9x 4.90; AT&T CSM6.0; YComp 5.0.2.6)"
12.90.178.28 - - [02/Mar/2003:06:00:11 -0800] "GET /Merchant2/201/health_201_headmenu_r4_c4_f2.jpg HTTP/1.1" 200 784 "http://www.merchant247.net/Merchant2/merchant.mv?Screen=CTGY&Store_Code=health&Category_Code=201" "Mozilla/4.0 (compatible; MSIE 5.5; Windows 98; Win 9x 4.90; AT&T CSM6.0; YComp 5.0.2.6)"
12.90.178.28 - - [02/Mar/2003:06:00:12 -0800] "GET /Merchant2/201/health_201_headmenu_r5_c8_f2.jpg HTTP/1.1" 200 971 "http://www.merchant247.net/Merchant2/merchant.mv?Screen=CTGY&Store_Code=health&Category_Code=201" "Mozilla/4.0 (compatible; MSIE 5.5; Windows 98; Win 9x 4.90; AT&T CSM6.0; YComp 5.0.2.6)"
12.90.178.28 - - [02/Mar/2003:06:00:12 -0800] "GET /Merchant2/201/health_201_headmenu_r5_c10_f2.jpg HTTP/1.1" 200 1175 "http://www.merchant247.net/Merchant2/merchant.mv?Screen=CTGY&Store_Code=health&Category_Code=201" "Mozilla/4.0 (compatible; MSIE 5.5; Windows 98; Win 9x 4.90; AT&T CSM6.0; YComp 5.0.2.6)"
216.136.29.221 - - [02/Mar/2003:06:00:23 -0800] "GET /Merchant2/graphics/en-US/admin/blank.gif HTTP/1.1" 200 43 "http://www.7-day-smoke-away.net/" "Mozilla/4.0 (compatible; MSIE 5.0; Windows 98; DigExt)"
207.179.184.7 - - [02/Mar/2003:06:00:54 -0800] "GET /Merchant2/graphics/en-US/admin/blank.gif HTTP/1.1" 200 43 "http://www.7-day-smoke-away.net/index.htm" "Mozilla/4.0 (compatible; MSIE 5.0; Windows 98; DigExt; Hotbar 4.1.8.0)"
216.99.241.228 - - [02/Mar/2003:06:01:24 -0800] "GET /Merchant2/graphics/en-US/admin/blank.gif HTTP/1.1" 200 43 "http://www.7-day-smoke-away.net/index.htm" "Mozilla/4.0 (compatible; MSIE 6.0; Windows 98; Win 9x 4.90; Hotbar 3.0)"
12.90.178.28 - - [02/Mar/2003:06:01:31 -0800] "POST /Merchant2/merchant.mv? HTTP/1.1" 200 14081 "http://www.merchant247.net/Merchant2/merchant.mv?Screen=CTGY&Store_Code=health&Category_Code=201" "Mozilla/4.0 (compatible; MSIE 5.5; Windows 98; Win 9x 4.90; AT&T CSM6.0; YComp 5.0.2.6)"
12.90.178.28 - - [02/Mar/2003:06:01:45 -0800] "GET /Merchant2/merchant.mv?Screen=OINF&Store_Code=health HTTP/1.1" 200 45122 "http://www.merchant247.net/Merchant2/merchant.mv?" "Mozilla/4.0 (compatible; MSIE 5.5; Windows 98; Win 9x 4.90; AT&T CSM6.0; YComp 5.0.2.6)"
65.58.212.236 - - [02/Mar/2003:06:02:05 -0800] "GET /Merchant2/graphics/en-US/admin/blank.gif HTTP/1.1" 200 43 "http://www.7-day-smoke-away.net/index.htm" "Mozilla/4.0 (compatible; MSIE 5.5; Windows 98)"
12.90.178.28 - - [02/Mar/2003:06:02:33 -0800] "GET /Merchant2/201/health_201_headmenu_r4_c10.jpg HTTP/1.1" 404 353 "http://www.merchant247.net/Merchant2/merchant.mv?Screen=CTGY&Store_Code=health&Category_Code=201" "Mozilla/4.0 (compatible; MSIE 5.5; Windows 98; Win 9x 4.90; AT&T CSM6.0; YComp 5.0.2.6)"
12.90.178.28 - - [02/Mar/2003:06:02:33 -0800] "GET /Merchant2/merchant.mv?Screen=CTGY&Store_Code=health&Category_Code=201 HTTP/1.1" 200 53417 "http://www.7-day-smoke-away.net/index.htm" "Mozilla/4.0 (compatible; MSIE 5.5; Windows 98; Win 9x 4.90; AT&T CSM6.0; YComp 5.0.2.6)"
12.90.178.28 - - [02/Mar/2003:06:02:51 -0800] "POST /Merchant2/merchant.mv? HTTP/1.1" 200 15551 "http://www.merchant247.net/Merchant2/merchant.mv?Screen=CTGY&Store_Code=health&Category_Code=201" "Mozilla/4.0 (compatible; MSIE 5.5; Windows 98; Win 9x 4.90; AT&T CSM6.0; YComp 5.0.2.6)"
12.90.178.28 - - [02/Mar/2003:06:02:57 -0800] "GET /Merchant2/merchant.mv?Screen=OINF&Store_Code=health HTTP/1.1" 200 45664 "http://www.merchant247.net/Merchant2/merchant.mv?" "Mozilla/4.0 (compatible; MSIE 5.5; Windows 98; Win 9x 4.90; AT&T CSM6.0; YComp 5.0.2.6)"
12.90.178.28 - - [02/Mar/2003:06:03:03 -0800] "GET /Merchant2/merchant.mv?Screen=BASK&Store_Code=health HTTP/1.1" 200 15511 "http://www.merchant247.net/Merchant2/merchant.mv?Screen=OINF&Store_Code=health" "Mozilla/4.0 (compatible; MSIE 5.5; Windows 98; Win 9x 4.90; AT&T CSM6.0; YComp 5.0.2.6)"
64.12.97.11 - - [02/Mar/2003:06:03:06 -0800] "GET /Merchant2/merchant.mv?Screen=CTGY&Store_Code=health&Category_Code=202 HTTP/1.0" 200 20062 "http://www.smoke-away.us/" "Mozilla/4.0 (compatible; MSIE 5.5; AOL 8.0; Windows 98; Win 9x 4.90)"
64.12.96.137 - - [02/Mar/2003:06:03:08 -0800] "GET /Merchant2/202/spacer.gif HTTP/1.0" 304 - "http://www.merchant247.net/Merchant2/merchant.mv?Screen=CTGY&Store_Code=health&Category_Code=202" "Mozilla/4.0 (compatible; MSIE 5.5; AOL 8.0; Windows 98; Win 9x 4.90)"
64.12.96.135 - - [02/Mar/2003:06:03:08 -0800] "GET /Merchant2/202/health_202_headmenu_r2_c4.jpg HTTP/1.0" 304 - "http://www.merchant247.net/Merchant2/merchant.mv?Screen=CTGY&Store_Code=health&Category_Code=202" "Mozilla/4.0 (compatible; MSIE 5.5; AOL 8.0; Windows 98; Win 9x 4.90)"
64.12.96.135 - - [02/Mar/2003:06:03:11 -0800] "GET /Merchant2/202/health_202_headmenu_r2_c9.jpg HTTP/1.0" 304 - "http://www.merchant247.net/Merchant2/merchant.mv?Screen=CTGY&Store_Code=health&Category_Code=202" "Mozilla/4.0 (compatible; MSIE 5.5; AOL 8.0; Windows 98; Win 9x 4.90)"
12.90.178.28 - - [02/Mar/2003:06:03:15 -0800] "POST /Merchant2/merchant.mv? HTTP/1.1" 200 14056 "http://www.merchant247.net/Merchant2/merchant.mv?Screen=BASK&Store_Code=health" "Mozilla/4.0 (compatible; MSIE 5.5; Windows 98; Win 9x 4.90; AT&T CSM6.0; YComp 5.0.2.6)"
12.90.178.28 - - [02/Mar/2003:06:03:16 -0800] "POST /Merchant2/merchant.mv? HTTP/1.1" 200 11464 "http://www.merchant247.net/Merchant2/merchant.mv?Screen=BASK&Store_Code=health" "Mozilla/4.0 (compatible; MSIE 5.5; Windows 98; Win 9x 4.90; AT&T CSM6.0; YComp 5.0.2.6)"
12.90.178.28 - - [02/Mar/2003:06:03:22 -0800] "GET /Merchant2/merchant.mv?Screen=OINF&Store_Code=health HTTP/1.1" 200 11984 "http://www.merchant247.net/Merchant2/merchant.mv?" "Mozilla/4.0 (compatible; MSIE 5.5; Windows 98; Win 9x 4.90; AT&T CSM6.0; YComp 5.0.2.6)"
12.90.178.28 - - [02/Mar/2003:06:03:28 -0800] "GET /Merchant2/merchant.mv?Screen=BASK&Store_Code=health HTTP/1.1" 200 11451 "http://www.merchant247.net/Merchant2/merchant.mv?Screen=OINF&Store_Code=health" "Mozilla/4.0 (compatible; MSIE 5.5; Windows 98; Win 9x 4.90; AT&T CSM6.0; YComp 5.0.2.6)"
12.90.178.28 - - [02/Mar/2003:06:03:32 -0800] "GET /Merchant2/merchant.mv?Screen=OINF&Store_Code=health HTTP/1.1" 200 11983 "http://www.merchant247.net/Merchant2/merchant.mv?Screen=BASK&Store_Code=health" "Mozilla/4.0 (compatible; MSIE 5.5; Windows 98; Win 9x 4.90; AT&T CSM6.0; YComp 5.0.2.6)"
12.90.178.28 - - [02/Mar/2003:06:03:38 -0800] "GET /Merchant2/merchant.mv?Screen=BASK&Store_Code=health HTTP/1.1" 200 11451 "http://www.merchant247.net/Merchant2/merchant.mv?Screen=OINF&Store_Code=health" "Mozilla/4.0 (compatible; MSIE 5.5; Windows 98; Win 9x 4.90; AT&T CSM6.0; YComp 5.0.2.6)"
12.90.178.28 - - [02/Mar/2003:06:03:41 -0800] "GET /Merchant2/merchant.mv?Screen=OINF&Store_Code=health HTTP/1.1" 200 11984 "http://www.merchant247.net/Merchant2/merchant.mv?Screen=BASK&Store_Code=health" "Mozilla/4.0 (compatible; MSIE 5.5; Windows 98; Win 9x 4.90; AT&T CSM6.0; YComp 5.0.2.6)"
12.90.178.28 - - [02/Mar/2003:06:03:45 -0800] "GET /Merchant2/merchant.mv?Screen=BASK&Store_Code=health HTTP/1.1" 200 11451 "http://www.merchant247.net/Merchant2/merchant.mv?Screen=OINF&Store_Code=health" "Mozilla/4.0 (compatible; MSIE 5.5; Windows 98; Win 9x 4.90; AT&T CSM6.0; YComp 5.0.2.6)"
12.90.178.28 - - [02/Mar/2003:06:03:50 -0800] "GET /Merchant2/merchant.mv?Screen=OINF&Store_Code=health HTTP/1.1" 200 11984 "http://www.merchant247.net/Merchant2/merchant.mv?Screen=BASK&Store_Code=health" "Mozilla/4.0 (compatible; MSIE 5.5; Windows 98; Win 9x 4.90; AT&T CSM6.0; YComp 5.0.2.6)"
12.90.178.28 - - [02/Mar/2003:06:03:54 -0800] "GET /Merchant2/merchant.mv?Screen=BASK&Store_Code=health HTTP/1.1" 200 11451 "http://www.merchant247.net/Merchant2/merchant.mv?Screen=OINF&Store_Code=health" "Mozilla/4.0 (compatible; MSIE 5.5; Windows 98; Win 9x 4.90; AT&T CSM6.0; YComp 5.0.2.6)"
12.90.178.28 - - [02/Mar/2003:06:03:57 -0800] "GET /Merchant2/merchant.mv?Screen=OINF&Store_Code=health HTTP/1.1" 200 11984 "http://www.merchant247.net/Merchant2/merchant.mv?Screen=BASK&Store_Code=health" "Mozilla/4.0 (compatible; MSIE 5.5; Windows 98; Win 9x 4.90; AT&T CSM6.0; YComp 5.0.2.6)"
12.90.178.28 - - [02/Mar/2003:06:04:06 -0800] "GET /Merchant2/201/health_201_headmenu_r4_c10.jpg HTTP/1.1" 404 353 "http://www.merchant247.net/Merchant2/merchant.mv?Screen=CTGY&Store_Code=health&Category_Code=201" "Mozilla/4.0 (compatible; MSIE 5.5; Windows 98; Win 9x 4.90; AT&T CSM6.0; YComp 5.0.2.6)"
12.90.178.28 - - [02/Mar/2003:06:04:06 -0800] "GET /Merchant2/merchant.mv?Screen=CTGY&Store_Code=health&Category_Code=201 HTTP/1.1" 200 53421 "http://www.merchant247.net/Merchant2/merchant.mv?Screen=OINF&Store_Code=health" "Mozilla/4.0 (compatible; MSIE 5.5; Windows 98; Win 9x 4.90; AT&T CSM6.0; YComp 5.0.2.6)"
12.90.178.28 - - [02/Mar/2003:06:04:30 -0800] "POST /Merchant2/merchant.mv? HTTP/1.1" 200 14085 "http://www.merchant247.net/Merchant2/merchant.mv?Screen=CTGY&Store_Code=health&Category_Code=201" "Mozilla/4.0 (compatible; MSIE 5.5; Windows 98; Win 9x 4.90; AT&T CSM6.0; YComp 5.0.2.6)"
12.90.178.28 - - [02/Mar/2003:06:04:35 -0800] "GET /Merchant2/merchant.mv?Screen=OINF&Store_Code=health HTTP/1.1" 200 45119 "http://www.merchant247.net/Merchant2/merchant.mv?" "Mozilla/4.0 (compatible; MSIE 5.5; Windows 98; Win 9x 4.90; AT&T CSM6.0; YComp 5.0.2.6)"
12.90.178.28 - - [02/Mar/2003:06:04:42 -0800] "GET /Merchant2/merchant.mv?Screen=OINF&Store_Code=health HTTP/1.1" 200 45120 "http://www.merchant247.net/Merchant2/merchant.mv?Screen=OINF&Store_Code=health" "Mozilla/4.0 (compatible; MSIE 5.5; Windows 98; Win 9x 4.90; AT&T CSM6.0; YComp 5.0.2.6)"
65.58.212.236 - - [02/Mar/2003:06:05:37 -0800] "GET /Merchant2/201/spacer.gif HTTP/1.1" 200 43 "http://www.merchant247.net/Merchant2/merchant.mv?Screen=CTGY&Store_Code=health&Category_Code=201" "Mozilla/4.0 (compatible; MSIE 5.5; Windows 98)"
65.58.212.236 - - [02/Mar/2003:06:05:40 -0800] "GET /Merchant2/201/logo_7_day.jpg HTTP/1.1" 200 5243 "http://www.merchant247.net/Merchant2/merchant.mv?Screen=CTGY&Store_Code=health&Category_Code=201" "Mozilla/4.0 (compatible; MSIE 5.5; Windows 98)"
65.58.212.236 - - [02/Mar/2003:06:05:42 -0800] "GET /Merchant2/merchant.mv?Screen=CTGY&Store_Code=health&Category_Code=201 HTTP/1.1" 200 53421 "http://www.7-day-smoke-away.net/index.htm" "Mozilla/4.0 (compatible; MSIE 5.5; Windows 98)"
65.58.212.236 - - [02/Mar/2003:06:05:47 -0800] "GET /Merchant2/201/health_201_headmenu_r1_c11.jpg HTTP/1.1" 200 344 "http://www.merchant247.net/Merchant2/merchant.mv?Screen=CTGY&Store_Code=health&Category_Code=201" "Mozilla/4.0 (compatible; MSIE 5.5; Windows 98)"
65.58.212.236 - - [02/Mar/2003:06:05:48 -0800] "GET /Merchant2/201/health_201_headmenu_r1_c12.jpg HTTP/1.1" 200 3079 "http://www.merchant247.net/Merchant2/merchant.mv?Screen=CTGY&Store_Code=health&Category_Code=201" "Mozilla/4.0 (compatible; MSIE 5.5; Windows 98)"
65.58.212.236 - - [02/Mar/2003:06:05:49 -0800] "GET /Merchant2/201/health_201_headmenu_r1_c14.jpg HTTP/1.1" 200 5279 "http://www.merchant247.net/Merchant2/merchant.mv?Screen=CTGY&Store_Code=health&Category_Code=201" "Mozilla/4.0 (compatible; MSIE 5.5; Windows 98)"
65.58.212.236 - - [02/Mar/2003:06:05:50 -0800] "GET /Merchant2/201/health_201_headmenu_r2_c1.jpg HTTP/1.1" 200 4168 "http://www.merchant247.net/Merchant2/merchant.mv?Screen=CTGY&Store_Code=health&Category_Code=201" "Mozilla/4.0 (compatible; MSIE 5.5; Windows 98)"
65.58.212.236 - - [02/Mar/2003:06:05:54 -0800] "GET /Merchant2/201/health_201_headmenu_r2_c12.jpg HTTP/1.1" 200 3144 "http://www.merchant247.net/Merchant2/merchant.mv?Screen=CTGY&Store_Code=health&Category_Code=201" "Mozilla/4.0 (compatible; MSIE 5.5; Windows 98)"
65.58.212.236 - - [02/Mar/2003:06:05:54 -0800] "GET /Merchant2/201/health_201_headmenu_r3_c1.jpg HTTP/1.1" 200 430 "http://www.merchant247.net/Merchant2/merchant.mv?Screen=CTGY&Store_Code=health&Category_Code=201" "Mozilla/4.0 (compatible; MSIE 5.5; Windows 98)"
65.58.212.236 - - [02/Mar/2003:06:05:56 -0800] "GET /Merchant2/201/health_201_headmenu_r4_c1.jpg HTTP/1.1" 200 426 "http://www.merchant247.net/Merchant2/merchant.mv?Screen=CTGY&Store_Code=health&Category_Code=201" "Mozilla/4.0 (compatible; MSIE 5.5; Windows 98)"
65.58.212.236 - - [02/Mar/2003:06:05:57 -0800] "GET /Merchant2/201/health_201_headmenu_r3_c7.jpg HTTP/1.1" 200 403 "http://www.merchant247.net/Merchant2/merchant.mv?Screen=CTGY&Store_Code=health&Category_Code=201" "Mozilla/4.0 (compatible; MSIE 5.5; Windows 98)"
65.58.212.236 - - [02/Mar/2003:06:05:57 -0800] "GET /Merchant2/201/health_201_headmenu_r4_c2.jpg HTTP/1.1" 200 685 "http://www.merchant247.net/Merchant2/merchant.mv?Screen=CTGY&Store_Code=health&Category_Code=201" "Mozilla/4.0 (compatible; MSIE 5.5; Windows 98)"
65.58.212.236 - - [02/Mar/2003:06:05:58 -0800] "GET /Merchant2/201/health_201_headmenu_r4_c3.jpg HTTP/1.1" 200 665 "http://www.merchant247.net/Merchant2/merchant.mv?Screen=CTGY&Store_Code=health&Category_Code=201" "Mozilla/4.0 (compatible; MSIE 5.5; Windows 98)"
65.58.212.236 - - [02/Mar/2003:06:05:59 -0800] "GET /Merchant2/201/health_201_headmenu_r4_c4.jpg HTTP/1.1" 200 696 "http://www.merchant247.net/Merchant2/merchant.mv?Screen=CTGY&Store_Code=health&Category_Code=201" "Mozilla/4.0 (compatible; MSIE 5.5; Windows 98)"
65.58.212.236 - - [02/Mar/2003:06:05:59 -0800] "GET /Merchant2/201/health_201_headmenu_r4_c5.jpg HTTP/1.1" 200 753 "http://www.merchant247.net/Merchant2/merchant.mv?Screen=CTGY&Store_Code=health&Category_Code=201" "Mozilla/4.0 (compatible; MSIE 5.5; Windows 98)"
65.58.212.236 - - [02/Mar/2003:06:06:00 -0800] "GET /Merchant2/201/health_201_headmenu_r5_c7.jpg HTTP/1.1" 200 737 "http://www.merchant247.net/Merchant2/merchant.mv?Screen=CTGY&Store_Code=health&Category_Code=201" "Mozilla/4.0 (compatible; MSIE 5.5; Windows 98)"
65.58.212.236 - - [02/Mar/2003:06:06:00 -0800] "GET /Merchant2/201/health_201_headmenu_r5_c8.jpg HTTP/1.1" 200 846 "http://www.merchant247.net/Merchant2/merchant.mv?Screen=CTGY&Store_Code=health&Category_Code=201" "Mozilla/4.0 (compatible; MSIE 5.5; Windows 98)"
65.58.212.236 - - [02/Mar/2003:06:06:01 -0800] "GET /Merchant2/201/health_201_headmenu_r5_c13.jpg HTTP/1.1" 200 4116 "http://www.merchant247.net/Merchant2/merchant.mv?Screen=CTGY&Store_Code=health&Category_Code=201" "Mozilla/4.0 (compatible; MSIE 5.5; Windows 98)"
65.58.212.236 - - [02/Mar/2003:06:06:02 -0800] "GET /Merchant2/201/health_201_headmenu_r6_c2.jpg HTTP/1.1" 200 541 "http://www.merchant247.net/Merchant2/merchant.mv?Screen=CTGY&Store_Code=health&Category_Code=201" "Mozilla/4.0 (compatible; MSIE 5.5; Windows 98)"
65.58.212.236 - - [02/Mar/2003:06:06:03 -0800] "GET /Merchant2/201/health_201_headmenu_r7_c8.jpg HTTP/1.1" 200 1017 "http://www.merchant247.net/Merchant2/merchant.mv?Screen=CTGY&Store_Code=health&Category_Code=201" "Mozilla/4.0 (compatible; MSIE 5.5; Windows 98)"
65.58.212.236 - - [02/Mar/2003:06:06:04 -0800] "GET /Merchant2/201/health_201_headmenu_r7_c10.jpg HTTP/1.1" 200 1382 "http://www.merchant247.net/Merchant2/merchant.mv?Screen=CTGY&Store_Code=health&Category_Code=201" "Mozilla/4.0 (compatible; MSIE 5.5; Windows 98)"
65.58.212.236 - - [02/Mar/2003:06:06:05 -0800] "GET /Merchant2/201/health_201_headmenu_r8_c4.jpg HTTP/1.1" 200 831 "http://www.merchant247.net/Merchant2/merchant.mv?Screen=CTGY&Store_Code=health&Category_Code=201" "Mozilla/4.0 (compatible; MSIE 5.5; Windows 98)"
65.58.212.236 - - [02/Mar/2003:06:06:06 -0800] "GET /Merchant2/201/health_201_headmenu_r9_c6.jpg HTTP/1.1" 200 1812 "http://www.merchant247.net/Merchant2/merchant.mv?Screen=CTGY&Store_Code=health&Category_Code=201" "Mozilla/4.0 (compatible; MSIE 5.5; Windows 98)"
65.58.212.236 - - [02/Mar/2003:06:06:07 -0800] "GET /Merchant2/201/health_201_headmenu_r5_c9.jpg HTTP/1.1" 200 660 "http://www.merchant247.net/Merchant2/merchant.mv?Screen=CTGY&Store_Code=health&Category_Code=201" "Mozilla/4.0 (compatible; MSIE 5.5; Windows 98)"
65.58.212.236 - - [02/Mar/2003:06:06:08 -0800] "GET /Merchant2/201/health_201_headmenu_r5_c10.jpg HTTP/1.1" 200 1023 "http://www.merchant247.net/Merchant2/merchant.mv?Screen=CTGY&Store_Code=health&Category_Code=201" "Mozilla/4.0 (compatible; MSIE 5.5; Windows 98)"
65.58.212.236 - - [02/Mar/2003:06:06:08 -0800] "GET /Merchant2/201/health_201_headmenu_r4_c10.jpg HTTP/1.1" 404 353 "http://www.merchant247.net/Merchant2/merchant.mv?Screen=CTGY&Store_Code=health&Category_Code=201" "Mozilla/4.0 (compatible; MSIE 5.5; Windows 98)"
65.58.212.236 - - [02/Mar/2003:06:06:09 -0800] "GET /Merchant2/201/health_201_headmenu_r3_c6.jpg HTTP/1.1" 200 2274 "http://www.merchant247.net/Merchant2/merchant.mv?Screen=CTGY&Store_Code=health&Category_Code=201" "Mozilla/4.0 (compatible; MSIE 5.5; Windows 98)"
65.58.212.236 - - [02/Mar/2003:06:06:10 -0800] "GET /Merchant2/201/free_shipping.jpg HTTP/1.1" 200 3033 "http://www.merchant247.net/Merchant2/merchant.mv?Screen=CTGY&Store_Code=health&Category_Code=201" "Mozilla/4.0 (compatible; MSIE 5.5; Windows 98)"
65.58.212.236 - - [02/Mar/2003:06:06:13 -0800] "GET /Merchant2/201/health_201_headmenu_r3_c6_f2.jpg HTTP/1.1" 200 2672 "http://www.merchant247.net/Merchant2/merchant.mv?Screen=CTGY&Store_Code=health&Category_Code=201" "Mozilla/4.0 (compatible; MSIE 5.5; Windows 98)"
65.58.212.236 - - [02/Mar/2003:06:06:13 -0800] "GET /Merchant2/201/health_201_headmenu_r4_c4_f2.jpg HTTP/1.1" 200 784 "http://www.merchant247.net/Merchant2/merchant.mv?Screen=CTGY&Store_Code=health&Category_Code=201" "Mozilla/4.0 (compatible; MSIE 5.5; Windows 98)"
65.58.212.236 - - [02/Mar/2003:06:06:15 -0800] "GET /Merchant2/201/health_201_headmenu_r5_c8_f2.jpg HTTP/1.1" 200 971 "http://www.merchant247.net/Merchant2/merchant.mv?Screen=CTGY&Store_Code=health&Category_Code=201" "Mozilla/4.0 (compatible; MSIE 5.5; Windows 98)"
65.58.212.236 - - [02/Mar/2003:06:06:16 -0800] "GET /Merchant2/201/health_201_headmenu_r5_c10_f2.jpg HTTP/1.1" 200 1175 "http://www.merchant247.net/Merchant2/merchant.mv?Screen=CTGY&Store_Code=health&Category_Code=201" "Mozilla/4.0 (compatible; MSIE 5.5; Windows 98)"
65.58.212.236 - - [02/Mar/2003:06:06:17 -0800] "GET /Merchant2/201/health_201_headmenu_r4_c2_f2.jpg HTTP/1.1" 200 770 "http://www.merchant247.net/Merchant2/merchant.mv?Screen=CTGY&Store_Code=health&Category_Code=201" "Mozilla/4.0 (compatible; MSIE 5.5; Windows 98)"
65.58.212.236 - - [02/Mar/2003:06:07:32 -0800] "GET /favicon.ico HTTP/1.1" 404 320 "-" "Mozilla/4.0 (compatible; MSIE 5.5; Windows 98)"
208.33.40.33 - - [02/Mar/2003:06:07:52 -0800] "GET /Merchant2/graphics/en-US/admin/blank.gif HTTP/1.1" 304 - "http://www.7-day-smoke-away.net/" "Mozilla/4.0 (compatible; MSIE 5.0; Windows 98; DigExt)"
65.58.212.236 - - [02/Mar/2003:06:08:40 -0800] "GET /Merchant2/merchant.mv?Screen=CTGY&Store_Code=health&Category_Code=202 HTTP/1.1" 200 20105 "http://www.smoke-away.us/index.htm" "Mozilla/4.0 (compatible; MSIE 5.5; Windows 98)"
65.58.212.236 - - [02/Mar/2003:06:08:41 -0800] "GET /Merchant2/202/spacer.gif HTTP/1.1" 200 43 "http://www.merchant247.net/Merchant2/merchant.mv?Screen=CTGY&Store_Code=health&Category_Code=202" "Mozilla/4.0 (compatible; MSIE 5.5; Windows 98)"
65.58.212.236 - - [02/Mar/2003:06:08:43 -0800] "GET /Merchant2/202/health_202_headmenu_r2_c1.jpg HTTP/1.1" 200 1687 "http://www.merchant247.net/Merchant2/merchant.mv?Screen=CTGY&Store_Code=health&Category_Code=202" "Mozilla/4.0 (compatible; MSIE 5.5; Windows 98)"
65.58.212.236 - - [02/Mar/2003:06:08:47 -0800] "GET /Merchant2/202/health_202_headmenu_r1_c1.jpg HTTP/1.1" 200 17218 "http://www.merchant247.net/Merchant2/merchant.mv?Screen=CTGY&Store_Code=health&Category_Code=202" "Mozilla/4.0 (compatible; MSIE 5.5; Windows 98)"
65.58.212.236 - - [02/Mar/2003:06:08:47 -0800] "GET /Merchant2/202/health_202_headmenu_r2_c2.jpg HTTP/1.1" 200 999 "http://www.merchant247.net/Merchant2/merchant.mv?Screen=CTGY&Store_Code=health&Category_Code=202" "Mozilla/4.0 (compatible; MSIE 5.5; Windows 98)"
65.58.212.236 - - [02/Mar/2003:06:08:52 -0800] "GET /Merchant2/202/health_202_headmenu_r2_c4.jpg HTTP/1.1" 200 769 "http://www.merchant247.net/Merchant2/merchant.mv?Screen=CTGY&Store_Code=health&Category_Code=202" "Mozilla/4.0 (compatible; MSIE 5.5; Windows 98)"
65.58.212.236 - - [02/Mar/2003:06:08:52 -0800] "GET /Merchant2/202/health_202_headmenu_r2_c5.jpg HTTP/1.1" 200 1267 "http://www.merchant247.net/Merchant2/merchant.mv?Screen=CTGY&Store_Code=health&Category_Code=202" "Mozilla/4.0 (compatible; MSIE 5.5; Windows 98)"
65.58.212.236 - - [02/Mar/2003:06:08:53 -0800] "GET /Merchant2/202/health_202_headmenu_r2_c8.jpg HTTP/1.1" 200 841 "http://www.merchant247.net/Merchant2/merchant.mv?Screen=CTGY&Store_Code=health&Category_Code=202" "Mozilla/4.0 (compatible; MSIE 5.5; Windows 98)"
65.58.212.236 - - [02/Mar/2003:06:08:54 -0800] "GET /Merchant2/202/health_202_headmenu_r2_c9.jpg HTTP/1.1" 200 1076 "http://www.merchant247.net/Merchant2/merchant.mv?Screen=CTGY&Store_Code=health&Category_Code=202" "Mozilla/4.0 (compatible; MSIE 5.5; Windows 98)"
65.58.212.236 - - [02/Mar/2003:06:08:55 -0800] "GET /Merchant2/202/health_202_headmenu_r2_c11.jpg HTTP/1.1" 200 375 "http://www.merchant247.net/Merchant2/merchant.mv?Screen=CTGY&Store_Code=health&Category_Code=202" "Mozilla/4.0 (compatible; MSIE 5.5; Windows 98)"
