65.215.58.210 - - [30/Aug/2002:09:24:39 -0700] "GET /Merchant2/graphics/grobust1.gif HTTP/1.1" 304 - "-" "Mozilla/4.0 (compatible; MSIE 5.0; Win32)"
65.215.58.210 - - [30/Aug/2002:09:24:39 -0700] "GET /Merchant2/graphics/grobust2.gif HTTP/1.1" 304 - "-" "Mozilla/4.0 (compatible; MSIE 5.0; Win32)"
65.215.58.210 - - [30/Aug/2002:09:24:39 -0700] "GET /Merchant2/graphics/mbust1.gif HTTP/1.1" 304 - "-" "Mozilla/4.0 (compatible; MSIE 5.0; Win32)"
65.215.58.210 - - [30/Aug/2002:09:24:39 -0700] "GET /Merchant2/graphics/mbust2.gif HTTP/1.1" 304 - "-" "Mozilla/4.0 (compatible; MSIE 5.0; Win32)"
65.215.58.210 - - [30/Aug/2002:09:24:40 -0700] "GET /Merchant2/graphics/vimacawomen1.gif HTTP/1.1" 304 - "-" "Mozilla/4.0 (compatible; MSIE 5.0; Win32)"
65.215.58.210 - - [30/Aug/2002:09:24:40 -0700] "GET /Merchant2/graphics/vimacawomen2.gif HTTP/1.1" 304 - "-" "Mozilla/4.0 (compatible; MSIE 5.0; Win32)"
65.215.58.210 - - [30/Aug/2002:09:24:40 -0700] "GET /Merchant2/graphics/vimacamen1.gif HTTP/1.1" 304 - "-" "Mozilla/4.0 (compatible; MSIE 5.0; Win32)"
65.215.58.210 - - [30/Aug/2002:09:24:40 -0700] "GET /Merchant2/graphics/vimacamen2.gif HTTP/1.1" 304 - "-" "Mozilla/4.0 (compatible; MSIE 5.0; Win32)"
65.215.58.210 - - [30/Aug/2002:09:24:40 -0700] "GET /Merchant2/graphics/macaease1.gif HTTP/1.1" 304 - "-" "Mozilla/4.0 (compatible; MSIE 5.0; Win32)"
65.215.58.210 - - [30/Aug/2002:09:24:40 -0700] "GET /Merchant2/graphics/macaease2.gif HTTP/1.1" 304 - "-" "Mozilla/4.0 (compatible; MSIE 5.0; Win32)"
65.215.58.210 - - [30/Aug/2002:09:24:40 -0700] "GET /Merchant2/graphics/macasurge1.gif HTTP/1.1" 304 - "-" "Mozilla/4.0 (compatible; MSIE 5.0; Win32)"
65.215.58.210 - - [30/Aug/2002:09:24:40 -0700] "GET /Merchant2/graphics/macasurge2.gif HTTP/1.1" 304 - "-" "Mozilla/4.0 (compatible; MSIE 5.0; Win32)"
65.215.58.210 - - [30/Aug/2002:09:24:40 -0700] "GET /Merchant2/graphics/macaboost1.gif HTTP/1.1" 304 - "-" "Mozilla/4.0 (compatible; MSIE 5.0; Win32)"
65.215.58.210 - - [30/Aug/2002:09:24:41 -0700] "GET /Merchant2/graphics/macaboost2.gif HTTP/1.1" 304 - "-" "Mozilla/4.0 (compatible; MSIE 5.0; Win32)"
65.215.58.210 - - [30/Aug/2002:09:24:41 -0700] "GET /Merchant2/graphics/cellulite1.gif HTTP/1.1" 304 - "-" "Mozilla/4.0 (compatible; MSIE 5.0; Win32)"
65.215.58.210 - - [30/Aug/2002:09:24:41 -0700] "GET /Merchant2/graphics/cellulite2.gif HTTP/1.1" 304 - "-" "Mozilla/4.0 (compatible; MSIE 5.0; Win32)"
65.215.58.210 - - [30/Aug/2002:09:24:41 -0700] "GET /Merchant2/graphics/7day1.gif HTTP/1.1" 304 - "-" "Mozilla/4.0 (compatible; MSIE 5.0; Win32)"
65.215.58.210 - - [30/Aug/2002:09:24:41 -0700] "GET /Merchant2/graphics/7day2.gif HTTP/1.1" 304 - "-" "Mozilla/4.0 (compatible; MSIE 5.0; Win32)"
65.215.58.210 - - [30/Aug/2002:09:24:41 -0700] "GET /Merchant2/graphics/detox1.gif HTTP/1.1" 304 - "-" "Mozilla/4.0 (compatible; MSIE 5.0; Win32)"
65.215.58.210 - - [30/Aug/2002:09:24:41 -0700] "GET /Merchant2/graphics/detox2.gif HTTP/1.1" 304 - "-" "Mozilla/4.0 (compatible; MSIE 5.0; Win32)"
65.215.58.210 - - [30/Aug/2002:09:24:41 -0700] "GET /Merchant2/graphics/customer1.gif HTTP/1.1" 304 - "-" "Mozilla/4.0 (compatible; MSIE 5.0; Win32)"
65.215.58.210 - - [30/Aug/2002:09:24:41 -0700] "GET /Merchant2/graphics/customer2.gif HTTP/1.1" 304 - "-" "Mozilla/4.0 (compatible; MSIE 5.0; Win32)"
216.145.218.5 - - [30/Aug/2002:10:15:26 -0700] "GET /Merchant2/graphics/logo.GIF HTTP/1.1" 200 5710 "http://www.intomyhealth.com/stopsmokingaides/index.html" "Mozilla/4.0 (compatible; MSIE 5.01; Windows NT; Hotbar 4.1.5.0)"
216.145.218.5 - - [30/Aug/2002:10:15:26 -0700] "GET /stopsmokingaides/index.html HTTP/1.1" 200 46690 "http://search.cometsystems.com/search.php?product=asearch&qry=smoke+away" "Mozilla/4.0 (compatible; MSIE 5.01; Windows NT; Hotbar 4.1.5.0)"
216.145.218.5 - - [30/Aug/2002:10:15:27 -0700] "GET /Merchant2/graphics/girls.jpg HTTP/1.1" 200 6933 "http://www.intomyhealth.com/stopsmokingaides/index.html" "Mozilla/4.0 (compatible; MSIE 5.01; Windows NT; Hotbar 4.1.5.0)"
67.235.151.163 - - [30/Aug/2002:10:15:29 -0700] "GET /miraclebust/index.html HTTP/1.1" 304 - "http://google.yahoo.com/bin/query_msie?p=miracle+bust" "Mozilla/4.0 (compatible; MSIE 5.01; Windows 98)"
67.235.151.163 - - [30/Aug/2002:10:15:30 -0700] "GET /Merchant2/graphics/logo.GIF HTTP/1.1" 304 - "http://www.intomyhealth.com/miraclebust/index.html" "Mozilla/4.0 (compatible; MSIE 5.01; Windows 98)"
67.235.151.163 - - [30/Aug/2002:10:15:30 -0700] "GET /Merchant2/graphics/girls.jpg HTTP/1.1" 304 - "http://www.intomyhealth.com/miraclebust/index.html" "Mozilla/4.0 (compatible; MSIE 5.01; Windows 98)"
67.235.151.163 - - [30/Aug/2002:10:15:30 -0700] "GET /Merchant2/graphics/shipping.gif HTTP/1.1" 304 - "http://www.intomyhealth.com/miraclebust/index.html" "Mozilla/4.0 (compatible; MSIE 5.01; Windows 98)"
67.235.151.163 - - [30/Aug/2002:10:15:30 -0700] "GET /Merchant2/graphics/pix8.gif HTTP/1.1" 304 - "http://www.intomyhealth.com/miraclebust/index.html" "Mozilla/4.0 (compatible; MSIE 5.01; Windows 98)"
216.145.218.5 - - [30/Aug/2002:10:15:30 -0700] "GET /Merchant2/graphics/shipping.gif HTTP/1.1" 200 6479 "http://www.intomyhealth.com/stopsmokingaides/index.html" "Mozilla/4.0 (compatible; MSIE 5.01; Windows NT; Hotbar 4.1.5.0)"
67.235.151.163 - - [30/Aug/2002:10:15:31 -0700] "GET /Merchant2/graphics/authorize.GIF HTTP/1.1" 304 - "http://www.intomyhealth.com/miraclebust/index.html" "Mozilla/4.0 (compatible; MSIE 5.01; Windows 98)"
67.235.151.163 - - [30/Aug/2002:10:15:31 -0700] "GET /Merchant2/graphics/00000001/miraclebust_single.jpg HTTP/1.1" 304 - "http://www.intomyhealth.com/miraclebust/index.html" "Mozilla/4.0 (compatible; MSIE 5.01; Windows 98)"
216.145.218.5 - - [30/Aug/2002:10:15:31 -0700] "GET /Merchant2/graphics/pix8.gif HTTP/1.1" 200 810 "http://www.intomyhealth.com/stopsmokingaides/index.html" "Mozilla/4.0 (compatible; MSIE 5.01; Windows NT; Hotbar 4.1.5.0)"
216.145.218.5 - - [30/Aug/2002:10:15:31 -0700] "GET /Merchant2/graphics/authorize.GIF HTTP/1.1" 200 5196 "http://www.intomyhealth.com/stopsmokingaides/index.html" "Mozilla/4.0 (compatible; MSIE 5.01; Windows NT; Hotbar 4.1.5.0)"
67.235.151.163 - - [30/Aug/2002:10:15:31 -0700] "GET /Merchant2/graphics/00000001/miraclebustbikini.jpg HTTP/1.1" 304 - "http://www.intomyhealth.com/miraclebust/index.html" "Mozilla/4.0 (compatible; MSIE 5.01; Windows 98)"
216.145.218.5 - - [30/Aug/2002:10:15:32 -0700] "GET /_fpclass/fphover.class HTTP/1.1" 200 11684 "-" "Mozilla/4.0 (compatible; MSIE 5.0; Win32; Hotbar 4.1.5.0)"
67.235.151.163 - - [30/Aug/2002:10:15:32 -0700] "GET /Merchant2/graphics/slogan.gif HTTP/1.1" 304 - "http://www.intomyhealth.com/miraclebust/index.html" "Mozilla/4.0 (compatible; MSIE 5.01; Windows 98)"
67.235.151.163 - - [30/Aug/2002:10:15:32 -0700] "GET /Merchant2/graphics/00000001/we_accept.jpg HTTP/1.1" 304 - "http://www.intomyhealth.com/miraclebust/index.html" "Mozilla/4.0 (compatible; MSIE 5.01; Windows 98)"
216.145.218.5 - - [30/Aug/2002:10:15:32 -0700] "GET /Merchant2/graphics/00000001/7_daysmoke_pack.jpg HTTP/1.1" 200 4403 "http://www.intomyhealth.com/stopsmokingaides/index.html" "Mozilla/4.0 (compatible; MSIE 5.01; Windows NT; Hotbar 4.1.5.0)"
216.145.218.5 - - [30/Aug/2002:10:15:32 -0700] "GET /Merchant2/graphics/7day_maintenance.jpg HTTP/1.1" 200 2050 "http://www.intomyhealth.com/stopsmokingaides/index.html" "Mozilla/4.0 (compatible; MSIE 5.01; Windows NT; Hotbar 4.1.5.0)"
216.145.218.5 - - [30/Aug/2002:10:15:33 -0700] "GET /_fpclass/fphoverx.class HTTP/1.1" 200 2041 "-" "Mozilla/4.0 (compatible; MSIE 5.0; Win32; Hotbar 4.1.5.0)"
67.235.151.163 - - [30/Aug/2002:10:15:33 -0700] "GET /_fpclass/fphover.class HTTP/1.1" 304 - "-" "Mozilla/4.0 (compatible; MSIE 5.0; Win32)"
216.145.218.5 - - [30/Aug/2002:10:15:33 -0700] "GET /Merchant2/graphics/slogan.gif HTTP/1.1" 200 3094 "http://www.intomyhealth.com/stopsmokingaides/index.html" "Mozilla/4.0 (compatible; MSIE 5.01; Windows NT; Hotbar 4.1.5.0)"
216.145.218.5 - - [30/Aug/2002:10:15:33 -0700] "GET /Merchant2/graphics/00000001/we_accept.jpg HTTP/1.1" 200 3057 "http://www.intomyhealth.com/stopsmokingaides/index.html" "Mozilla/4.0 (compatible; MSIE 5.01; Windows NT; Hotbar 4.1.5.0)"
216.145.218.5 - - [30/Aug/2002:10:15:34 -0700] "GET /Merchant2/graphics/macaease1.gif HTTP/1.1" 200 1251 "-" "Mozilla/4.0 (compatible; MSIE 5.0; Win32; Hotbar 4.1.5.0)"
67.235.151.163 - - [30/Aug/2002:10:15:34 -0700] "GET /_fpclass/fphoverx.class HTTP/1.1" 304 - "-" "Mozilla/4.0 (compatible; MSIE 5.0; Win32)"
216.145.218.5 - - [30/Aug/2002:10:15:34 -0700] "GET /Merchant2/graphics/vimacamen1.gif HTTP/1.1" 200 699 "-" "Mozilla/4.0 (compatible; MSIE 5.0; Win32; Hotbar 4.1.5.0)"
216.145.218.5 - - [30/Aug/2002:10:15:34 -0700] "GET /Merchant2/graphics/mbust1.gif HTTP/1.1" 200 1310 "-" "Mozilla/4.0 (compatible; MSIE 5.0; Win32; Hotbar 4.1.5.0)"
216.145.218.5 - - [30/Aug/2002:10:15:34 -0700] "GET /Merchant2/graphics/vimacawomen1.gif HTTP/1.1" 200 816 "-" "Mozilla/4.0 (compatible; MSIE 5.0; Win32; Hotbar 4.1.5.0)"
216.145.218.5 - - [30/Aug/2002:10:15:34 -0700] "GET /Merchant2/graphics/cellulite1.gif HTTP/1.1" 200 708 "-" "Mozilla/4.0 (compatible; MSIE 5.0; Win32; Hotbar 4.1.5.0)"
67.235.151.163 - - [30/Aug/2002:10:15:34 -0700] "GET /Merchant2/graphics/home1.gif HTTP/1.1" 304 - "-" "Mozilla/4.0 (compatible; MSIE 5.0; Win32)"
67.235.151.163 - - [30/Aug/2002:10:15:35 -0700] "GET /Merchant2/graphics/macaboost1.gif HTTP/1.1" 304 - "-" "Mozilla/4.0 (compatible; MSIE 5.0; Win32)"
216.145.218.5 - - [30/Aug/2002:10:15:35 -0700] "GET /Merchant2/graphics/macaboost1.gif HTTP/1.1" 200 801 "-" "Mozilla/4.0 (compatible; MSIE 5.0; Win32; Hotbar 4.1.5.0)"
216.145.218.5 - - [30/Aug/2002:10:15:35 -0700] "GET /Merchant2/graphics/grobust1.gif HTTP/1.1" 200 672 "-" "Mozilla/4.0 (compatible; MSIE 5.0; Win32; Hotbar 4.1.5.0)"
67.235.151.163 - - [30/Aug/2002:10:15:35 -0700] "GET /Merchant2/graphics/home2.gif HTTP/1.1" 304 - "-" "Mozilla/4.0 (compatible; MSIE 5.0; Win32)"
67.235.151.163 - - [30/Aug/2002:10:15:35 -0700] "GET /Merchant2/graphics/macaboost2.gif HTTP/1.1" 304 - "-" "Mozilla/4.0 (compatible; MSIE 5.0; Win32)"
216.145.218.5 - - [30/Aug/2002:10:15:35 -0700] "GET /Merchant2/graphics/macasurge1.gif HTTP/1.1" 200 774 "-" "Mozilla/4.0 (compatible; MSIE 5.0; Win32; Hotbar 4.1.5.0)"
216.145.218.5 - - [30/Aug/2002:10:15:35 -0700] "GET /Merchant2/graphics/scottsdale1.gif HTTP/1.1" 200 1557 "-" "Mozilla/4.0 (compatible; MSIE 5.0; Win32; Hotbar 4.1.5.0)"
216.145.218.5 - - [30/Aug/2002:10:15:36 -0700] "GET /Merchant2/graphics/7day1.gif HTTP/1.1" 200 843 "-" "Mozilla/4.0 (compatible; MSIE 5.0; Win32; Hotbar 4.1.5.0)"
67.235.151.163 - - [30/Aug/2002:10:15:36 -0700] "GET /Merchant2/graphics/vimacamen1.gif HTTP/1.1" 304 - "-" "Mozilla/4.0 (compatible; MSIE 5.0; Win32)"
67.235.151.163 - - [30/Aug/2002:10:15:36 -0700] "GET /Merchant2/graphics/vimacamen2.gif HTTP/1.1" 304 - "-" "Mozilla/4.0 (compatible; MSIE 5.0; Win32)"
216.145.218.5 - - [30/Aug/2002:10:15:36 -0700] "GET /Merchant2/graphics/detox1.gif HTTP/1.1" 200 901 "-" "Mozilla/4.0 (compatible; MSIE 5.0; Win32; Hotbar 4.1.5.0)"
216.145.218.5 - - [30/Aug/2002:10:15:36 -0700] "GET /Merchant2/graphics/shopping1.gif HTTP/1.1" 200 998 "-" "Mozilla/4.0 (compatible; MSIE 5.0; Win32; Hotbar 4.1.5.0)"
67.235.151.163 - - [30/Aug/2002:10:15:36 -0700] "GET /Merchant2/graphics/cellulite1.gif HTTP/1.1" 304 - "-" "Mozilla/4.0 (compatible; MSIE 5.0; Win32)"
216.145.218.5 - - [30/Aug/2002:10:15:36 -0700] "GET /Merchant2/graphics/home1.gif HTTP/1.1" 200 1166 "-" "Mozilla/4.0 (compatible; MSIE 5.0; Win32; Hotbar 4.1.5.0)"
67.235.151.163 - - [30/Aug/2002:10:15:36 -0700] "GET /Merchant2/graphics/7day1.gif HTTP/1.1" 304 - "-" "Mozilla/4.0 (compatible; MSIE 5.0; Win32)"
216.145.218.5 - - [30/Aug/2002:10:15:36 -0700] "GET /Merchant2/graphics/customer1.gif HTTP/1.1" 200 703 "-" "Mozilla/4.0 (compatible; MSIE 5.0; Win32; Hotbar 4.1.5.0)"
216.145.218.5 - - [30/Aug/2002:10:15:37 -0700] "GET /Merchant2/graphics/checkout1.gif HTTP/1.1" 200 1310 "-" "Mozilla/4.0 (compatible; MSIE 5.0; Win32; Hotbar 4.1.5.0)"
67.235.151.163 - - [30/Aug/2002:10:15:37 -0700] "GET /Merchant2/graphics/cellulite2.gif HTTP/1.1" 304 - "-" "Mozilla/4.0 (compatible; MSIE 5.0; Win32)"
67.235.151.163 - - [30/Aug/2002:10:15:37 -0700] "GET /Merchant2/graphics/7day2.gif HTTP/1.1" 304 - "-" "Mozilla/4.0 (compatible; MSIE 5.0; Win32)"
216.145.218.5 - - [30/Aug/2002:10:15:37 -0700] "GET /Merchant2/graphics/macaease2.gif HTTP/1.1" 200 1755 "-" "Mozilla/4.0 (compatible; MSIE 5.0; Win32; Hotbar 4.1.5.0)"
216.145.218.5 - - [30/Aug/2002:10:15:37 -0700] "GET /Merchant2/graphics/vimacamen2.gif HTTP/1.1" 200 2738 "-" "Mozilla/4.0 (compatible; MSIE 5.0; Win32; Hotbar 4.1.5.0)"
67.235.151.163 - - [30/Aug/2002:10:15:37 -0700] "GET /Merchant2/graphics/detox1.gif HTTP/1.1" 304 - "-" "Mozilla/4.0 (compatible; MSIE 5.0; Win32)"
216.145.218.5 - - [30/Aug/2002:10:15:37 -0700] "GET /Merchant2/graphics/mbust2.gif HTTP/1.1" 200 2560 "-" "Mozilla/4.0 (compatible; MSIE 5.0; Win32; Hotbar 4.1.5.0)"
67.235.151.163 - - [30/Aug/2002:10:15:37 -0700] "GET /Merchant2/graphics/detox2.gif HTTP/1.1" 304 - "-" "Mozilla/4.0 (compatible; MSIE 5.0; Win32)"
216.145.218.5 - - [30/Aug/2002:10:15:38 -0700] "GET /Merchant2/graphics/vimacawomen2.gif HTTP/1.1" 200 2852 "-" "Mozilla/4.0 (compatible; MSIE 5.0; Win32; Hotbar 4.1.5.0)"
216.145.218.5 - - [30/Aug/2002:10:15:38 -0700] "GET /Merchant2/graphics/cellulite2.gif HTTP/1.1" 200 2593 "-" "Mozilla/4.0 (compatible; MSIE 5.0; Win32; Hotbar 4.1.5.0)"
67.235.151.163 - - [30/Aug/2002:10:15:38 -0700] "GET /Merchant2/graphics/macaease1.gif HTTP/1.1" 304 - "-" "Mozilla/4.0 (compatible; MSIE 5.0; Win32)"
67.235.151.163 - - [30/Aug/2002:10:15:38 -0700] "GET /Merchant2/graphics/macaease2.gif HTTP/1.1" 304 - "-" "Mozilla/4.0 (compatible; MSIE 5.0; Win32)"
216.145.218.5 - - [30/Aug/2002:10:15:38 -0700] "GET /Merchant2/graphics/macaboost2.gif HTTP/1.1" 200 2532 "-" "Mozilla/4.0 (compatible; MSIE 5.0; Win32; Hotbar 4.1.5.0)"
216.145.218.5 - - [30/Aug/2002:10:15:38 -0700] "GET /Merchant2/graphics/grobust2.gif HTTP/1.1" 200 2479 "-" "Mozilla/4.0 (compatible; MSIE 5.0; Win32; Hotbar 4.1.5.0)"
216.145.218.5 - - [30/Aug/2002:10:15:38 -0700] "GET /Merchant2/graphics/macasurge2.gif HTTP/1.1" 200 2553 "-" "Mozilla/4.0 (compatible; MSIE 5.0; Win32; Hotbar 4.1.5.0)"
216.145.218.5 - - [30/Aug/2002:10:15:39 -0700] "GET /Merchant2/graphics/scottsdale2.gif HTTP/1.1" 200 3037 "-" "Mozilla/4.0 (compatible; MSIE 5.0; Win32; Hotbar 4.1.5.0)"
67.235.151.163 - - [30/Aug/2002:10:15:39 -0700] "GET /Merchant2/graphics/customer2.gif HTTP/1.1" 304 - "-" "Mozilla/4.0 (compatible; MSIE 5.0; Win32)"
67.235.151.163 - - [30/Aug/2002:10:15:39 -0700] "GET /Merchant2/graphics/customer1.gif HTTP/1.1" 304 - "-" "Mozilla/4.0 (compatible; MSIE 5.0; Win32)"
216.145.218.5 - - [30/Aug/2002:10:15:39 -0700] "GET /Merchant2/graphics/7day2.gif HTTP/1.1" 200 2939 "-" "Mozilla/4.0 (compatible; MSIE 5.0; Win32; Hotbar 4.1.5.0)"
216.145.218.5 - - [30/Aug/2002:10:15:39 -0700] "GET /Merchant2/graphics/detox2.gif HTTP/1.1" 200 3184 "-" "Mozilla/4.0 (compatible; MSIE 5.0; Win32; Hotbar 4.1.5.0)"
67.235.151.163 - - [30/Aug/2002:10:15:39 -0700] "GET /Merchant2/graphics/grobust1.gif HTTP/1.1" 304 - "-" "Mozilla/4.0 (compatible; MSIE 5.0; Win32)"
67.235.151.163 - - [30/Aug/2002:10:15:39 -0700] "GET /Merchant2/graphics/grobust2.gif HTTP/1.1" 304 - "-" "Mozilla/4.0 (compatible; MSIE 5.0; Win32)"
216.145.218.5 - - [30/Aug/2002:10:15:39 -0700] "GET /Merchant2/graphics/shopping2.gif HTTP/1.1" 200 2965 "-" "Mozilla/4.0 (compatible; MSIE 5.0; Win32; Hotbar 4.1.5.0)"
216.145.218.5 - - [30/Aug/2002:10:15:40 -0700] "GET /Merchant2/graphics/home2.gif HTTP/1.1" 200 1613 "-" "Mozilla/4.0 (compatible; MSIE 5.0; Win32; Hotbar 4.1.5.0)"
216.145.218.5 - - [30/Aug/2002:10:15:40 -0700] "GET /Merchant2/graphics/customer2.gif HTTP/1.1" 200 2869 "-" "Mozilla/4.0 (compatible; MSIE 5.0; Win32; Hotbar 4.1.5.0)"
67.235.151.163 - - [30/Aug/2002:10:15:40 -0700] "GET /Merchant2/graphics/checkout1.gif HTTP/1.1" 304 - "-" "Mozilla/4.0 (compatible; MSIE 5.0; Win32)"
67.235.151.163 - - [30/Aug/2002:10:15:40 -0700] "GET /Merchant2/graphics/scottsdale1.gif HTTP/1.1" 304 - "-" "Mozilla/4.0 (compatible; MSIE 5.0; Win32)"
216.145.218.5 - - [30/Aug/2002:10:15:40 -0700] "GET /Merchant2/graphics/checkout2.gif HTTP/1.1" 200 2672 "-" "Mozilla/4.0 (compatible; MSIE 5.0; Win32; Hotbar 4.1.5.0)"
67.235.151.163 - - [30/Aug/2002:10:15:40 -0700] "GET /Merchant2/graphics/scottsdale2.gif HTTP/1.1" 304 - "-" "Mozilla/4.0 (compatible; MSIE 5.0; Win32)"
67.235.151.163 - - [30/Aug/2002:10:15:41 -0700] "GET /Merchant2/graphics/shopping2.gif HTTP/1.1" 304 - "-" "Mozilla/4.0 (compatible; MSIE 5.0; Win32)"
216.145.218.5 - - [30/Aug/2002:10:15:41 -0700] "GET /_fpclass/fphoverBeanInfo.class HTTP/1.1" 404 340 "-" "Mozilla/4.0 (compatible; MSIE 5.0; Win32; Hotbar 4.1.5.0)"
67.235.151.163 - - [30/Aug/2002:10:15:41 -0700] "GET /Merchant2/graphics/shopping1.gif HTTP/1.1" 200 998 "-" "Mozilla/4.0 (compatible; MSIE 5.0; Win32)"
67.235.151.163 - - [30/Aug/2002:10:15:41 -0700] "GET /Merchant2/graphics/checkout2.gif HTTP/1.1" 304 - "-" "Mozilla/4.0 (compatible; MSIE 5.0; Win32)"
67.235.151.163 - - [30/Aug/2002:10:15:42 -0700] "GET /Merchant2/graphics/mbust1.gif HTTP/1.1" 304 - "-" "Mozilla/4.0 (compatible; MSIE 5.0; Win32)"
67.235.151.163 - - [30/Aug/2002:10:15:42 -0700] "GET /Merchant2/graphics/mbust2.gif HTTP/1.1" 304 - "-" "Mozilla/4.0 (compatible; MSIE 5.0; Win32)"
67.235.151.163 - - [30/Aug/2002:10:15:42 -0700] "GET /Merchant2/graphics/vimacawomen1.gif HTTP/1.1" 304 - "-" "Mozilla/4.0 (compatible; MSIE 5.0; Win32)"
67.235.151.163 - - [30/Aug/2002:10:15:43 -0700] "GET /Merchant2/graphics/macasurge1.gif HTTP/1.1" 304 - "-" "Mozilla/4.0 (compatible; MSIE 5.0; Win32)"
67.235.151.163 - - [30/Aug/2002:10:15:43 -0700] "GET /Merchant2/graphics/vimacawomen2.gif HTTP/1.1" 304 - "-" "Mozilla/4.0 (compatible; MSIE 5.0; Win32)"
67.235.151.163 - - [30/Aug/2002:10:15:43 -0700] "GET /Merchant2/graphics/macasurge2.gif HTTP/1.1" 304 - "-" "Mozilla/4.0 (compatible; MSIE 5.0; Win32)"
67.235.151.163 - - [30/Aug/2002:10:15:46 -0700] "GET /Merchant2/graphics/logo.GIF HTTP/1.1" 304 - "http://www.intomyhealth.com/Merchant2/customerservice.htm" "Mozilla/4.0 (compatible; MSIE 5.01; Windows 98)"
67.235.151.163 - - [30/Aug/2002:10:15:46 -0700] "GET /Merchant2/customerservice.htm HTTP/1.1" 200 19753 "-" "Mozilla/4.0 (compatible; MSIE 5.01; Windows 98)"
67.235.151.163 - - [30/Aug/2002:10:15:47 -0700] "GET /Merchant2/graphics/home1.gif HTTP/1.1" 304 - "-" "Mozilla/4.0 (compatible; MSIE 5.0; Win32)"
67.235.151.163 - - [30/Aug/2002:10:15:47 -0700] "GET /Merchant2/graphics/shopping1.gif HTTP/1.1" 304 - "-" "Mozilla/4.0 (compatible; MSIE 5.0; Win32)"
67.235.151.163 - - [30/Aug/2002:10:15:47 -0700] "GET /Merchant2/graphics/checkout1.gif HTTP/1.1" 304 - "-" "Mozilla/4.0 (compatible; MSIE 5.0; Win32)"
67.235.151.163 - - [30/Aug/2002:10:15:48 -0700] "GET /Merchant2/graphics/vimacamen1.gif HTTP/1.1" 304 - "-" "Mozilla/4.0 (compatible; MSIE 5.0; Win32)"
67.235.151.163 - - [30/Aug/2002:10:15:48 -0700] "GET /Merchant2/graphics/macaease1.gif HTTP/1.1" 304 - "-" "Mozilla/4.0 (compatible; MSIE 5.0; Win32)"
67.235.151.163 - - [30/Aug/2002:10:15:48 -0700] "GET /Merchant2/graphics/macasurge1.gif HTTP/1.1" 304 - "-" "Mozilla/4.0 (compatible; MSIE 5.0; Win32)"
67.235.151.163 - - [30/Aug/2002:10:15:48 -0700] "GET /Merchant2/graphics/macaboost1.gif HTTP/1.1" 304 - "-" "Mozilla/4.0 (compatible; MSIE 5.0; Win32)"
67.235.151.163 - - [30/Aug/2002:10:15:49 -0700] "GET /Merchant2/graphics/macaboost2.gif HTTP/1.1" 304 - "-" "Mozilla/4.0 (compatible; MSIE 5.0; Win32)"
67.235.151.163 - - [30/Aug/2002:10:15:49 -0700] "GET /Merchant2/graphics/cellulite1.gif HTTP/1.1" 304 - "-" "Mozilla/4.0 (compatible; MSIE 5.0; Win32)"
67.235.151.163 - - [30/Aug/2002:10:15:49 -0700] "GET /Merchant2/graphics/cellulite2.gif HTTP/1.1" 304 - "-" "Mozilla/4.0 (compatible; MSIE 5.0; Win32)"
67.235.151.163 - - [30/Aug/2002:10:15:49 -0700] "GET /Merchant2/graphics/7day1.gif HTTP/1.1" 304 - "-" "Mozilla/4.0 (compatible; MSIE 5.0; Win32)"
67.235.151.163 - - [30/Aug/2002:10:15:50 -0700] "GET /Merchant2/graphics/7day2.gif HTTP/1.1" 304 - "-" "Mozilla/4.0 (compatible; MSIE 5.0; Win32)"
67.235.151.163 - - [30/Aug/2002:10:15:50 -0700] "GET /Merchant2/graphics/detox1.gif HTTP/1.1" 304 - "-" "Mozilla/4.0 (compatible; MSIE 5.0; Win32)"
67.235.151.163 - - [30/Aug/2002:10:15:50 -0700] "GET /Merchant2/graphics/detox2.gif HTTP/1.1" 304 - "-" "Mozilla/4.0 (compatible; MSIE 5.0; Win32)"
67.235.151.163 - - [30/Aug/2002:10:15:51 -0700] "GET /Merchant2/graphics/customer1.gif HTTP/1.1" 304 - "-" "Mozilla/4.0 (compatible; MSIE 5.0; Win32)"
67.235.151.163 - - [30/Aug/2002:10:15:51 -0700] "GET /Merchant2/graphics/customer2.gif HTTP/1.1" 304 - "-" "Mozilla/4.0 (compatible; MSIE 5.0; Win32)"
67.235.151.163 - - [30/Aug/2002:10:15:51 -0700] "GET /Merchant2/graphics/girls.jpg HTTP/1.1" 304 - "http://www.intomyhealth.com/Merchant2/customerservice.htm" "Mozilla/4.0 (compatible; MSIE 5.01; Windows 98)"
67.235.151.163 - - [30/Aug/2002:10:15:52 -0700] "GET /Merchant2/graphics/shipping.gif HTTP/1.1" 304 - "http://www.intomyhealth.com/Merchant2/customerservice.htm" "Mozilla/4.0 (compatible; MSIE 5.01; Windows 98)"
67.235.151.163 - - [30/Aug/2002:10:15:52 -0700] "GET /Merchant2/graphics/pix8.gif HTTP/1.1" 304 - "http://www.intomyhealth.com/Merchant2/customerservice.htm" "Mozilla/4.0 (compatible; MSIE 5.01; Windows 98)"
67.235.151.163 - - [30/Aug/2002:10:15:52 -0700] "GET /Merchant2/graphics/authorize.GIF HTTP/1.1" 304 - "http://www.intomyhealth.com/Merchant2/customerservice.htm" "Mozilla/4.0 (compatible; MSIE 5.01; Windows 98)"
67.235.151.163 - - [30/Aug/2002:10:15:52 -0700] "GET /Merchant2/graphics/tollfree.GIF HTTP/1.1" 200 1450 "http://www.intomyhealth.com/Merchant2/customerservice.htm" "Mozilla/4.0 (compatible; MSIE 5.01; Windows 98)"
67.235.151.163 - - [30/Aug/2002:10:15:53 -0700] "GET /Merchant2/graphics/slogan.gif HTTP/1.1" 304 - "http://www.intomyhealth.com/Merchant2/customerservice.htm" "Mozilla/4.0 (compatible; MSIE 5.01; Windows 98)"
67.235.151.163 - - [30/Aug/2002:10:15:53 -0700] "GET /Merchant2/graphics/00000001/we_accept.jpg HTTP/1.1" 304 - "http://www.intomyhealth.com/Merchant2/customerservice.htm" "Mozilla/4.0 (compatible; MSIE 5.01; Windows 98)"
67.235.151.163 - - [30/Aug/2002:10:17:39 -0700] "GET /Merchant2/returnpolicy.htm HTTP/1.1" 200 16377 "http://www.intomyhealth.com/Merchant2/customerservice.htm" "Mozilla/4.0 (compatible; MSIE 5.01; Windows 98)"
67.235.151.163 - - [30/Aug/2002:10:17:39 -0700] "GET /Merchant2/graphics/logo.GIF HTTP/1.1" 304 - "http://www.intomyhealth.com/Merchant2/returnpolicy.htm" "Mozilla/4.0 (compatible; MSIE 5.01; Windows 98)"
67.235.151.163 - - [30/Aug/2002:10:17:40 -0700] "GET /Merchant2/graphics/home1.gif HTTP/1.1" 304 - "-" "Mozilla/4.0 (compatible; MSIE 5.0; Win32)"
67.235.151.163 - - [30/Aug/2002:10:17:41 -0700] "GET /Merchant2/graphics/home2.gif HTTP/1.1" 304 - "-" "Mozilla/4.0 (compatible; MSIE 5.0; Win32)"
67.235.151.163 - - [30/Aug/2002:10:17:41 -0700] "GET /Merchant2/graphics/shopping1.gif HTTP/1.1" 304 - "-" "Mozilla/4.0 (compatible; MSIE 5.0; Win32)"
67.235.151.163 - - [30/Aug/2002:10:17:41 -0700] "GET /Merchant2/graphics/shopping2.gif HTTP/1.1" 304 - "-" "Mozilla/4.0 (compatible; MSIE 5.0; Win32)"
67.235.151.163 - - [30/Aug/2002:10:17:42 -0700] "GET /Merchant2/graphics/checkout1.gif HTTP/1.1" 304 - "-" "Mozilla/4.0 (compatible; MSIE 5.0; Win32)"
67.235.151.163 - - [30/Aug/2002:10:17:42 -0700] "GET /Merchant2/graphics/checkout2.gif HTTP/1.1" 304 - "-" "Mozilla/4.0 (compatible; MSIE 5.0; Win32)"
67.235.151.163 - - [30/Aug/2002:10:17:42 -0700] "GET /Merchant2/graphics/scottsdale1.gif HTTP/1.1" 304 - "-" "Mozilla/4.0 (compatible; MSIE 5.0; Win32)"
67.235.151.163 - - [30/Aug/2002:10:17:42 -0700] "GET /Merchant2/graphics/scottsdale2.gif HTTP/1.1" 304 - "-" "Mozilla/4.0 (compatible; MSIE 5.0; Win32)"
67.235.151.163 - - [30/Aug/2002:10:17:43 -0700] "GET /Merchant2/graphics/grobust1.gif HTTP/1.1" 304 - "-" "Mozilla/4.0 (compatible; MSIE 5.0; Win32)"
67.235.151.163 - - [30/Aug/2002:10:17:43 -0700] "GET /Merchant2/graphics/grobust2.gif HTTP/1.1" 304 - "-" "Mozilla/4.0 (compatible; MSIE 5.0; Win32)"
67.235.151.163 - - [30/Aug/2002:10:17:43 -0700] "GET /Merchant2/graphics/mbust1.gif HTTP/1.1" 304 - "-" "Mozilla/4.0 (compatible; MSIE 5.0; Win32)"
67.235.151.163 - - [30/Aug/2002:10:17:43 -0700] "GET /Merchant2/graphics/mbust2.gif HTTP/1.1" 304 - "-" "Mozilla/4.0 (compatible; MSIE 5.0; Win32)"
67.235.151.163 - - [30/Aug/2002:10:17:44 -0700] "GET /Merchant2/graphics/vimacawomen1.gif HTTP/1.1" 304 - "-" "Mozilla/4.0 (compatible; MSIE 5.0; Win32)"
67.235.151.163 - - [30/Aug/2002:10:17:44 -0700] "GET /Merchant2/graphics/vimacawomen2.gif HTTP/1.1" 304 - "-" "Mozilla/4.0 (compatible; MSIE 5.0; Win32)"
67.235.151.163 - - [30/Aug/2002:10:17:44 -0700] "GET /Merchant2/graphics/vimacamen1.gif HTTP/1.1" 304 - "-" "Mozilla/4.0 (compatible; MSIE 5.0; Win32)"
67.235.151.163 - - [30/Aug/2002:10:17:45 -0700] "GET /Merchant2/graphics/vimacamen2.gif HTTP/1.1" 304 - "-" "Mozilla/4.0 (compatible; MSIE 5.0; Win32)"
67.235.151.163 - - [30/Aug/2002:10:17:45 -0700] "GET /Merchant2/graphics/macaease1.gif HTTP/1.1" 304 - "-" "Mozilla/4.0 (compatible; MSIE 5.0; Win32)"
67.235.151.163 - - [30/Aug/2002:10:17:45 -0700] "GET /Merchant2/graphics/macaease2.gif HTTP/1.1" 304 - "-" "Mozilla/4.0 (compatible; MSIE 5.0; Win32)"
67.235.151.163 - - [30/Aug/2002:10:17:46 -0700] "GET /Merchant2/graphics/macasurge1.gif HTTP/1.1" 304 - "-" "Mozilla/4.0 (compatible; MSIE 5.0; Win32)"
67.235.151.163 - - [30/Aug/2002:10:17:46 -0700] "GET /Merchant2/graphics/macasurge2.gif HTTP/1.1" 304 - "-" "Mozilla/4.0 (compatible; MSIE 5.0; Win32)"
67.235.151.163 - - [30/Aug/2002:10:17:46 -0700] "GET /Merchant2/graphics/macaboost1.gif HTTP/1.1" 304 - "-" "Mozilla/4.0 (compatible; MSIE 5.0; Win32)"
67.235.151.163 - - [30/Aug/2002:10:17:46 -0700] "GET /Merchant2/graphics/macaboost2.gif HTTP/1.1" 304 - "-" "Mozilla/4.0 (compatible; MSIE 5.0; Win32)"
67.235.151.163 - - [30/Aug/2002:10:17:47 -0700] "GET /Merchant2/graphics/cellulite1.gif HTTP/1.1" 304 - "-" "Mozilla/4.0 (compatible; MSIE 5.0; Win32)"
67.235.151.163 - - [30/Aug/2002:10:17:47 -0700] "GET /Merchant2/graphics/cellulite2.gif HTTP/1.1" 304 - "-" "Mozilla/4.0 (compatible; MSIE 5.0; Win32)"
67.235.151.163 - - [30/Aug/2002:10:17:47 -0700] "GET /Merchant2/graphics/7day1.gif HTTP/1.1" 304 - "-" "Mozilla/4.0 (compatible; MSIE 5.0; Win32)"
67.235.151.163 - - [30/Aug/2002:10:17:47 -0700] "GET /Merchant2/graphics/7day2.gif HTTP/1.1" 304 - "-" "Mozilla/4.0 (compatible; MSIE 5.0; Win32)"
67.235.151.163 - - [30/Aug/2002:10:17:48 -0700] "GET /Merchant2/graphics/detox1.gif HTTP/1.1" 304 - "-" "Mozilla/4.0 (compatible; MSIE 5.0; Win32)"
67.235.151.163 - - [30/Aug/2002:10:17:48 -0700] "GET /Merchant2/graphics/detox2.gif HTTP/1.1" 304 - "-" "Mozilla/4.0 (compatible; MSIE 5.0; Win32)"
67.235.151.163 - - [30/Aug/2002:10:17:48 -0700] "GET /Merchant2/graphics/customer1.gif HTTP/1.1" 304 - "-" "Mozilla/4.0 (compatible; MSIE 5.0; Win32)"
67.235.151.163 - - [30/Aug/2002:10:17:48 -0700] "GET /Merchant2/graphics/customer2.gif HTTP/1.1" 304 - "-" "Mozilla/4.0 (compatible; MSIE 5.0; Win32)"
67.235.151.163 - - [30/Aug/2002:10:17:49 -0700] "GET /Merchant2/graphics/girls.jpg HTTP/1.1" 304 - "http://www.intomyhealth.com/Merchant2/returnpolicy.htm" "Mozilla/4.0 (compatible; MSIE 5.01; Windows 98)"
67.235.151.163 - - [30/Aug/2002:10:17:49 -0700] "GET /Merchant2/graphics/shipping.gif HTTP/1.1" 304 - "http://www.intomyhealth.com/Merchant2/returnpolicy.htm" "Mozilla/4.0 (compatible; MSIE 5.01; Windows 98)"
67.235.151.163 - - [30/Aug/2002:10:17:50 -0700] "GET /Merchant2/graphics/pix8.gif HTTP/1.1" 304 - "http://www.intomyhealth.com/Merchant2/returnpolicy.htm" "Mozilla/4.0 (compatible; MSIE 5.01; Windows 98)"
67.235.151.163 - - [30/Aug/2002:10:17:50 -0700] "GET /Merchant2/graphics/authorize.GIF HTTP/1.1" 304 - "http://www.intomyhealth.com/Merchant2/returnpolicy.htm" "Mozilla/4.0 (compatible; MSIE 5.01; Windows 98)"
67.235.151.163 - - [30/Aug/2002:10:17:50 -0700] "GET /Merchant2/graphics/slogan.gif HTTP/1.1" 304 - "http://www.intomyhealth.com/Merchant2/returnpolicy.htm" "Mozilla/4.0 (compatible; MSIE 5.01; Windows 98)"
67.235.151.163 - - [30/Aug/2002:10:17:50 -0700] "GET /Merchant2/graphics/00000001/we_accept.jpg HTTP/1.1" 304 - "http://www.intomyhealth.com/Merchant2/returnpolicy.htm" "Mozilla/4.0 (compatible; MSIE 5.01; Windows 98)"
170.135.240.10 - - [30/Aug/2002:10:22:43 -0700] "GET /Merchant2/graphics/home1.gif HTTP/1.0" 304 - "-" "Mozilla/4.0 (compatible; MSIE 5.0; Win32)"
170.135.240.10 - - [30/Aug/2002:10:22:43 -0700] "GET /Merchant2/graphics/home2.gif HTTP/1.0" 304 - "-" "Mozilla/4.0 (compatible; MSIE 5.0; Win32)"
170.135.240.10 - - [30/Aug/2002:10:22:44 -0700] "GET /Merchant2/graphics/shopping1.gif HTTP/1.0" 304 - "-" "Mozilla/4.0 (compatible; MSIE 5.0; Win32)"
170.135.240.10 - - [30/Aug/2002:10:22:44 -0700] "GET /Merchant2/graphics/shopping2.gif HTTP/1.0" 304 - "-" "Mozilla/4.0 (compatible; MSIE 5.0; Win32)"
170.135.240.10 - - [30/Aug/2002:10:22:44 -0700] "GET /Merchant2/graphics/checkout1.gif HTTP/1.0" 304 - "-" "Mozilla/4.0 (compatible; MSIE 5.0; Win32)"
170.135.240.10 - - [30/Aug/2002:10:22:44 -0700] "GET /Merchant2/graphics/checkout2.gif HTTP/1.0" 304 - "-" "Mozilla/4.0 (compatible; MSIE 5.0; Win32)"
170.135.240.10 - - [30/Aug/2002:10:22:44 -0700] "GET /Merchant2/graphics/scottsdale1.gif HTTP/1.0" 304 - "-" "Mozilla/4.0 (compatible; MSIE 5.0; Win32)"
170.135.240.10 - - [30/Aug/2002:10:22:44 -0700] "GET /Merchant2/graphics/scottsdale2.gif HTTP/1.0" 304 - "-" "Mozilla/4.0 (compatible; MSIE 5.0; Win32)"
170.135.240.10 - - [30/Aug/2002:10:22:44 -0700] "GET /Merchant2/graphics/grobust1.gif HTTP/1.0" 304 - "-" "Mozilla/4.0 (compatible; MSIE 5.0; Win32)"
170.135.240.10 - - [30/Aug/2002:10:22:44 -0700] "GET /Merchant2/graphics/grobust2.gif HTTP/1.0" 304 - "-" "Mozilla/4.0 (compatible; MSIE 5.0; Win32)"
170.135.240.10 - - [30/Aug/2002:10:22:45 -0700] "GET /Merchant2/graphics/mbust1.gif HTTP/1.0" 304 - "-" "Mozilla/4.0 (compatible; MSIE 5.0; Win32)"
170.135.240.10 - - [30/Aug/2002:10:22:45 -0700] "GET /Merchant2/graphics/mbust2.gif HTTP/1.0" 304 - "-" "Mozilla/4.0 (compatible; MSIE 5.0; Win32)"
170.135.240.10 - - [30/Aug/2002:10:22:45 -0700] "GET /Merchant2/graphics/vimacawomen1.gif HTTP/1.0" 304 - "-" "Mozilla/4.0 (compatible; MSIE 5.0; Win32)"
170.135.240.10 - - [30/Aug/2002:10:22:45 -0700] "GET /Merchant2/graphics/vimacawomen2.gif HTTP/1.0" 304 - "-" "Mozilla/4.0 (compatible; MSIE 5.0; Win32)"
170.135.240.10 - - [30/Aug/2002:10:22:45 -0700] "GET /Merchant2/graphics/vimacamen1.gif HTTP/1.0" 304 - "-" "Mozilla/4.0 (compatible; MSIE 5.0; Win32)"
170.135.240.10 - - [30/Aug/2002:10:22:45 -0700] "GET /Merchant2/graphics/vimacamen2.gif HTTP/1.0" 304 - "-" "Mozilla/4.0 (compatible; MSIE 5.0; Win32)"
170.135.240.10 - - [30/Aug/2002:10:22:45 -0700] "GET /Merchant2/graphics/macaease1.gif HTTP/1.0" 304 - "-" "Mozilla/4.0 (compatible; MSIE 5.0; Win32)"
170.135.240.10 - - [30/Aug/2002:10:22:45 -0700] "GET /Merchant2/graphics/macaease2.gif HTTP/1.0" 304 - "-" "Mozilla/4.0 (compatible; MSIE 5.0; Win32)"
170.135.240.10 - - [30/Aug/2002:10:22:46 -0700] "GET /Merchant2/graphics/macasurge1.gif HTTP/1.0" 304 - "-" "Mozilla/4.0 (compatible; MSIE 5.0; Win32)"
170.135.240.10 - - [30/Aug/2002:10:22:46 -0700] "GET /Merchant2/graphics/macasurge2.gif HTTP/1.0" 304 - "-" "Mozilla/4.0 (compatible; MSIE 5.0; Win32)"
170.135.240.10 - - [30/Aug/2002:10:22:46 -0700] "GET /Merchant2/graphics/macaboost1.gif HTTP/1.0" 304 - "-" "Mozilla/4.0 (compatible; MSIE 5.0; Win32)"
170.135.240.10 - - [30/Aug/2002:10:22:46 -0700] "GET /Merchant2/graphics/macaboost2.gif HTTP/1.0" 304 - "-" "Mozilla/4.0 (compatible; MSIE 5.0; Win32)"
170.135.240.10 - - [30/Aug/2002:10:22:46 -0700] "GET /Merchant2/graphics/cellulite2.gif HTTP/1.0" 304 - "-" "Mozilla/4.0 (compatible; MSIE 5.0; Win32)"
170.135.240.10 - - [30/Aug/2002:10:22:46 -0700] "GET /Merchant2/graphics/cellulite1.gif HTTP/1.0" 304 - "-" "Mozilla/4.0 (compatible; MSIE 5.0; Win32)"
170.135.240.10 - - [30/Aug/2002:10:22:46 -0700] "GET /Merchant2/graphics/7day2.gif HTTP/1.0" 304 - "-" "Mozilla/4.0 (compatible; MSIE 5.0; Win32)"
170.135.240.10 - - [30/Aug/2002:10:22:46 -0700] "GET /Merchant2/graphics/7day1.gif HTTP/1.0" 304 - "-" "Mozilla/4.0 (compatible; MSIE 5.0; Win32)"
170.135.240.10 - - [30/Aug/2002:10:22:47 -0700] "GET /Merchant2/graphics/detox2.gif HTTP/1.0" 304 - "-" "Mozilla/4.0 (compatible; MSIE 5.0; Win32)"
170.135.240.10 - - [30/Aug/2002:10:22:47 -0700] "GET /Merchant2/graphics/detox1.gif HTTP/1.0" 304 - "-" "Mozilla/4.0 (compatible; MSIE 5.0; Win32)"
170.135.240.10 - - [30/Aug/2002:10:22:47 -0700] "GET /Merchant2/graphics/customer2.gif HTTP/1.0" 304 - "-" "Mozilla/4.0 (compatible; MSIE 5.0; Win32)"
170.135.240.10 - - [30/Aug/2002:10:22:47 -0700] "GET /Merchant2/graphics/customer1.gif HTTP/1.0" 304 - "-" "Mozilla/4.0 (compatible; MSIE 5.0; Win32)"
65.105.39.86 - - [30/Aug/2002:10:30:13 -0700] "GET /Merchant2/graphics/logo.GIF HTTP/1.1" 200 5710 "http://www.intomyhealth.com/stopsmokingaides/index.html" "Mozilla/4.0 (compatible; MSIE 6.0; Windows NT 5.0; Hotbar 3.0)"
65.105.39.86 - - [30/Aug/2002:10:30:13 -0700] "GET /stopsmokingaides/index.html HTTP/1.1" 200 46690 "http://search.yahoo.com/bin/search?p=%22Smoke+Away%22" "Mozilla/4.0 (compatible; MSIE 6.0; Windows NT 5.0; Hotbar 3.0)"
65.105.39.86 - - [30/Aug/2002:10:30:14 -0700] "GET /Merchant2/graphics/girls.jpg HTTP/1.1" 200 6933 "http://www.intomyhealth.com/stopsmokingaides/index.html" "Mozilla/4.0 (compatible; MSIE 6.0; Windows NT 5.0; Hotbar 3.0)"
65.105.39.86 - - [30/Aug/2002:10:30:14 -0700] "GET /_fpclass/fphover.class HTTP/1.1" 200 11684 "-" "Mozilla/4.0 (compatible; MSIE 6.0; Win32)"
65.105.39.86 - - [30/Aug/2002:10:30:14 -0700] "GET /Merchant2/graphics/shipping.gif HTTP/1.1" 200 6479 "http://www.intomyhealth.com/stopsmokingaides/index.html" "Mozilla/4.0 (compatible; MSIE 6.0; Windows NT 5.0; Hotbar 3.0)"
65.105.39.86 - - [30/Aug/2002:10:30:15 -0700] "GET /Merchant2/graphics/pix8.gif HTTP/1.1" 200 810 "http://www.intomyhealth.com/stopsmokingaides/index.html" "Mozilla/4.0 (compatible; MSIE 6.0; Windows NT 5.0; Hotbar 3.0)"
65.105.39.86 - - [30/Aug/2002:10:30:15 -0700] "GET /Merchant2/graphics/authorize.GIF HTTP/1.1" 200 5196 "http://www.intomyhealth.com/stopsmokingaides/index.html" "Mozilla/4.0 (compatible; MSIE 6.0; Windows NT 5.0; Hotbar 3.0)"
65.105.39.86 - - [30/Aug/2002:10:30:15 -0700] "GET /_fpclass/fphoverx.class HTTP/1.1" 200 2041 "-" "Mozilla/4.0 (compatible; MSIE 6.0; Win32)"
65.105.39.86 - - [30/Aug/2002:10:30:15 -0700] "GET /Merchant2/graphics/00000001/7_daysmoke_pack.jpg HTTP/1.1" 200 4403 "http://www.intomyhealth.com/stopsmokingaides/index.html" "Mozilla/4.0 (compatible; MSIE 6.0; Windows NT 5.0; Hotbar 3.0)"
65.105.39.86 - - [30/Aug/2002:10:30:15 -0700] "GET /Merchant2/graphics/7day_maintenance.jpg HTTP/1.1" 200 2050 "http://www.intomyhealth.com/stopsmokingaides/index.html" "Mozilla/4.0 (compatible; MSIE 6.0; Windows NT 5.0; Hotbar 3.0)"
65.105.39.86 - - [30/Aug/2002:10:30:15 -0700] "GET /Merchant2/graphics/detox1.gif HTTP/1.1" 200 901 "-" "Mozilla/4.0 (compatible; MSIE 6.0; Win32)"
65.105.39.86 - - [30/Aug/2002:10:30:15 -0700] "GET /Merchant2/graphics/detox2.gif HTTP/1.1" 200 3184 "-" "Mozilla/4.0 (compatible; MSIE 6.0; Win32)"
65.105.39.86 - - [30/Aug/2002:10:30:16 -0700] "GET /Merchant2/graphics/7day1.gif HTTP/1.1" 200 843 "-" "Mozilla/4.0 (compatible; MSIE 6.0; Win32)"
65.105.39.86 - - [30/Aug/2002:10:30:16 -0700] "GET /Merchant2/graphics/7day2.gif HTTP/1.1" 200 2939 "-" "Mozilla/4.0 (compatible; MSIE 6.0; Win32)"
65.105.39.86 - - [30/Aug/2002:10:30:16 -0700] "GET /Merchant2/graphics/macaease1.gif HTTP/1.1" 200 1251 "-" "Mozilla/4.0 (compatible; MSIE 6.0; Win32)"
65.105.39.86 - - [30/Aug/2002:10:30:16 -0700] "GET /Merchant2/graphics/macaease2.gif HTTP/1.1" 200 1755 "-" "Mozilla/4.0 (compatible; MSIE 6.0; Win32)"
65.105.39.86 - - [30/Aug/2002:10:30:16 -0700] "GET /Merchant2/graphics/vimacawomen1.gif HTTP/1.1" 200 816 "-" "Mozilla/4.0 (compatible; MSIE 6.0; Win32)"
65.105.39.86 - - [30/Aug/2002:10:30:16 -0700] "GET /Merchant2/graphics/vimacawomen2.gif HTTP/1.1" 200 2852 "-" "Mozilla/4.0 (compatible; MSIE 6.0; Win32)"
65.105.39.86 - - [30/Aug/2002:10:30:16 -0700] "GET /Merchant2/graphics/cellulite1.gif HTTP/1.1" 200 708 "-" "Mozilla/4.0 (compatible; MSIE 6.0; Win32)"
65.105.39.86 - - [30/Aug/2002:10:30:16 -0700] "GET /Merchant2/graphics/cellulite2.gif HTTP/1.1" 200 2593 "-" "Mozilla/4.0 (compatible; MSIE 6.0; Win32)"
65.105.39.86 - - [30/Aug/2002:10:30:17 -0700] "GET /Merchant2/graphics/vimacamen1.gif HTTP/1.1" 200 699 "-" "Mozilla/4.0 (compatible; MSIE 6.0; Win32)"
65.105.39.86 - - [30/Aug/2002:10:30:17 -0700] "GET /Merchant2/graphics/vimacamen2.gif HTTP/1.1" 200 2738 "-" "Mozilla/4.0 (compatible; MSIE 6.0; Win32)"
65.105.39.86 - - [30/Aug/2002:10:30:17 -0700] "GET /Merchant2/graphics/macaboost1.gif HTTP/1.1" 200 801 "-" "Mozilla/4.0 (compatible; MSIE 6.0; Win32)"
65.105.39.86 - - [30/Aug/2002:10:30:17 -0700] "GET /Merchant2/graphics/macaboost2.gif HTTP/1.1" 200 2532 "-" "Mozilla/4.0 (compatible; MSIE 6.0; Win32)"
65.105.39.86 - - [30/Aug/2002:10:30:17 -0700] "GET /Merchant2/graphics/checkout1.gif HTTP/1.1" 200 1310 "-" "Mozilla/4.0 (compatible; MSIE 6.0; Win32)"
65.105.39.86 - - [30/Aug/2002:10:30:17 -0700] "GET /Merchant2/graphics/checkout2.gif HTTP/1.1" 200 2672 "-" "Mozilla/4.0 (compatible; MSIE 6.0; Win32)"
65.105.39.86 - - [30/Aug/2002:10:30:17 -0700] "GET /Merchant2/graphics/shopping1.gif HTTP/1.1" 200 998 "-" "Mozilla/4.0 (compatible; MSIE 6.0; Win32)"
65.105.39.86 - - [30/Aug/2002:10:30:17 -0700] "GET /Merchant2/graphics/shopping2.gif HTTP/1.1" 200 2965 "-" "Mozilla/4.0 (compatible; MSIE 6.0; Win32)"
65.105.39.86 - - [30/Aug/2002:10:30:17 -0700] "GET /Merchant2/graphics/customer1.gif HTTP/1.1" 200 703 "-" "Mozilla/4.0 (compatible; MSIE 6.0; Win32)"
65.105.39.86 - - [30/Aug/2002:10:30:17 -0700] "GET /Merchant2/graphics/customer2.gif HTTP/1.1" 200 2869 "-" "Mozilla/4.0 (compatible; MSIE 6.0; Win32)"
65.105.39.86 - - [30/Aug/2002:10:30:18 -0700] "GET /Merchant2/graphics/macasurge1.gif HTTP/1.1" 200 774 "-" "Mozilla/4.0 (compatible; MSIE 6.0; Win32)"
65.105.39.86 - - [30/Aug/2002:10:30:18 -0700] "GET /Merchant2/graphics/macasurge2.gif HTTP/1.1" 200 2553 "-" "Mozilla/4.0 (compatible; MSIE 6.0; Win32)"
65.105.39.86 - - [30/Aug/2002:10:30:18 -0700] "GET /Merchant2/graphics/mbust1.gif HTTP/1.1" 200 1310 "-" "Mozilla/4.0 (compatible; MSIE 6.0; Win32)"
65.105.39.86 - - [30/Aug/2002:10:30:18 -0700] "GET /Merchant2/graphics/mbust2.gif HTTP/1.1" 200 2560 "-" "Mozilla/4.0 (compatible; MSIE 6.0; Win32)"
65.105.39.86 - - [30/Aug/2002:10:30:18 -0700] "GET /Merchant2/graphics/grobust1.gif HTTP/1.1" 200 672 "-" "Mozilla/4.0 (compatible; MSIE 6.0; Win32)"
65.105.39.86 - - [30/Aug/2002:10:30:18 -0700] "GET /Merchant2/graphics/grobust2.gif HTTP/1.1" 200 2479 "-" "Mozilla/4.0 (compatible; MSIE 6.0; Win32)"
65.105.39.86 - - [30/Aug/2002:10:30:18 -0700] "GET /Merchant2/graphics/home1.gif HTTP/1.1" 200 1166 "-" "Mozilla/4.0 (compatible; MSIE 6.0; Win32)"
65.105.39.86 - - [30/Aug/2002:10:30:18 -0700] "GET /Merchant2/graphics/home2.gif HTTP/1.1" 200 1613 "-" "Mozilla/4.0 (compatible; MSIE 6.0; Win32)"
65.105.39.86 - - [30/Aug/2002:10:30:19 -0700] "GET /Merchant2/graphics/scottsdale1.gif HTTP/1.1" 200 1557 "-" "Mozilla/4.0 (compatible; MSIE 6.0; Win32)"
65.105.39.86 - - [30/Aug/2002:10:30:19 -0700] "GET /Merchant2/graphics/scottsdale2.gif HTTP/1.1" 200 3037 "-" "Mozilla/4.0 (compatible; MSIE 6.0; Win32)"
65.105.39.86 - - [30/Aug/2002:10:30:19 -0700] "GET /Merchant2/graphics/slogan.gif HTTP/1.1" 200 3094 "http://www.intomyhealth.com/stopsmokingaides/index.html" "Mozilla/4.0 (compatible; MSIE 6.0; Windows NT 5.0; Hotbar 3.0)"
65.105.39.86 - - [30/Aug/2002:10:30:19 -0700] "GET /Merchant2/graphics/00000001/we_accept.jpg HTTP/1.1" 200 3057 "http://www.intomyhealth.com/stopsmokingaides/index.html" "Mozilla/4.0 (compatible; MSIE 6.0; Windows NT 5.0; Hotbar 3.0)"
65.105.39.86 - - [30/Aug/2002:10:30:19 -0700] "GET /_fpclass/fphoverBeanInfo.class HTTP/1.1" 404 340 "-" "Mozilla/4.0 (compatible; MSIE 6.0; Win32)"
170.135.240.10 - - [30/Aug/2002:10:38:12 -0700] "GET /Merchant2/graphics/home1.gif HTTP/1.0" 304 - "-" "Mozilla/4.0 (compatible; MSIE 5.0; Win32)"
170.135.240.10 - - [30/Aug/2002:10:38:12 -0700] "GET /Merchant2/graphics/shopping1.gif HTTP/1.0" 304 - "-" "Mozilla/4.0 (compatible; MSIE 5.0; Win32)"
170.135.240.10 - - [30/Aug/2002:10:38:13 -0700] "GET /Merchant2/graphics/home2.gif HTTP/1.0" 304 - "-" "Mozilla/4.0 (compatible; MSIE 5.0; Win32)"
170.135.240.10 - - [30/Aug/2002:10:38:13 -0700] "GET /Merchant2/graphics/shopping2.gif HTTP/1.0" 304 - "-" "Mozilla/4.0 (compatible; MSIE 5.0; Win32)"
170.135.240.10 - - [30/Aug/2002:10:38:13 -0700] "GET /Merchant2/graphics/checkout2.gif HTTP/1.0" 304 - "-" "Mozilla/4.0 (compatible; MSIE 5.0; Win32)"
170.135.240.10 - - [30/Aug/2002:10:38:13 -0700] "GET /Merchant2/graphics/checkout1.gif HTTP/1.0" 304 - "-" "Mozilla/4.0 (compatible; MSIE 5.0; Win32)"
170.135.240.10 - - [30/Aug/2002:10:38:13 -0700] "GET /Merchant2/graphics/scottsdale1.gif HTTP/1.0" 304 - "-" "Mozilla/4.0 (compatible; MSIE 5.0; Win32)"
170.135.240.10 - - [30/Aug/2002:10:38:13 -0700] "GET /Merchant2/graphics/scottsdale2.gif HTTP/1.0" 304 - "-" "Mozilla/4.0 (compatible; MSIE 5.0; Win32)"
170.135.240.10 - - [30/Aug/2002:10:38:13 -0700] "GET /Merchant2/graphics/grobust1.gif HTTP/1.0" 304 - "-" "Mozilla/4.0 (compatible; MSIE 5.0; Win32)"
170.135.240.10 - - [30/Aug/2002:10:38:13 -0700] "GET /Merchant2/graphics/grobust2.gif HTTP/1.0" 304 - "-" "Mozilla/4.0 (compatible; MSIE 5.0; Win32)"
170.135.240.10 - - [30/Aug/2002:10:38:14 -0700] "GET /Merchant2/graphics/mbust1.gif HTTP/1.0" 304 - "-" "Mozilla/4.0 (compatible; MSIE 5.0; Win32)"
170.135.240.10 - - [30/Aug/2002:10:38:14 -0700] "GET /Merchant2/graphics/mbust2.gif HTTP/1.0" 304 - "-" "Mozilla/4.0 (compatible; MSIE 5.0; Win32)"
170.135.240.10 - - [30/Aug/2002:10:38:14 -0700] "GET /Merchant2/graphics/vimacawomen1.gif HTTP/1.0" 304 - "-" "Mozilla/4.0 (compatible; MSIE 5.0; Win32)"
170.135.240.10 - - [30/Aug/2002:10:38:14 -0700] "GET /Merchant2/graphics/vimacawomen2.gif HTTP/1.0" 304 - "-" "Mozilla/4.0 (compatible; MSIE 5.0; Win32)"
170.135.240.10 - - [30/Aug/2002:10:38:14 -0700] "GET /Merchant2/graphics/vimacamen1.gif HTTP/1.0" 304 - "-" "Mozilla/4.0 (compatible; MSIE 5.0; Win32)"
170.135.240.10 - - [30/Aug/2002:10:38:14 -0700] "GET /Merchant2/graphics/vimacamen2.gif HTTP/1.0" 304 - "-" "Mozilla/4.0 (compatible; MSIE 5.0; Win32)"
170.135.240.10 - - [30/Aug/2002:10:38:14 -0700] "GET /Merchant2/graphics/macaease1.gif HTTP/1.0" 304 - "-" "Mozilla/4.0 (compatible; MSIE 5.0; Win32)"
170.135.240.10 - - [30/Aug/2002:10:38:14 -0700] "GET /Merchant2/graphics/macaease2.gif HTTP/1.0" 304 - "-" "Mozilla/4.0 (compatible; MSIE 5.0; Win32)"
170.135.240.10 - - [30/Aug/2002:10:38:15 -0700] "GET /Merchant2/graphics/macasurge1.gif HTTP/1.0" 304 - "-" "Mozilla/4.0 (compatible; MSIE 5.0; Win32)"
170.135.240.10 - - [30/Aug/2002:10:38:15 -0700] "GET /Merchant2/graphics/macasurge2.gif HTTP/1.0" 304 - "-" "Mozilla/4.0 (compatible; MSIE 5.0; Win32)"
170.135.240.10 - - [30/Aug/2002:10:38:15 -0700] "GET /Merchant2/graphics/macaboost1.gif HTTP/1.0" 304 - "-" "Mozilla/4.0 (compatible; MSIE 5.0; Win32)"
170.135.240.10 - - [30/Aug/2002:10:38:15 -0700] "GET /Merchant2/graphics/macaboost2.gif HTTP/1.0" 304 - "-" "Mozilla/4.0 (compatible; MSIE 5.0; Win32)"
170.135.240.10 - - [30/Aug/2002:10:38:15 -0700] "GET /Merchant2/graphics/cellulite1.gif HTTP/1.0" 304 - "-" "Mozilla/4.0 (compatible; MSIE 5.0; Win32)"
170.135.240.10 - - [30/Aug/2002:10:38:15 -0700] "GET /Merchant2/graphics/cellulite2.gif HTTP/1.0" 304 - "-" "Mozilla/4.0 (compatible; MSIE 5.0; Win32)"
170.135.240.10 - - [30/Aug/2002:10:38:15 -0700] "GET /Merchant2/graphics/7day1.gif HTTP/1.0" 304 - "-" "Mozilla/4.0 (compatible; MSIE 5.0; Win32)"
170.135.240.10 - - [30/Aug/2002:10:38:16 -0700] "GET /Merchant2/graphics/7day2.gif HTTP/1.0" 304 - "-" "Mozilla/4.0 (compatible; MSIE 5.0; Win32)"
170.135.240.10 - - [30/Aug/2002:10:38:16 -0700] "GET /Merchant2/graphics/detox1.gif HTTP/1.0" 304 - "-" "Mozilla/4.0 (compatible; MSIE 5.0; Win32)"
170.135.240.10 - - [30/Aug/2002:10:38:16 -0700] "GET /Merchant2/graphics/detox2.gif HTTP/1.0" 304 - "-" "Mozilla/4.0 (compatible; MSIE 5.0; Win32)"
170.135.240.10 - - [30/Aug/2002:10:38:16 -0700] "GET /Merchant2/graphics/customer1.gif HTTP/1.0" 304 - "-" "Mozilla/4.0 (compatible; MSIE 5.0; Win32)"
170.135.240.10 - - [30/Aug/2002:10:38:16 -0700] "GET /Merchant2/graphics/customer2.gif HTTP/1.0" 304 - "-" "Mozilla/4.0 (compatible; MSIE 5.0; Win32)"
170.135.240.10 - - [30/Aug/2002:10:39:45 -0700] "GET /Merchant2/graphics/home2.gif HTTP/1.0" 304 - "-" "Mozilla/4.0 (compatible; MSIE 5.0; Win32)"
170.135.240.10 - - [30/Aug/2002:10:39:45 -0700] "GET /Merchant2/graphics/home1.gif HTTP/1.0" 304 - "-" "Mozilla/4.0 (compatible; MSIE 5.0; Win32)"
170.135.240.10 - - [30/Aug/2002:10:39:45 -0700] "GET /Merchant2/graphics/shopping2.gif HTTP/1.0" 304 - "-" "Mozilla/4.0 (compatible; MSIE 5.0; Win32)"
170.135.240.10 - - [30/Aug/2002:10:39:45 -0700] "GET /Merchant2/graphics/shopping1.gif HTTP/1.0" 304 - "-" "Mozilla/4.0 (compatible; MSIE 5.0; Win32)"
170.135.240.10 - - [30/Aug/2002:10:39:45 -0700] "GET /Merchant2/graphics/checkout2.gif HTTP/1.0" 304 - "-" "Mozilla/4.0 (compatible; MSIE 5.0; Win32)"
170.135.240.10 - - [30/Aug/2002:10:39:45 -0700] "GET /Merchant2/graphics/checkout1.gif HTTP/1.0" 304 - "-" "Mozilla/4.0 (compatible; MSIE 5.0; Win32)"
170.135.240.10 - - [30/Aug/2002:10:39:46 -0700] "GET /Merchant2/graphics/scottsdale2.gif HTTP/1.0" 304 - "-" "Mozilla/4.0 (compatible; MSIE 5.0; Win32)"
170.135.240.10 - - [30/Aug/2002:10:39:46 -0700] "GET /Merchant2/graphics/scottsdale1.gif HTTP/1.0" 304 - "-" "Mozilla/4.0 (compatible; MSIE 5.0; Win32)"
170.135.240.10 - - [30/Aug/2002:10:39:46 -0700] "GET /Merchant2/graphics/grobust2.gif HTTP/1.0" 304 - "-" "Mozilla/4.0 (compatible; MSIE 5.0; Win32)"
170.135.240.10 - - [30/Aug/2002:10:39:46 -0700] "GET /Merchant2/graphics/grobust1.gif HTTP/1.0" 304 - "-" "Mozilla/4.0 (compatible; MSIE 5.0; Win32)"
170.135.240.10 - - [30/Aug/2002:10:39:46 -0700] "GET /Merchant2/graphics/mbust2.gif HTTP/1.0" 304 - "-" "Mozilla/4.0 (compatible; MSIE 5.0; Win32)"
170.135.240.10 - - [30/Aug/2002:10:39:46 -0700] "GET /Merchant2/graphics/mbust1.gif HTTP/1.0" 304 - "-" "Mozilla/4.0 (compatible; MSIE 5.0; Win32)"
170.135.240.10 - - [30/Aug/2002:10:39:46 -0700] "GET /Merchant2/graphics/vimacawomen2.gif HTTP/1.0" 304 - "-" "Mozilla/4.0 (compatible; MSIE 5.0; Win32)"
170.135.240.10 - - [30/Aug/2002:10:39:46 -0700] "GET /Merchant2/graphics/vimacawomen1.gif HTTP/1.0" 304 - "-" "Mozilla/4.0 (compatible; MSIE 5.0; Win32)"
170.135.240.10 - - [30/Aug/2002:10:39:47 -0700] "GET /Merchant2/graphics/vimacamen2.gif HTTP/1.0" 304 - "-" "Mozilla/4.0 (compatible; MSIE 5.0; Win32)"
170.135.240.10 - - [30/Aug/2002:10:39:47 -0700] "GET /Merchant2/graphics/vimacamen1.gif HTTP/1.0" 304 - "-" "Mozilla/4.0 (compatible; MSIE 5.0; Win32)"
170.135.240.10 - - [30/Aug/2002:10:39:47 -0700] "GET /Merchant2/graphics/macaease1.gif HTTP/1.0" 304 - "-" "Mozilla/4.0 (compatible; MSIE 5.0; Win32)"
170.135.240.10 - - [30/Aug/2002:10:39:47 -0700] "GET /Merchant2/graphics/macaease2.gif HTTP/1.0" 304 - "-" "Mozilla/4.0 (compatible; MSIE 5.0; Win32)"
170.135.240.10 - - [30/Aug/2002:10:39:47 -0700] "GET /Merchant2/graphics/macasurge1.gif HTTP/1.0" 304 - "-" "Mozilla/4.0 (compatible; MSIE 5.0; Win32)"
170.135.240.10 - - [30/Aug/2002:10:39:47 -0700] "GET /Merchant2/graphics/macasurge2.gif HTTP/1.0" 304 - "-" "Mozilla/4.0 (compatible; MSIE 5.0; Win32)"
170.135.240.10 - - [30/Aug/2002:10:39:47 -0700] "GET /Merchant2/graphics/macaboost1.gif HTTP/1.0" 304 - "-" "Mozilla/4.0 (compatible; MSIE 5.0; Win32)"
170.135.240.10 - - [30/Aug/2002:10:39:47 -0700] "GET /Merchant2/graphics/macaboost2.gif HTTP/1.0" 304 - "-" "Mozilla/4.0 (compatible; MSIE 5.0; Win32)"
170.135.240.10 - - [30/Aug/2002:10:39:48 -0700] "GET /Merchant2/graphics/cellulite1.gif HTTP/1.0" 304 - "-" "Mozilla/4.0 (compatible; MSIE 5.0; Win32)"
170.135.240.10 - - [30/Aug/2002:10:39:48 -0700] "GET /Merchant2/graphics/cellulite2.gif HTTP/1.0" 304 - "-" "Mozilla/4.0 (compatible; MSIE 5.0; Win32)"
170.135.240.10 - - [30/Aug/2002:10:39:48 -0700] "GET /Merchant2/graphics/7day1.gif HTTP/1.0" 304 - "-" "Mozilla/4.0 (compatible; MSIE 5.0; Win32)"
170.135.240.10 - - [30/Aug/2002:10:39:48 -0700] "GET /Merchant2/graphics/7day2.gif HTTP/1.0" 304 - "-" "Mozilla/4.0 (compatible; MSIE 5.0; Win32)"
170.135.240.10 - - [30/Aug/2002:10:39:48 -0700] "GET /Merchant2/graphics/detox1.gif HTTP/1.0" 304 - "-" "Mozilla/4.0 (compatible; MSIE 5.0; Win32)"
170.135.240.10 - - [30/Aug/2002:10:39:48 -0700] "GET /Merchant2/graphics/detox2.gif HTTP/1.0" 304 - "-" "Mozilla/4.0 (compatible; MSIE 5.0; Win32)"
170.135.240.10 - - [30/Aug/2002:10:39:51 -0700] "GET /Merchant2/graphics/customer2.gif HTTP/1.0" 304 - "-" "Mozilla/4.0 (compatible; MSIE 5.0; Win32)"
170.135.240.10 - - [30/Aug/2002:10:39:51 -0700] "GET /Merchant2/graphics/customer1.gif HTTP/1.0" 304 - "-" "Mozilla/4.0 (compatible; MSIE 5.0; Win32)"
207.171.93.45 - - [30/Aug/2002:10:40:41 -0700] "GET /Merchant2/graphics/logo.GIF HTTP/1.0" 200 5710 "http://www.intomyhealth.com/stopsmokingaides/index.html" "Mozilla/4.77 [en] (Windows NT 5.0; U)"
207.171.93.45 - - [30/Aug/2002:10:40:41 -0700] "GET /Merchant2/graphics/girls.jpg HTTP/1.0" 200 6933 "http://www.intomyhealth.com/stopsmokingaides/index.html" "Mozilla/4.77 [en] (Windows NT 5.0; U)"
207.171.93.45 - - [30/Aug/2002:10:40:41 -0700] "GET /stopsmokingaides/index.html HTTP/1.0" 200 46690 "http://search.yahoo.com/bin/search?p=smoke+away" "Mozilla/4.77 [en] (Windows NT 5.0; U)"
