66.202.5.84 - - [09/Feb/2003:08:10:49 -0800] "GET /Merchant2/202/health_202_headmenu_r2_c5.jpg HTTP/1.1" 200 1267 "http://www.merchant247.net/Merchant2/merchant.mv?Screen=CTGY&Store_Code=health&Category_Code=202" "Mozilla/4.0 (compatible; MSIE 5.5; Windows 98; Win 9x 4.90)"
66.202.5.84 - - [09/Feb/2003:08:10:50 -0800] "GET /Merchant2/202/health_202_headmenu_r2_c9.jpg HTTP/1.1" 200 1076 "http://www.merchant247.net/Merchant2/merchant.mv?Screen=CTGY&Store_Code=health&Category_Code=202" "Mozilla/4.0 (compatible; MSIE 5.5; Windows 98; Win 9x 4.90)"
66.202.5.84 - - [09/Feb/2003:08:10:50 -0800] "GET /Merchant2/202/health_202_headmenu_r2_c8.jpg HTTP/1.1" 200 841 "http://www.merchant247.net/Merchant2/merchant.mv?Screen=CTGY&Store_Code=health&Category_Code=202" "Mozilla/4.0 (compatible; MSIE 5.5; Windows 98; Win 9x 4.90)"
66.202.5.84 - - [09/Feb/2003:08:10:51 -0800] "GET /Merchant2/202/health_202_headmenu_r2_c11.jpg HTTP/1.1" 200 375 "http://www.merchant247.net/Merchant2/merchant.mv?Screen=CTGY&Store_Code=health&Category_Code=202" "Mozilla/4.0 (compatible; MSIE 5.5; Windows 98; Win 9x 4.90)"
66.202.5.84 - - [09/Feb/2003:08:10:51 -0800] "GET /Merchant2/202/health_202_headmenu_r3_c2.jpg HTTP/1.1" 200 1332 "http://www.merchant247.net/Merchant2/merchant.mv?Screen=CTGY&Store_Code=health&Category_Code=202" "Mozilla/4.0 (compatible; MSIE 5.5; Windows 98; Win 9x 4.90)"
66.202.5.84 - - [09/Feb/2003:08:10:53 -0800] "GET /Merchant2/202/health_202_headmenu_r2_c4_f2.jpg HTTP/1.1" 200 890 "http://www.merchant247.net/Merchant2/merchant.mv?Screen=CTGY&Store_Code=health&Category_Code=202" "Mozilla/4.0 (compatible; MSIE 5.5; Windows 98; Win 9x 4.90)"
66.202.5.84 - - [09/Feb/2003:08:10:53 -0800] "GET /Merchant2/202/health_202_headmenu_r2_c5_f2.jpg HTTP/1.1" 200 1519 "http://www.merchant247.net/Merchant2/merchant.mv?Screen=CTGY&Store_Code=health&Category_Code=202" "Mozilla/4.0 (compatible; MSIE 5.5; Windows 98; Win 9x 4.90)"
66.202.5.84 - - [09/Feb/2003:08:10:54 -0800] "GET /Merchant2/202/health_202_headmenu_r2_c8_f2.jpg HTTP/1.1" 200 994 "http://www.merchant247.net/Merchant2/merchant.mv?Screen=CTGY&Store_Code=health&Category_Code=202" "Mozilla/4.0 (compatible; MSIE 5.5; Windows 98; Win 9x 4.90)"
66.202.5.84 - - [09/Feb/2003:08:10:55 -0800] "GET /Merchant2/202/health_202_headmenu_r2_c2_f2.jpg HTTP/1.1" 200 1121 "http://www.merchant247.net/Merchant2/merchant.mv?Screen=CTGY&Store_Code=health&Category_Code=202" "Mozilla/4.0 (compatible; MSIE 5.5; Windows 98; Win 9x 4.90)"
66.202.5.84 - - [09/Feb/2003:08:10:55 -0800] "GET /Merchant2/202/health_202_headmenu_r2_c9_f2.jpg HTTP/1.1" 200 1275 "http://www.merchant247.net/Merchant2/merchant.mv?Screen=CTGY&Store_Code=health&Category_Code=202" "Mozilla/4.0 (compatible; MSIE 5.5; Windows 98; Win 9x 4.90)"
65.80.172.84 - - [09/Feb/2003:08:11:12 -0800] "GET /Merchant2/graphics/en-US/admin/blank.gif HTTP/1.1" 200 43 "http://www.7-day-smoke-away.net/" "Mozilla/4.0 (compatible; MSIE 5.01; Windows NT 5.0; DigExt)"
216.228.135.205 - - [09/Feb/2003:08:11:27 -0800] "GET /Merchant2/201/logo_7_day.jpg HTTP/1.1" 200 5243 "http://www.merchant247.net/Merchant2/merchant.mv?Screen=CTGY&Store_Code=health&Category_Code=201" "Mozilla/4.0 (compatible; MSIE 6.0; Windows NT 5.1)"
206.96.98.246 - - [09/Feb/2003:08:11:29 -0800] "GET /Merchant2/merchant.mv?Screen=CTGY&Store_Code=health&Category_Code=301 HTTP/1.1" 200 16548 "http://www.trimspa-diet-pills.com/" "Mozilla/4.0 (compatible; MSIE 6.0; Windows 98; Compaq)"
206.96.98.246 - - [09/Feb/2003:08:11:29 -0800] "GET /Merchant2/301/spacer.gif HTTP/1.1" 200 43 "http://www.merchant247.net/Merchant2/merchant.mv?Screen=CTGY&Store_Code=health&Category_Code=301" "Mozilla/4.0 (compatible; MSIE 6.0; Windows 98; Compaq)"
216.228.135.205 - - [09/Feb/2003:08:11:30 -0800] "GET /Merchant2/201/spacer.gif HTTP/1.1" 200 43 "http://www.merchant247.net/Merchant2/merchant.mv?Screen=CTGY&Store_Code=health&Category_Code=201" "Mozilla/4.0 (compatible; MSIE 6.0; Windows NT 5.1)"
206.96.98.246 - - [09/Feb/2003:08:11:31 -0800] "GET /Merchant2/301/health_301_headmenu_r1_c1.jpg HTTP/1.1" 200 4269 "http://www.merchant247.net/Merchant2/merchant.mv?Screen=CTGY&Store_Code=health&Category_Code=301" "Mozilla/4.0 (compatible; MSIE 6.0; Windows 98; Compaq)"
216.228.135.205 - - [09/Feb/2003:08:11:31 -0800] "GET /Merchant2/merchant.mv?Screen=CTGY&Store_Code=health&Category_Code=201 HTTP/1.1" 200 44805 "http://www.7-day-smoke-away.net/index.htm" "Mozilla/4.0 (compatible; MSIE 6.0; Windows NT 5.1)"
216.228.135.205 - - [09/Feb/2003:08:11:31 -0800] "GET /Merchant2/201/health_201_headmenu_r1_c11.jpg HTTP/1.1" 200 344 "http://www.merchant247.net/Merchant2/merchant.mv?Screen=CTGY&Store_Code=health&Category_Code=201" "Mozilla/4.0 (compatible; MSIE 6.0; Windows NT 5.1)"
206.96.98.246 - - [09/Feb/2003:08:11:31 -0800] "GET /Merchant2/301/health_301_headmenu_r1_c2.jpg HTTP/1.1" 200 8633 "http://www.merchant247.net/Merchant2/merchant.mv?Screen=CTGY&Store_Code=health&Category_Code=301" "Mozilla/4.0 (compatible; MSIE 6.0; Windows 98; Compaq)"
216.228.135.205 - - [09/Feb/2003:08:11:32 -0800] "GET /Merchant2/201/health_201_headmenu_r1_c12.jpg HTTP/1.1" 200 3079 "http://www.merchant247.net/Merchant2/merchant.mv?Screen=CTGY&Store_Code=health&Category_Code=201" "Mozilla/4.0 (compatible; MSIE 6.0; Windows NT 5.1)"
216.228.135.205 - - [09/Feb/2003:08:11:34 -0800] "GET /Merchant2/201/health_201_headmenu_r1_c14.jpg HTTP/1.1" 200 5279 "http://www.merchant247.net/Merchant2/merchant.mv?Screen=CTGY&Store_Code=health&Category_Code=201" "Mozilla/4.0 (compatible; MSIE 6.0; Windows NT 5.1)"
216.228.135.205 - - [09/Feb/2003:08:11:34 -0800] "GET /Merchant2/201/health_201_headmenu_r2_c1.jpg HTTP/1.1" 200 4168 "http://www.merchant247.net/Merchant2/merchant.mv?Screen=CTGY&Store_Code=health&Category_Code=201" "Mozilla/4.0 (compatible; MSIE 6.0; Windows NT 5.1)"
206.96.98.246 - - [09/Feb/2003:08:11:35 -0800] "GET /Merchant2/301/health_301_headmenu_r2_c2.jpg HTTP/1.1" 200 1953 "http://www.merchant247.net/Merchant2/merchant.mv?Screen=CTGY&Store_Code=health&Category_Code=301" "Mozilla/4.0 (compatible; MSIE 6.0; Windows 98; Compaq)"
206.96.98.246 - - [09/Feb/2003:08:11:36 -0800] "GET /Merchant2/301/health_301_headmenu_r2_c3.jpg HTTP/1.1" 200 418 "http://www.merchant247.net/Merchant2/merchant.mv?Screen=CTGY&Store_Code=health&Category_Code=301" "Mozilla/4.0 (compatible; MSIE 6.0; Windows 98; Compaq)"
216.228.135.205 - - [09/Feb/2003:08:11:37 -0800] "GET /Merchant2/201/health_201_headmenu_r2_c12.jpg HTTP/1.1" 200 3144 "http://www.merchant247.net/Merchant2/merchant.mv?Screen=CTGY&Store_Code=health&Category_Code=201" "Mozilla/4.0 (compatible; MSIE 6.0; Windows NT 5.1)"
216.228.135.205 - - [09/Feb/2003:08:11:37 -0800] "GET /Merchant2/201/health_201_headmenu_r3_c1.jpg HTTP/1.1" 200 430 "http://www.merchant247.net/Merchant2/merchant.mv?Screen=CTGY&Store_Code=health&Category_Code=201" "Mozilla/4.0 (compatible; MSIE 6.0; Windows NT 5.1)"
206.96.98.246 - - [09/Feb/2003:08:11:37 -0800] "GET /Merchant2/301/health_301_headmenu_r2_c5.jpg HTTP/1.1" 200 420 "http://www.merchant247.net/Merchant2/merchant.mv?Screen=CTGY&Store_Code=health&Category_Code=301" "Mozilla/4.0 (compatible; MSIE 6.0; Windows 98; Compaq)"
206.96.98.246 - - [09/Feb/2003:08:11:37 -0800] "GET /Merchant2/301/health_301_headmenu_r2_c6.jpg HTTP/1.1" 200 1079 "http://www.merchant247.net/Merchant2/merchant.mv?Screen=CTGY&Store_Code=health&Category_Code=301" "Mozilla/4.0 (compatible; MSIE 6.0; Windows 98; Compaq)"
216.228.135.205 - - [09/Feb/2003:08:11:38 -0800] "GET /Merchant2/201/health_201_headmenu_r3_c7.jpg HTTP/1.1" 200 403 "http://www.merchant247.net/Merchant2/merchant.mv?Screen=CTGY&Store_Code=health&Category_Code=201" "Mozilla/4.0 (compatible; MSIE 6.0; Windows NT 5.1)"
206.96.98.246 - - [09/Feb/2003:08:11:38 -0800] "GET /Merchant2/301/health_301_headmenu_r2_c7.jpg HTTP/1.1" 200 360 "http://www.merchant247.net/Merchant2/merchant.mv?Screen=CTGY&Store_Code=health&Category_Code=301" "Mozilla/4.0 (compatible; MSIE 6.0; Windows 98; Compaq)"
216.228.135.205 - - [09/Feb/2003:08:11:38 -0800] "GET /Merchant2/201/health_201_headmenu_r4_c1.jpg HTTP/1.1" 200 426 "http://www.merchant247.net/Merchant2/merchant.mv?Screen=CTGY&Store_Code=health&Category_Code=201" "Mozilla/4.0 (compatible; MSIE 6.0; Windows NT 5.1)"
206.96.98.246 - - [09/Feb/2003:08:11:39 -0800] "GET /Merchant2/301/health_301_headmenu_r2_c8.jpg HTTP/1.1" 200 1427 "http://www.merchant247.net/Merchant2/merchant.mv?Screen=CTGY&Store_Code=health&Category_Code=301" "Mozilla/4.0 (compatible; MSIE 6.0; Windows 98; Compaq)"
216.228.135.205 - - [09/Feb/2003:08:11:39 -0800] "GET /Merchant2/201/health_201_headmenu_r4_c2.jpg HTTP/1.1" 200 685 "http://www.merchant247.net/Merchant2/merchant.mv?Screen=CTGY&Store_Code=health&Category_Code=201" "Mozilla/4.0 (compatible; MSIE 6.0; Windows NT 5.1)"
216.228.135.205 - - [09/Feb/2003:08:11:39 -0800] "GET /Merchant2/201/health_201_headmenu_r4_c3.jpg HTTP/1.1" 200 665 "http://www.merchant247.net/Merchant2/merchant.mv?Screen=CTGY&Store_Code=health&Category_Code=201" "Mozilla/4.0 (compatible; MSIE 6.0; Windows NT 5.1)"
206.96.98.246 - - [09/Feb/2003:08:11:39 -0800] "GET /Merchant2/301/health_301_headmenu_r2_c9.jpg HTTP/1.1" 200 348 "http://www.merchant247.net/Merchant2/merchant.mv?Screen=CTGY&Store_Code=health&Category_Code=301" "Mozilla/4.0 (compatible; MSIE 6.0; Windows 98; Compaq)"
216.228.135.205 - - [09/Feb/2003:08:11:40 -0800] "GET /Merchant2/201/health_201_headmenu_r4_c4.jpg HTTP/1.1" 200 696 "http://www.merchant247.net/Merchant2/merchant.mv?Screen=CTGY&Store_Code=health&Category_Code=201" "Mozilla/4.0 (compatible; MSIE 6.0; Windows NT 5.1)"
216.228.135.205 - - [09/Feb/2003:08:11:40 -0800] "GET /Merchant2/201/health_201_headmenu_r5_c7.jpg HTTP/1.1" 200 737 "http://www.merchant247.net/Merchant2/merchant.mv?Screen=CTGY&Store_Code=health&Category_Code=201" "Mozilla/4.0 (compatible; MSIE 6.0; Windows NT 5.1)"
206.96.98.246 - - [09/Feb/2003:08:11:40 -0800] "GET /Merchant2/301/health_301_headmenu_r3_c9.jpg HTTP/1.1" 200 346 "http://www.merchant247.net/Merchant2/merchant.mv?Screen=CTGY&Store_Code=health&Category_Code=301" "Mozilla/4.0 (compatible; MSIE 6.0; Windows 98; Compaq)"
206.96.98.246 - - [09/Feb/2003:08:11:40 -0800] "GET /Merchant2/301/health_301_headmenu_r3_c10.jpg HTTP/1.1" 200 1611 "http://www.merchant247.net/Merchant2/merchant.mv?Screen=CTGY&Store_Code=health&Category_Code=301" "Mozilla/4.0 (compatible; MSIE 6.0; Windows 98; Compaq)"
216.228.135.205 - - [09/Feb/2003:08:11:41 -0800] "GET /Merchant2/201/health_201_headmenu_r4_c5.jpg HTTP/1.1" 200 753 "http://www.merchant247.net/Merchant2/merchant.mv?Screen=CTGY&Store_Code=health&Category_Code=201" "Mozilla/4.0 (compatible; MSIE 6.0; Windows NT 5.1)"
216.228.135.205 - - [09/Feb/2003:08:11:41 -0800] "GET /Merchant2/201/health_201_headmenu_r5_c9.jpg HTTP/1.1" 200 660 "http://www.merchant247.net/Merchant2/merchant.mv?Screen=CTGY&Store_Code=health&Category_Code=201" "Mozilla/4.0 (compatible; MSIE 6.0; Windows NT 5.1)"
206.96.98.246 - - [09/Feb/2003:08:11:41 -0800] "GET /Merchant2/301/health_301_headmenu_r3_c12.jpg HTTP/1.1" 200 359 "http://www.merchant247.net/Merchant2/merchant.mv?Screen=CTGY&Store_Code=health&Category_Code=301" "Mozilla/4.0 (compatible; MSIE 6.0; Windows 98; Compaq)"
216.228.135.205 - - [09/Feb/2003:08:11:41 -0800] "GET /Merchant2/201/health_201_headmenu_r5_c10.jpg HTTP/1.1" 200 1023 "http://www.merchant247.net/Merchant2/merchant.mv?Screen=CTGY&Store_Code=health&Category_Code=201" "Mozilla/4.0 (compatible; MSIE 6.0; Windows NT 5.1)"
216.228.135.205 - - [09/Feb/2003:08:11:41 -0800] "GET /Merchant2/201/health_201_headmenu_r5_c13.jpg HTTP/1.1" 200 4116 "http://www.merchant247.net/Merchant2/merchant.mv?Screen=CTGY&Store_Code=health&Category_Code=201" "Mozilla/4.0 (compatible; MSIE 6.0; Windows NT 5.1)"
206.96.98.246 - - [09/Feb/2003:08:11:42 -0800] "GET /Merchant2/301/health_301_headmenu_r2_c4.jpg HTTP/1.1" 200 1795 "http://www.merchant247.net/Merchant2/merchant.mv?Screen=CTGY&Store_Code=health&Category_Code=301" "Mozilla/4.0 (compatible; MSIE 6.0; Windows 98; Compaq)"
206.96.98.246 - - [09/Feb/2003:08:11:42 -0800] "GET /Merchant2/301/health_301_headmenu_r4_c2.jpg HTTP/1.1" 200 1248 "http://www.merchant247.net/Merchant2/merchant.mv?Screen=CTGY&Store_Code=health&Category_Code=301" "Mozilla/4.0 (compatible; MSIE 6.0; Windows 98; Compaq)"
216.228.135.205 - - [09/Feb/2003:08:11:43 -0800] "GET /Merchant2/201/health_201_headmenu_r7_c8.jpg HTTP/1.1" 200 1017 "http://www.merchant247.net/Merchant2/merchant.mv?Screen=CTGY&Store_Code=health&Category_Code=201" "Mozilla/4.0 (compatible; MSIE 6.0; Windows NT 5.1)"
216.228.135.205 - - [09/Feb/2003:08:11:43 -0800] "GET /Merchant2/201/health_201_headmenu_r6_c2.jpg HTTP/1.1" 200 541 "http://www.merchant247.net/Merchant2/merchant.mv?Screen=CTGY&Store_Code=health&Category_Code=201" "Mozilla/4.0 (compatible; MSIE 6.0; Windows NT 5.1)"
206.96.98.246 - - [09/Feb/2003:08:11:43 -0800] "GET /Merchant2/301/health_301_headmenu_r4_c6.jpg HTTP/1.1" 200 789 "http://www.merchant247.net/Merchant2/merchant.mv?Screen=CTGY&Store_Code=health&Category_Code=301" "Mozilla/4.0 (compatible; MSIE 6.0; Windows 98; Compaq)"
216.228.135.205 - - [09/Feb/2003:08:11:43 -0800] "GET /Merchant2/201/health_201_headmenu_r7_c10.jpg HTTP/1.1" 200 1382 "http://www.merchant247.net/Merchant2/merchant.mv?Screen=CTGY&Store_Code=health&Category_Code=201" "Mozilla/4.0 (compatible; MSIE 6.0; Windows NT 5.1)"
206.96.98.246 - - [09/Feb/2003:08:11:44 -0800] "GET /Merchant2/301/health_301_headmenu_r5_c4.jpg HTTP/1.1" 200 1204 "http://www.merchant247.net/Merchant2/merchant.mv?Screen=CTGY&Store_Code=health&Category_Code=301" "Mozilla/4.0 (compatible; MSIE 6.0; Windows 98; Compaq)"
216.228.135.205 - - [09/Feb/2003:08:11:44 -0800] "GET /Merchant2/201/health_201_headmenu_r8_c4.jpg HTTP/1.1" 200 831 "http://www.merchant247.net/Merchant2/merchant.mv?Screen=CTGY&Store_Code=health&Category_Code=201" "Mozilla/4.0 (compatible; MSIE 6.0; Windows NT 5.1)"
216.228.135.205 - - [09/Feb/2003:08:11:44 -0800] "GET /Merchant2/201/health_201_headmenu_r9_c6.jpg HTTP/1.1" 200 1812 "http://www.merchant247.net/Merchant2/merchant.mv?Screen=CTGY&Store_Code=health&Category_Code=201" "Mozilla/4.0 (compatible; MSIE 6.0; Windows NT 5.1)"
206.96.98.246 - - [09/Feb/2003:08:11:44 -0800] "GET /Merchant2/301/health_301_headmenu_r5_c8.jpg HTTP/1.1" 200 1002 "http://www.merchant247.net/Merchant2/merchant.mv?Screen=CTGY&Store_Code=health&Category_Code=301" "Mozilla/4.0 (compatible; MSIE 6.0; Windows 98; Compaq)"
206.96.98.246 - - [09/Feb/2003:08:11:45 -0800] "GET /Merchant2/301/health_301_headmenu_r6_c10.jpg HTTP/1.1" 200 304 "http://www.merchant247.net/Merchant2/merchant.mv?Screen=CTGY&Store_Code=health&Category_Code=301" "Mozilla/4.0 (compatible; MSIE 6.0; Windows 98; Compaq)"
216.228.135.205 - - [09/Feb/2003:08:11:45 -0800] "GET /Merchant2/201/health_201_headmenu_r5_c8.jpg HTTP/1.1" 200 846 "http://www.merchant247.net/Merchant2/merchant.mv?Screen=CTGY&Store_Code=health&Category_Code=201" "Mozilla/4.0 (compatible; MSIE 6.0; Windows NT 5.1)"
216.228.135.205 - - [09/Feb/2003:08:11:45 -0800] "GET /Merchant2/201/health_201_headmenu_r4_c10.jpg HTTP/1.1" 404 353 "http://www.merchant247.net/Merchant2/merchant.mv?Screen=CTGY&Store_Code=health&Category_Code=201" "Mozilla/4.0 (compatible; MSIE 6.0; Windows NT 5.1)"
206.96.98.246 - - [09/Feb/2003:08:11:46 -0800] "GET /Merchant2/301/health_301_headmenu_r7_c1.jpg HTTP/1.1" 200 419 "http://www.merchant247.net/Merchant2/merchant.mv?Screen=CTGY&Store_Code=health&Category_Code=301" "Mozilla/4.0 (compatible; MSIE 6.0; Windows 98; Compaq)"
206.96.98.246 - - [09/Feb/2003:08:11:46 -0800] "GET /Merchant2/301/health_301_headmenu_r7_c10.jpg HTTP/1.1" 200 296 "http://www.merchant247.net/Merchant2/merchant.mv?Screen=CTGY&Store_Code=health&Category_Code=301" "Mozilla/4.0 (compatible; MSIE 6.0; Windows 98; Compaq)"
216.228.135.205 - - [09/Feb/2003:08:11:46 -0800] "GET /Merchant2/201/health_201_headmenu_r3_c6.jpg HTTP/1.1" 200 2274 "http://www.merchant247.net/Merchant2/merchant.mv?Screen=CTGY&Store_Code=health&Category_Code=201" "Mozilla/4.0 (compatible; MSIE 6.0; Windows NT 5.1)"
216.228.135.205 - - [09/Feb/2003:08:11:46 -0800] "GET /Merchant2/201/free_shipping.jpg HTTP/1.1" 200 3033 "http://www.merchant247.net/Merchant2/merchant.mv?Screen=CTGY&Store_Code=health&Category_Code=201" "Mozilla/4.0 (compatible; MSIE 6.0; Windows NT 5.1)"
206.96.98.246 - - [09/Feb/2003:08:11:46 -0800] "GET /Merchant2/301/health_301_headmenu_r7_c11.jpg HTTP/1.1" 200 377 "http://www.merchant247.net/Merchant2/merchant.mv?Screen=CTGY&Store_Code=health&Category_Code=301" "Mozilla/4.0 (compatible; MSIE 6.0; Windows 98; Compaq)"
206.96.98.246 - - [09/Feb/2003:08:11:47 -0800] "GET /Merchant2/301/health_301_headmenu_r2_c2_f2.jpg HTTP/1.1" 200 2126 "http://www.merchant247.net/Merchant2/merchant.mv?Screen=CTGY&Store_Code=health&Category_Code=301" "Mozilla/4.0 (compatible; MSIE 6.0; Windows 98; Compaq)"
206.96.98.246 - - [09/Feb/2003:08:11:47 -0800] "GET /Merchant2/301/health_301_headmenu_r2_c4_f2.jpg HTTP/1.1" 200 1942 "http://www.merchant247.net/Merchant2/merchant.mv?Screen=CTGY&Store_Code=health&Category_Code=301" "Mozilla/4.0 (compatible; MSIE 6.0; Windows 98; Compaq)"
216.228.135.205 - - [09/Feb/2003:08:11:48 -0800] "GET /Merchant2/201/health_201_headmenu_r3_c6_f2.jpg HTTP/1.1" 200 2672 "http://www.merchant247.net/Merchant2/merchant.mv?Screen=CTGY&Store_Code=health&Category_Code=201" "Mozilla/4.0 (compatible; MSIE 6.0; Windows NT 5.1)"
216.228.135.205 - - [09/Feb/2003:08:11:48 -0800] "GET /Merchant2/201/health_201_headmenu_r4_c2_f2.jpg HTTP/1.1" 200 770 "http://www.merchant247.net/Merchant2/merchant.mv?Screen=CTGY&Store_Code=health&Category_Code=201" "Mozilla/4.0 (compatible; MSIE 6.0; Windows NT 5.1)"
216.228.135.205 - - [09/Feb/2003:08:11:49 -0800] "GET /Merchant2/201/health_201_headmenu_r4_c4_f2.jpg HTTP/1.1" 200 784 "http://www.merchant247.net/Merchant2/merchant.mv?Screen=CTGY&Store_Code=health&Category_Code=201" "Mozilla/4.0 (compatible; MSIE 6.0; Windows NT 5.1)"
206.96.98.246 - - [09/Feb/2003:08:11:49 -0800] "GET /Merchant2/301/health_301_headmenu_r2_c6_f2.jpg HTTP/1.1" 200 1175 "http://www.merchant247.net/Merchant2/merchant.mv?Screen=CTGY&Store_Code=health&Category_Code=301" "Mozilla/4.0 (compatible; MSIE 6.0; Windows 98; Compaq)"
216.228.135.205 - - [09/Feb/2003:08:11:49 -0800] "GET /Merchant2/201/health_201_headmenu_r5_c8_f2.jpg HTTP/1.1" 200 971 "http://www.merchant247.net/Merchant2/merchant.mv?Screen=CTGY&Store_Code=health&Category_Code=201" "Mozilla/4.0 (compatible; MSIE 6.0; Windows NT 5.1)"
206.96.98.246 - - [09/Feb/2003:08:11:50 -0800] "GET /Merchant2/301/health_301_headmenu_r2_c8_f2.jpg HTTP/1.1" 200 1542 "http://www.merchant247.net/Merchant2/merchant.mv?Screen=CTGY&Store_Code=health&Category_Code=301" "Mozilla/4.0 (compatible; MSIE 6.0; Windows 98; Compaq)"
216.228.135.205 - - [09/Feb/2003:08:11:50 -0800] "GET /Merchant2/201/health_201_headmenu_r5_c10_f2.jpg HTTP/1.1" 200 1175 "http://www.merchant247.net/Merchant2/merchant.mv?Screen=CTGY&Store_Code=health&Category_Code=201" "Mozilla/4.0 (compatible; MSIE 6.0; Windows NT 5.1)"
206.96.98.246 - - [09/Feb/2003:08:11:50 -0800] "GET /Merchant2/301/health_301_headmenu_r3_c10_f2.jpg HTTP/1.1" 200 1622 "http://www.merchant247.net/Merchant2/merchant.mv?Screen=CTGY&Store_Code=health&Category_Code=301" "Mozilla/4.0 (compatible; MSIE 6.0; Windows 98; Compaq)"
68.106.7.35 - - [09/Feb/2003:08:12:43 -0800] "GET /Merchant2/merchant.mv?Screen=CTGY&Store_Code=health&Category_Code=202 HTTP/1.1" 200 20105 "http://www.smoke-away.us/facts.htm" "Mozilla/4.0 (compatible; MSIE 6.0; Windows NT 5.1)"
68.106.7.35 - - [09/Feb/2003:08:12:44 -0800] "GET /Merchant2/202/spacer.gif HTTP/1.1" 200 43 "http://www.merchant247.net/Merchant2/merchant.mv?Screen=CTGY&Store_Code=health&Category_Code=202" "Mozilla/4.0 (compatible; MSIE 6.0; Windows NT 5.1)"
68.106.7.35 - - [09/Feb/2003:08:12:44 -0800] "GET /Merchant2/202/health_202_headmenu_r2_c2.jpg HTTP/1.1" 200 999 "http://www.merchant247.net/Merchant2/merchant.mv?Screen=CTGY&Store_Code=health&Category_Code=202" "Mozilla/4.0 (compatible; MSIE 6.0; Windows NT 5.1)"
68.106.7.35 - - [09/Feb/2003:08:12:44 -0800] "GET /Merchant2/202/health_202_headmenu_r2_c1.jpg HTTP/1.1" 200 1687 "http://www.merchant247.net/Merchant2/merchant.mv?Screen=CTGY&Store_Code=health&Category_Code=202" "Mozilla/4.0 (compatible; MSIE 6.0; Windows NT 5.1)"
68.106.7.35 - - [09/Feb/2003:08:12:44 -0800] "GET /Merchant2/202/health_202_headmenu_r2_c4.jpg HTTP/1.1" 200 769 "http://www.merchant247.net/Merchant2/merchant.mv?Screen=CTGY&Store_Code=health&Category_Code=202" "Mozilla/4.0 (compatible; MSIE 6.0; Windows NT 5.1)"
68.106.7.35 - - [09/Feb/2003:08:12:44 -0800] "GET /Merchant2/202/health_202_headmenu_r1_c1.jpg HTTP/1.1" 200 17218 "http://www.merchant247.net/Merchant2/merchant.mv?Screen=CTGY&Store_Code=health&Category_Code=202" "Mozilla/4.0 (compatible; MSIE 6.0; Windows NT 5.1)"
68.106.7.35 - - [09/Feb/2003:08:12:44 -0800] "GET /Merchant2/202/health_202_headmenu_r2_c5.jpg HTTP/1.1" 200 1267 "http://www.merchant247.net/Merchant2/merchant.mv?Screen=CTGY&Store_Code=health&Category_Code=202" "Mozilla/4.0 (compatible; MSIE 6.0; Windows NT 5.1)"
68.106.7.35 - - [09/Feb/2003:08:12:44 -0800] "GET /Merchant2/202/health_202_headmenu_r2_c9.jpg HTTP/1.1" 200 1076 "http://www.merchant247.net/Merchant2/merchant.mv?Screen=CTGY&Store_Code=health&Category_Code=202" "Mozilla/4.0 (compatible; MSIE 6.0; Windows NT 5.1)"
68.106.7.35 - - [09/Feb/2003:08:12:44 -0800] "GET /Merchant2/202/health_202_headmenu_r2_c8.jpg HTTP/1.1" 200 841 "http://www.merchant247.net/Merchant2/merchant.mv?Screen=CTGY&Store_Code=health&Category_Code=202" "Mozilla/4.0 (compatible; MSIE 6.0; Windows NT 5.1)"
68.106.7.35 - - [09/Feb/2003:08:12:44 -0800] "GET /Merchant2/202/health_202_headmenu_r2_c11.jpg HTTP/1.1" 200 375 "http://www.merchant247.net/Merchant2/merchant.mv?Screen=CTGY&Store_Code=health&Category_Code=202" "Mozilla/4.0 (compatible; MSIE 6.0; Windows NT 5.1)"
68.106.7.35 - - [09/Feb/2003:08:12:44 -0800] "GET /Merchant2/202/health_202_headmenu_r3_c2.jpg HTTP/1.1" 200 1332 "http://www.merchant247.net/Merchant2/merchant.mv?Screen=CTGY&Store_Code=health&Category_Code=202" "Mozilla/4.0 (compatible; MSIE 6.0; Windows NT 5.1)"
68.106.7.35 - - [09/Feb/2003:08:12:44 -0800] "GET /Merchant2/202/health_202_headmenu_r2_c2_f2.jpg HTTP/1.1" 200 1121 "http://www.merchant247.net/Merchant2/merchant.mv?Screen=CTGY&Store_Code=health&Category_Code=202" "Mozilla/4.0 (compatible; MSIE 6.0; Windows NT 5.1)"
68.106.7.35 - - [09/Feb/2003:08:12:44 -0800] "GET /Merchant2/202/health_202_headmenu_r2_c4_f2.jpg HTTP/1.1" 200 890 "http://www.merchant247.net/Merchant2/merchant.mv?Screen=CTGY&Store_Code=health&Category_Code=202" "Mozilla/4.0 (compatible; MSIE 6.0; Windows NT 5.1)"
68.106.7.35 - - [09/Feb/2003:08:12:44 -0800] "GET /Merchant2/202/health_202_headmenu_r2_c5_f2.jpg HTTP/1.1" 200 1519 "http://www.merchant247.net/Merchant2/merchant.mv?Screen=CTGY&Store_Code=health&Category_Code=202" "Mozilla/4.0 (compatible; MSIE 6.0; Windows NT 5.1)"
68.106.7.35 - - [09/Feb/2003:08:12:44 -0800] "GET /Merchant2/202/health_202_headmenu_r2_c8_f2.jpg HTTP/1.1" 200 994 "http://www.merchant247.net/Merchant2/merchant.mv?Screen=CTGY&Store_Code=health&Category_Code=202" "Mozilla/4.0 (compatible; MSIE 6.0; Windows NT 5.1)"
68.106.7.35 - - [09/Feb/2003:08:12:44 -0800] "GET /Merchant2/202/health_202_headmenu_r2_c9_f2.jpg HTTP/1.1" 200 1275 "http://www.merchant247.net/Merchant2/merchant.mv?Screen=CTGY&Store_Code=health&Category_Code=202" "Mozilla/4.0 (compatible; MSIE 6.0; Windows NT 5.1)"
66.56.176.226 - - [09/Feb/2003:08:13:10 -0800] "GET /Merchant2/merchant.mv?Screen=CTGY&Store_Code=health&Category_Code=99 HTTP/1.1" 200 19759 "http://www.miraclebust.com/" "Mozilla/4.0 (compatible; MSIE 6.0; Windows NT 5.1; Q312461; MSN 6.1; MSNbMSFT; MSNmen-us; MSNc00; v5m)"
66.56.176.226 - - [09/Feb/2003:08:13:10 -0800] "GET /Merchant2/99/health_99_headmenu_r1_c1.jpg HTTP/1.1" 200 3101 "http://www.merchant247.net/Merchant2/merchant.mv?Screen=CTGY&Store_Code=health&Category_Code=99" "Mozilla/4.0 (compatible; MSIE 6.0; Windows NT 5.1; Q312461; MSN 6.1; MSNbMSFT; MSNmen-us; MSNc00; v5m)"
66.56.176.226 - - [09/Feb/2003:08:13:10 -0800] "GET /Merchant2/99/spacer.gif HTTP/1.1" 200 43 "http://www.merchant247.net/Merchant2/merchant.mv?Screen=CTGY&Store_Code=health&Category_Code=99" "Mozilla/4.0 (compatible; MSIE 6.0; Windows NT 5.1; Q312461; MSN 6.1; MSNbMSFT; MSNmen-us; MSNc00; v5m)"
66.56.176.226 - - [09/Feb/2003:08:13:11 -0800] "GET /Merchant2/99/health_99_headmenu_r1_c3.jpg HTTP/1.1" 200 6253 "http://www.merchant247.net/Merchant2/merchant.mv?Screen=CTGY&Store_Code=health&Category_Code=99" "Mozilla/4.0 (compatible; MSIE 6.0; Windows NT 5.1; Q312461; MSN 6.1; MSNbMSFT; MSNmen-us; MSNc00; v5m)"
66.56.176.226 - - [09/Feb/2003:08:13:11 -0800] "GET /Merchant2/99/health_99_headmenu_r1_c10.jpg HTTP/1.1" 200 4774 "http://www.merchant247.net/Merchant2/merchant.mv?Screen=CTGY&Store_Code=health&Category_Code=99" "Mozilla/4.0 (compatible; MSIE 6.0; Windows NT 5.1; Q312461; MSN 6.1; MSNbMSFT; MSNmen-us; MSNc00; v5m)"
66.56.176.226 - - [09/Feb/2003:08:13:11 -0800] "GET /Merchant2/99/health_99_headmenu_r1_c7.jpg HTTP/1.1" 200 5328 "http://www.merchant247.net/Merchant2/merchant.mv?Screen=CTGY&Store_Code=health&Category_Code=99" "Mozilla/4.0 (compatible; MSIE 6.0; Windows NT 5.1; Q312461; MSN 6.1; MSNbMSFT; MSNmen-us; MSNc00; v5m)"
66.56.176.226 - - [09/Feb/2003:08:13:11 -0800] "GET /Merchant2/99/health_99_headmenu_r2_c1.jpg HTTP/1.1" 200 1521 "http://www.merchant247.net/Merchant2/merchant.mv?Screen=CTGY&Store_Code=health&Category_Code=99" "Mozilla/4.0 (compatible; MSIE 6.0; Windows NT 5.1; Q312461; MSN 6.1; MSNbMSFT; MSNmen-us; MSNc00; v5m)"
66.56.176.226 - - [09/Feb/2003:08:13:11 -0800] "GET /Merchant2/99/health_99_headmenu_r1_c15.jpg HTTP/1.1" 200 1197 "http://www.merchant247.net/Merchant2/merchant.mv?Screen=CTGY&Store_Code=health&Category_Code=99" "Mozilla/4.0 (compatible; MSIE 6.0; Windows NT 5.1; Q312461; MSN 6.1; MSNbMSFT; MSNmen-us; MSNc00; v5m)"
66.56.176.226 - - [09/Feb/2003:08:13:11 -0800] "GET /Merchant2/99/health_99_headmenu_r2_c2.jpg HTTP/1.1" 200 372 "http://www.merchant247.net/Merchant2/merchant.mv?Screen=CTGY&Store_Code=health&Category_Code=99" "Mozilla/4.0 (compatible; MSIE 6.0; Windows NT 5.1; Q312461; MSN 6.1; MSNbMSFT; MSNmen-us; MSNc00; v5m)"
66.56.176.226 - - [09/Feb/2003:08:13:12 -0800] "GET /Merchant2/99/health_99_headmenu_r2_c17.jpg HTTP/1.1" 200 321 "http://www.merchant247.net/Merchant2/merchant.mv?Screen=CTGY&Store_Code=health&Category_Code=99" "Mozilla/4.0 (compatible; MSIE 6.0; Windows NT 5.1; Q312461; MSN 6.1; MSNbMSFT; MSNmen-us; MSNc00; v5m)"
66.56.176.226 - - [09/Feb/2003:08:13:12 -0800] "GET /Merchant2/99/health_99_headmenu_r3_c2.jpg HTTP/1.1" 200 392 "http://www.merchant247.net/Merchant2/merchant.mv?Screen=CTGY&Store_Code=health&Category_Code=99" "Mozilla/4.0 (compatible; MSIE 6.0; Windows NT 5.1; Q312461; MSN 6.1; MSNbMSFT; MSNmen-us; MSNc00; v5m)"
66.56.176.226 - - [09/Feb/2003:08:13:12 -0800] "GET /Merchant2/99/health_99_headmenu_r3_c4.jpg HTTP/1.1" 200 782 "http://www.merchant247.net/Merchant2/merchant.mv?Screen=CTGY&Store_Code=health&Category_Code=99" "Mozilla/4.0 (compatible; MSIE 6.0; Windows NT 5.1; Q312461; MSN 6.1; MSNbMSFT; MSNmen-us; MSNc00; v5m)"
66.56.176.226 - - [09/Feb/2003:08:13:12 -0800] "GET /Merchant2/99/health_99_headmenu_r3_c5.jpg HTTP/1.1" 200 1532 "http://www.merchant247.net/Merchant2/merchant.mv?Screen=CTGY&Store_Code=health&Category_Code=99" "Mozilla/4.0 (compatible; MSIE 6.0; Windows NT 5.1; Q312461; MSN 6.1; MSNbMSFT; MSNmen-us; MSNc00; v5m)"
66.56.176.226 - - [09/Feb/2003:08:13:12 -0800] "GET /Merchant2/99/health_99_headmenu_r3_c8.jpg HTTP/1.1" 200 294 "http://www.merchant247.net/Merchant2/merchant.mv?Screen=CTGY&Store_Code=health&Category_Code=99" "Mozilla/4.0 (compatible; MSIE 6.0; Windows NT 5.1; Q312461; MSN 6.1; MSNbMSFT; MSNmen-us; MSNc00; v5m)"
66.56.176.226 - - [09/Feb/2003:08:13:12 -0800] "GET /Merchant2/99/health_99_headmenu_r3_c9.jpg HTTP/1.1" 200 1180 "http://www.merchant247.net/Merchant2/merchant.mv?Screen=CTGY&Store_Code=health&Category_Code=99" "Mozilla/4.0 (compatible; MSIE 6.0; Windows NT 5.1; Q312461; MSN 6.1; MSNbMSFT; MSNmen-us; MSNc00; v5m)"
66.56.176.226 - - [09/Feb/2003:08:13:12 -0800] "GET /Merchant2/99/health_99_headmenu_r3_c14.jpg HTTP/1.1" 200 770 "http://www.merchant247.net/Merchant2/merchant.mv?Screen=CTGY&Store_Code=health&Category_Code=99" "Mozilla/4.0 (compatible; MSIE 6.0; Windows NT 5.1; Q312461; MSN 6.1; MSNbMSFT; MSNmen-us; MSNc00; v5m)"
66.56.176.226 - - [09/Feb/2003:08:13:12 -0800] "GET /Merchant2/99/health_99_headmenu_r3_c11.jpg HTTP/1.1" 200 768 "http://www.merchant247.net/Merchant2/merchant.mv?Screen=CTGY&Store_Code=health&Category_Code=99" "Mozilla/4.0 (compatible; MSIE 6.0; Windows NT 5.1; Q312461; MSN 6.1; MSNbMSFT; MSNmen-us; MSNc00; v5m)"
66.56.176.226 - - [09/Feb/2003:08:13:12 -0800] "GET /Merchant2/99/health_99_headmenu_r3_c16.jpg HTTP/1.1" 200 298 "http://www.merchant247.net/Merchant2/merchant.mv?Screen=CTGY&Store_Code=health&Category_Code=99" "Mozilla/4.0 (compatible; MSIE 6.0; Windows NT 5.1; Q312461; MSN 6.1; MSNbMSFT; MSNmen-us; MSNc00; v5m)"
66.56.176.226 - - [09/Feb/2003:08:13:13 -0800] "GET /Merchant2/99/health_99_headmenu_r4_c4.jpg HTTP/1.1" 200 325 "http://www.merchant247.net/Merchant2/merchant.mv?Screen=CTGY&Store_Code=health&Category_Code=99" "Mozilla/4.0 (compatible; MSIE 6.0; Windows NT 5.1; Q312461; MSN 6.1; MSNbMSFT; MSNmen-us; MSNc00; v5m)"
66.56.176.226 - - [09/Feb/2003:08:13:13 -0800] "GET /Merchant2/99/health_99_headmenu_r4_c9.jpg HTTP/1.1" 200 339 "http://www.merchant247.net/Merchant2/merchant.mv?Screen=CTGY&Store_Code=health&Category_Code=99" "Mozilla/4.0 (compatible; MSIE 6.0; Windows NT 5.1; Q312461; MSN 6.1; MSNbMSFT; MSNmen-us; MSNc00; v5m)"
66.56.176.226 - - [09/Feb/2003:08:13:13 -0800] "GET /Merchant2/99/left/health_99_leftmenu_r1_c1.jpg HTTP/1.1" 200 1665 "http://www.merchant247.net/Merchant2/merchant.mv?Screen=CTGY&Store_Code=health&Category_Code=99" "Mozilla/4.0 (compatible; MSIE 6.0; Windows NT 5.1; Q312461; MSN 6.1; MSNbMSFT; MSNmen-us; MSNc00; v5m)"
66.56.176.226 - - [09/Feb/2003:08:13:13 -0800] "GET /Merchant2/99/left/spacer.gif HTTP/1.1" 200 43 "http://www.merchant247.net/Merchant2/merchant.mv?Screen=CTGY&Store_Code=health&Category_Code=99" "Mozilla/4.0 (compatible; MSIE 6.0; Windows NT 5.1; Q312461; MSN 6.1; MSNbMSFT; MSNmen-us; MSNc00; v5m)"
66.56.176.226 - - [09/Feb/2003:08:13:13 -0800] "GET /Merchant2/99/left/health_99_leftmenu_r2_c1.jpg HTTP/1.1" 200 2881 "http://www.merchant247.net/Merchant2/merchant.mv?Screen=CTGY&Store_Code=health&Category_Code=99" "Mozilla/4.0 (compatible; MSIE 6.0; Windows NT 5.1; Q312461; MSN 6.1; MSNbMSFT; MSNmen-us; MSNc00; v5m)"
66.56.176.226 - - [09/Feb/2003:08:13:13 -0800] "GET /Merchant2/99/left/health_99_leftmenu_r1_c4.jpg HTTP/1.1" 200 475 "http://www.merchant247.net/Merchant2/merchant.mv?Screen=CTGY&Store_Code=health&Category_Code=99" "Mozilla/4.0 (compatible; MSIE 6.0; Windows NT 5.1; Q312461; MSN 6.1; MSNbMSFT; MSNmen-us; MSNc00; v5m)"
66.56.176.226 - - [09/Feb/2003:08:13:13 -0800] "GET /Merchant2/99/left/health_99_leftmenu_r3_c1.jpg HTTP/1.1" 200 3178 "http://www.merchant247.net/Merchant2/merchant.mv?Screen=CTGY&Store_Code=health&Category_Code=99" "Mozilla/4.0 (compatible; MSIE 6.0; Windows NT 5.1; Q312461; MSN 6.1; MSNbMSFT; MSNmen-us; MSNc00; v5m)"
66.56.176.226 - - [09/Feb/2003:08:13:13 -0800] "GET /Merchant2/99/left/health_99_leftmenu_r4_c1.jpg HTTP/1.1" 200 3191 "http://www.merchant247.net/Merchant2/merchant.mv?Screen=CTGY&Store_Code=health&Category_Code=99" "Mozilla/4.0 (compatible; MSIE 6.0; Windows NT 5.1; Q312461; MSN 6.1; MSNbMSFT; MSNmen-us; MSNc00; v5m)"
66.56.176.226 - - [09/Feb/2003:08:13:13 -0800] "GET /Merchant2/99/left/health_99_leftmenu_r6_c1.jpg HTTP/1.1" 200 298 "http://www.merchant247.net/Merchant2/merchant.mv?Screen=CTGY&Store_Code=health&Category_Code=99" "Mozilla/4.0 (compatible; MSIE 6.0; Windows NT 5.1; Q312461; MSN 6.1; MSNbMSFT; MSNmen-us; MSNc00; v5m)"
66.56.176.226 - - [09/Feb/2003:08:13:14 -0800] "GET /Merchant2/99/left/health_99_leftmenu_r5_c1.jpg HTTP/1.1" 200 325 "http://www.merchant247.net/Merchant2/merchant.mv?Screen=CTGY&Store_Code=health&Category_Code=99" "Mozilla/4.0 (compatible; MSIE 6.0; Windows NT 5.1; Q312461; MSN 6.1; MSNbMSFT; MSNmen-us; MSNc00; v5m)"
66.56.176.226 - - [09/Feb/2003:08:13:14 -0800] "GET /Merchant2/99/left/health_99_leftmenu_r6_c2.jpg HTTP/1.1" 200 1114 "http://www.merchant247.net/Merchant2/merchant.mv?Screen=CTGY&Store_Code=health&Category_Code=99" "Mozilla/4.0 (compatible; MSIE 6.0; Windows NT 5.1; Q312461; MSN 6.1; MSNbMSFT; MSNmen-us; MSNc00; v5m)"
66.56.176.226 - - [09/Feb/2003:08:13:14 -0800] "GET /Merchant2/99/left/health_99_leftmenu_r6_c3.jpg HTTP/1.1" 200 294 "http://www.merchant247.net/Merchant2/merchant.mv?Screen=CTGY&Store_Code=health&Category_Code=99" "Mozilla/4.0 (compatible; MSIE 6.0; Windows NT 5.1; Q312461; MSN 6.1; MSNbMSFT; MSNmen-us; MSNc00; v5m)"
66.56.176.226 - - [09/Feb/2003:08:13:14 -0800] "GET /Merchant2/99/left/health_99_leftmenu_r7_c2.jpg HTTP/1.1" 200 306 "http://www.merchant247.net/Merchant2/merchant.mv?Screen=CTGY&Store_Code=health&Category_Code=99" "Mozilla/4.0 (compatible; MSIE 6.0; Windows NT 5.1; Q312461; MSN 6.1; MSNbMSFT; MSNmen-us; MSNc00; v5m)"
66.56.176.226 - - [09/Feb/2003:08:13:14 -0800] "GET /Merchant2/99/left/health_99_leftmenu_r8_c1.jpg HTTP/1.1" 200 312 "http://www.merchant247.net/Merchant2/merchant.mv?Screen=CTGY&Store_Code=health&Category_Code=99" "Mozilla/4.0 (compatible; MSIE 6.0; Windows NT 5.1; Q312461; MSN 6.1; MSNbMSFT; MSNmen-us; MSNc00; v5m)"
66.56.176.226 - - [09/Feb/2003:08:13:14 -0800] "GET /Merchant2/99/health_99_headmenu_r3_c4_f2.jpg HTTP/1.1" 200 806 "http://www.merchant247.net/Merchant2/merchant.mv?Screen=CTGY&Store_Code=health&Category_Code=99" "Mozilla/4.0 (compatible; MSIE 6.0; Windows NT 5.1; Q312461; MSN 6.1; MSNbMSFT; MSNmen-us; MSNc00; v5m)"
66.56.176.226 - - [09/Feb/2003:08:13:14 -0800] "GET /Merchant2/99/health_99_headmenu_r3_c5_f2.jpg HTTP/1.1" 200 1562 "http://www.merchant247.net/Merchant2/merchant.mv?Screen=CTGY&Store_Code=health&Category_Code=99" "Mozilla/4.0 (compatible; MSIE 6.0; Windows NT 5.1; Q312461; MSN 6.1; MSNbMSFT; MSNmen-us; MSNc00; v5m)"
66.56.176.226 - - [09/Feb/2003:08:13:15 -0800] "GET /Merchant2/99/health_99_headmenu_r3_c9_f2.jpg HTTP/1.1" 200 1237 "http://www.merchant247.net/Merchant2/merchant.mv?Screen=CTGY&Store_Code=health&Category_Code=99" "Mozilla/4.0 (compatible; MSIE 6.0; Windows NT 5.1; Q312461; MSN 6.1; MSNbMSFT; MSNmen-us; MSNc00; v5m)"
66.56.176.226 - - [09/Feb/2003:08:13:15 -0800] "GET /Merchant2/99/health_99_headmenu_r3_c11_f2.jpg HTTP/1.1" 200 818 "http://www.merchant247.net/Merchant2/merchant.mv?Screen=CTGY&Store_Code=health&Category_Code=99" "Mozilla/4.0 (compatible; MSIE 6.0; Windows NT 5.1; Q312461; MSN 6.1; MSNbMSFT; MSNmen-us; MSNc00; v5m)"
66.56.176.226 - - [09/Feb/2003:08:13:15 -0800] "GET /Merchant2/99/health_99_headmenu_r3_c14_f2.jpg HTTP/1.1" 200 816 "http://www.merchant247.net/Merchant2/merchant.mv?Screen=CTGY&Store_Code=health&Category_Code=99" "Mozilla/4.0 (compatible; MSIE 6.0; Windows NT 5.1; Q312461; MSN 6.1; MSNbMSFT; MSNmen-us; MSNc00; v5m)"
209.214.59.153 - - [09/Feb/2003:08:13:44 -0800] "GET /Merchant2/graphics/en-US/admin/blank.gif HTTP/1.1" 200 43 "http://www.7-day-smoke-away.net/index.htm" "Mozilla/4.0 (compatible; MSIE 5.5; Windows 98; Win 9x 4.90; AT&T CSM6.0)"
68.106.7.35 - - [09/Feb/2003:08:13:53 -0800] "GET /Merchant2/graphics/en-US/admin/blank.gif HTTP/1.1" 200 43 "http://www.7-day-smoke-away.net/" "Mozilla/4.0 (compatible; MSIE 6.0; Windows NT 5.1)"
64.12.106.28 - - [09/Feb/2003:08:15:57 -0800] "GET /Merchant2/merchant.mv?Screen=CTGY&Store_Code=health&Category_Code=99 HTTP/1.0" 200 19710 "http://www.miraclebust.com/" "Mozilla/4.0 (compatible; MSIE 6.0; AOL 8.0; Windows 98)"
64.12.106.28 - - [09/Feb/2003:08:16:09 -0800] "GET /Merchant2/99/health_99_headmenu_r1_c15.jpg HTTP/1.0" 200 1197 "http://www.merchant247.net/Merchant2/merchant.mv?Screen=CTGY&Store_Code=health&Category_Code=99" "Mozilla/4.0 (compatible; MSIE 6.0; AOL 8.0; Windows 98)"
64.12.106.28 - - [09/Feb/2003:08:16:12 -0800] "GET /Merchant2/99/health_99_headmenu_r2_c17.jpg HTTP/1.0" 200 321 "http://www.merchant247.net/Merchant2/merchant.mv?Screen=CTGY&Store_Code=health&Category_Code=99" "Mozilla/4.0 (compatible; MSIE 6.0; AOL 8.0; Windows 98)"
64.12.106.28 - - [09/Feb/2003:08:16:16 -0800] "GET /Merchant2/99/health_99_headmenu_r3_c16.jpg HTTP/1.0" 200 298 "http://www.merchant247.net/Merchant2/merchant.mv?Screen=CTGY&Store_Code=health&Category_Code=99" "Mozilla/4.0 (compatible; MSIE 6.0; AOL 8.0; Windows 98)"
64.12.106.28 - - [09/Feb/2003:08:16:17 -0800] "GET /Merchant2/99/health_99_headmenu_r3_c9.jpg HTTP/1.0" 200 1180 "http://www.merchant247.net/Merchant2/merchant.mv?Screen=CTGY&Store_Code=health&Category_Code=99" "Mozilla/4.0 (compatible; MSIE 6.0; AOL 8.0; Windows 98)"
216.228.135.205 - - [09/Feb/2003:08:18:18 -0800] "GET /Merchant2/203/spacer.gif HTTP/1.1" 200 43 "http://www.merchant247.net/Merchant2/merchant.mv?Screen=CTGY&Store_Code=health&Category_Code=203" "Mozilla/4.0 (compatible; MSIE 6.0; Windows NT 5.1)"
216.228.135.205 - - [09/Feb/2003:08:18:18 -0800] "GET /Merchant2/merchant.mv?Screen=CTGY&Store_Code=health&Category_Code=203 HTTP/1.1" 200 25478 "http://www.radiodealsonline.com/smokeaway_directions_ingredients.htm" "Mozilla/4.0 (compatible; MSIE 6.0; Windows NT 5.1)"
216.228.135.205 - - [09/Feb/2003:08:18:21 -0800] "GET /Merchant2/203/health_203_headmenu_r2_c1.jpg HTTP/1.1" 200 1478 "http://www.merchant247.net/Merchant2/merchant.mv?Screen=CTGY&Store_Code=health&Category_Code=203" "Mozilla/4.0 (compatible; MSIE 6.0; Windows NT 5.1)"
216.228.135.205 - - [09/Feb/2003:08:18:21 -0800] "GET /Merchant2/203/health_203_headmenu_r1_c1.jpg HTTP/1.1" 200 21366 "http://www.merchant247.net/Merchant2/merchant.mv?Screen=CTGY&Store_Code=health&Category_Code=203" "Mozilla/4.0 (compatible; MSIE 6.0; Windows NT 5.1)"
216.228.135.205 - - [09/Feb/2003:08:18:23 -0800] "GET /Merchant2/203/health_203_headmenu_r2_c3.jpg HTTP/1.1" 200 337 "http://www.merchant247.net/Merchant2/merchant.mv?Screen=CTGY&Store_Code=health&Category_Code=203" "Mozilla/4.0 (compatible; MSIE 6.0; Windows NT 5.1)"
216.228.135.205 - - [09/Feb/2003:08:18:25 -0800] "GET /Merchant2/203/health_203_headmenu_r2_c2.jpg HTTP/1.1" 200 1234 "http://www.merchant247.net/Merchant2/merchant.mv?Screen=CTGY&Store_Code=health&Category_Code=203" "Mozilla/4.0 (compatible; MSIE 6.0; Windows NT 5.1)"
216.228.135.205 - - [09/Feb/2003:08:18:26 -0800] "GET /Merchant2/203/health_203_headmenu_r2_c4.jpg HTTP/1.1" 200 1118 "http://www.merchant247.net/Merchant2/merchant.mv?Screen=CTGY&Store_Code=health&Category_Code=203" "Mozilla/4.0 (compatible; MSIE 6.0; Windows NT 5.1)"
216.228.135.205 - - [09/Feb/2003:08:18:27 -0800] "GET /Merchant2/203/health_203_headmenu_r2_c5.jpg HTTP/1.1" 200 381 "http://www.merchant247.net/Merchant2/merchant.mv?Screen=CTGY&Store_Code=health&Category_Code=203" "Mozilla/4.0 (compatible; MSIE 6.0; Windows NT 5.1)"
216.228.135.205 - - [09/Feb/2003:08:18:27 -0800] "GET /Merchant2/203/health_203_headmenu_r2_c7.jpg HTTP/1.1" 200 748 "http://www.merchant247.net/Merchant2/merchant.mv?Screen=CTGY&Store_Code=health&Category_Code=203" "Mozilla/4.0 (compatible; MSIE 6.0; Windows NT 5.1)"
216.228.135.205 - - [09/Feb/2003:08:18:27 -0800] "GET /Merchant2/203/health_203_headmenu_r2_c6.jpg HTTP/1.1" 200 1607 "http://www.merchant247.net/Merchant2/merchant.mv?Screen=CTGY&Store_Code=health&Category_Code=203" "Mozilla/4.0 (compatible; MSIE 6.0; Windows NT 5.1)"
216.228.135.205 - - [09/Feb/2003:08:18:28 -0800] "GET /Merchant2/203/health_203_headmenu_r3_c2.jpg HTTP/1.1" 200 337 "http://www.merchant247.net/Merchant2/merchant.mv?Screen=CTGY&Store_Code=health&Category_Code=203" "Mozilla/4.0 (compatible; MSIE 6.0; Windows NT 5.1)"
216.228.135.205 - - [09/Feb/2003:08:18:28 -0800] "GET /Merchant2/203/health_203_headmenu_r3_c4.jpg HTTP/1.1" 200 368 "http://www.merchant247.net/Merchant2/merchant.mv?Screen=CTGY&Store_Code=health&Category_Code=203" "Mozilla/4.0 (compatible; MSIE 6.0; Windows NT 5.1)"
216.228.135.205 - - [09/Feb/2003:08:18:29 -0800] "GET /Merchant2/203/health_203_headmenu_r3_c6.jpg HTTP/1.1" 200 393 "http://www.merchant247.net/Merchant2/merchant.mv?Screen=CTGY&Store_Code=health&Category_Code=203" "Mozilla/4.0 (compatible; MSIE 6.0; Windows NT 5.1)"
216.228.135.205 - - [09/Feb/2003:08:18:29 -0800] "GET /Merchant2/graphics/201/7-day-smoke-awayupdated.gif HTTP/1.1" 200 9886 "http://www.merchant247.net/Merchant2/merchant.mv?Screen=CTGY&Store_Code=health&Category_Code=203" "Mozilla/4.0 (compatible; MSIE 6.0; Windows NT 5.1)"
216.228.135.205 - - [09/Feb/2003:08:18:30 -0800] "GET /Merchant2/graphics/00000001/7day_maintenance.jpg HTTP/1.1" 200 2050 "http://www.merchant247.net/Merchant2/merchant.mv?Screen=CTGY&Store_Code=health&Category_Code=203" "Mozilla/4.0 (compatible; MSIE 6.0; Windows NT 5.1)"
216.228.135.205 - - [09/Feb/2003:08:18:32 -0800] "GET /Merchant2/graphics/00000001/lungsaver.jpg HTTP/1.1" 200 4033 "http://www.merchant247.net/Merchant2/merchant.mv?Screen=CTGY&Store_Code=health&Category_Code=203" "Mozilla/4.0 (compatible; MSIE 6.0; Windows NT 5.1)"
216.228.135.205 - - [09/Feb/2003:08:18:33 -0800] "GET /Merchant2/graphics/authorize.gif HTTP/1.1" 200 5196 "http://www.merchant247.net/Merchant2/merchant.mv?Screen=CTGY&Store_Code=health&Category_Code=203" "Mozilla/4.0 (compatible; MSIE 6.0; Windows NT 5.1)"
216.228.135.205 - - [09/Feb/2003:08:18:35 -0800] "GET /Merchant2/203/health_203_headmenu_r2_c2_f2.jpg HTTP/1.1" 200 1176 "http://www.merchant247.net/Merchant2/merchant.mv?Screen=CTGY&Store_Code=health&Category_Code=203" "Mozilla/4.0 (compatible; MSIE 6.0; Windows NT 5.1)"
216.228.135.205 - - [09/Feb/2003:08:18:35 -0800] "GET /Merchant2/203/health_203_headmenu_r2_c4_f2.jpg HTTP/1.1" 200 1059 "http://www.merchant247.net/Merchant2/merchant.mv?Screen=CTGY&Store_Code=health&Category_Code=203" "Mozilla/4.0 (compatible; MSIE 6.0; Windows NT 5.1)"
216.228.135.205 - - [09/Feb/2003:08:18:36 -0800] "GET /Merchant2/203/health_203_headmenu_r2_c6_f2.jpg HTTP/1.1" 200 1493 "http://www.merchant247.net/Merchant2/merchant.mv?Screen=CTGY&Store_Code=health&Category_Code=203" "Mozilla/4.0 (compatible; MSIE 6.0; Windows NT 5.1)"
67.30.235.100 - - [09/Feb/2003:08:25:58 -0800] "GET /Merchant2/graphics/en-US/admin/blank.gif HTTP/1.1" 200 43 "http://www.7-day-smoke-away.net/" "Mozilla/4.0 (compatible; MSIE 5.5; Windows NT 5.0)"
209.214.59.153 - - [09/Feb/2003:08:29:11 -0800] "GET /Merchant2/201/spacer.gif HTTP/1.1" 200 43 "http://www.merchant247.net/Merchant2/merchant.mv?Screen=CTGY&Store_Code=health&Category_Code=201" "Mozilla/4.0 (compatible; MSIE 5.5; Windows 98; Win 9x 4.90; AT&T CSM6.0)"
209.214.59.153 - - [09/Feb/2003:08:29:13 -0800] "GET /Merchant2/201/logo_7_day.jpg HTTP/1.1" 200 5243 "http://www.merchant247.net/Merchant2/merchant.mv?Screen=CTGY&Store_Code=health&Category_Code=201" "Mozilla/4.0 (compatible; MSIE 5.5; Windows 98; Win 9x 4.90; AT&T CSM6.0)"
63.187.0.10 - - [09/Feb/2003:08:29:21 -0800] "GET /Merchant2/graphics/en-US/admin/blank.gif HTTP/1.1" 200 43 "http://www.7-day-smoke-away.net/index.htm" "Mozilla/4.0 (compatible; MSIE 5.01; Windows 95; MSN 6.1; MSNbMSFT; MSNmen-us; MSNc11; v5m)"
209.214.59.153 - - [09/Feb/2003:08:29:27 -0800] "GET /Merchant2/201/health_201_headmenu_r1_c11.jpg HTTP/1.1" 200 344 "http://www.merchant247.net/Merchant2/merchant.mv?Screen=CTGY&Store_Code=health&Category_Code=201" "Mozilla/4.0 (compatible; MSIE 5.5; Windows 98; Win 9x 4.90; AT&T CSM6.0)"
209.214.59.153 - - [09/Feb/2003:08:29:29 -0800] "GET /Merchant2/201/health_201_headmenu_r1_c12.jpg HTTP/1.1" 200 3079 "http://www.merchant247.net/Merchant2/merchant.mv?Screen=CTGY&Store_Code=health&Category_Code=201" "Mozilla/4.0 (compatible; MSIE 5.5; Windows 98; Win 9x 4.90; AT&T CSM6.0)"
209.214.59.153 - - [09/Feb/2003:08:29:34 -0800] "GET /Merchant2/201/health_201_headmenu_r2_c1.jpg HTTP/1.1" 200 4168 "http://www.merchant247.net/Merchant2/merchant.mv?Screen=CTGY&Store_Code=health&Category_Code=201" "Mozilla/4.0 (compatible; MSIE 5.5; Windows 98; Win 9x 4.90; AT&T CSM6.0)"
209.214.59.153 - - [09/Feb/2003:08:29:39 -0800] "GET /Merchant2/201/health_201_headmenu_r3_c1.jpg HTTP/1.1" 200 430 "http://www.merchant247.net/Merchant2/merchant.mv?Screen=CTGY&Store_Code=health&Category_Code=201" "Mozilla/4.0 (compatible; MSIE 5.5; Windows 98; Win 9x 4.90; AT&T CSM6.0)"
209.214.59.153 - - [09/Feb/2003:08:29:39 -0800] "GET /Merchant2/merchant.mv?Screen=CTGY&Store_Code=health&Category_Code=201 HTTP/1.1" 200 44807 "http://www.7-day-smoke-away.net/index.htm" "Mozilla/4.0 (compatible; MSIE 5.5; Windows 98; Win 9x 4.90; AT&T CSM6.0)"
209.214.59.153 - - [09/Feb/2003:08:29:41 -0800] "GET /Merchant2/201/health_201_headmenu_r3_c6.jpg HTTP/1.1" 200 2274 "http://www.merchant247.net/Merchant2/merchant.mv?Screen=CTGY&Store_Code=health&Category_Code=201" "Mozilla/4.0 (compatible; MSIE 5.5; Windows 98; Win 9x 4.90; AT&T CSM6.0)"
209.214.59.153 - - [09/Feb/2003:08:29:43 -0800] "GET /Merchant2/201/health_201_headmenu_r3_c7.jpg HTTP/1.1" 200 403 "http://www.merchant247.net/Merchant2/merchant.mv?Screen=CTGY&Store_Code=health&Category_Code=201" "Mozilla/4.0 (compatible; MSIE 5.5; Windows 98; Win 9x 4.90; AT&T CSM6.0)"
209.214.59.153 - - [09/Feb/2003:08:29:43 -0800] "GET /Merchant2/201/health_201_headmenu_r4_c1.jpg HTTP/1.1" 200 426 "http://www.merchant247.net/Merchant2/merchant.mv?Screen=CTGY&Store_Code=health&Category_Code=201" "Mozilla/4.0 (compatible; MSIE 5.5; Windows 98; Win 9x 4.90; AT&T CSM6.0)"
209.214.59.153 - - [09/Feb/2003:08:29:44 -0800] "GET /Merchant2/201/health_201_headmenu_r1_c14.jpg HTTP/1.1" 200 5279 "http://www.merchant247.net/Merchant2/merchant.mv?Screen=CTGY&Store_Code=health&Category_Code=201" "Mozilla/4.0 (compatible; MSIE 5.5; Windows 98; Win 9x 4.90; AT&T CSM6.0)"
209.214.59.153 - - [09/Feb/2003:08:29:44 -0800] "GET /Merchant2/201/health_201_headmenu_r2_c12.jpg HTTP/1.1" 200 3144 "http://www.merchant247.net/Merchant2/merchant.mv?Screen=CTGY&Store_Code=health&Category_Code=201" "Mozilla/4.0 (compatible; MSIE 5.5; Windows 98; Win 9x 4.90; AT&T CSM6.0)"
209.214.59.153 - - [09/Feb/2003:08:29:57 -0800] "GET /Merchant2/201/health_201_headmenu_r4_c2.jpg HTTP/1.1" 200 685 "http://www.merchant247.net/Merchant2/merchant.mv?Screen=CTGY&Store_Code=health&Category_Code=201" "Mozilla/4.0 (compatible; MSIE 5.5; Windows 98; Win 9x 4.90; AT&T CSM6.0)"
209.214.59.153 - - [09/Feb/2003:08:29:57 -0800] "GET /Merchant2/201/health_201_headmenu_r4_c3.jpg HTTP/1.1" 200 665 "http://www.merchant247.net/Merchant2/merchant.mv?Screen=CTGY&Store_Code=health&Category_Code=201" "Mozilla/4.0 (compatible; MSIE 5.5; Windows 98; Win 9x 4.90; AT&T CSM6.0)"
209.214.59.153 - - [09/Feb/2003:08:29:59 -0800] "GET /Merchant2/201/health_201_headmenu_r4_c5.jpg HTTP/1.1" 200 753 "http://www.merchant247.net/Merchant2/merchant.mv?Screen=CTGY&Store_Code=health&Category_Code=201" "Mozilla/4.0 (compatible; MSIE 5.5; Windows 98; Win 9x 4.90; AT&T CSM6.0)"
209.214.59.153 - - [09/Feb/2003:08:29:59 -0800] "GET /Merchant2/201/health_201_headmenu_r5_c7.jpg HTTP/1.1" 200 737 "http://www.merchant247.net/Merchant2/merchant.mv?Screen=CTGY&Store_Code=health&Category_Code=201" "Mozilla/4.0 (compatible; MSIE 5.5; Windows 98; Win 9x 4.90; AT&T CSM6.0)"
209.214.59.153 - - [09/Feb/2003:08:30:00 -0800] "GET /Merchant2/201/health_201_headmenu_r5_c8.jpg HTTP/1.1" 200 846 "http://www.merchant247.net/Merchant2/merchant.mv?Screen=CTGY&Store_Code=health&Category_Code=201" "Mozilla/4.0 (compatible; MSIE 5.5; Windows 98; Win 9x 4.90; AT&T CSM6.0)"
209.214.59.153 - - [09/Feb/2003:08:30:00 -0800] "GET /Merchant2/201/health_201_headmenu_r5_c9.jpg HTTP/1.1" 200 660 "http://www.merchant247.net/Merchant2/merchant.mv?Screen=CTGY&Store_Code=health&Category_Code=201" "Mozilla/4.0 (compatible; MSIE 5.5; Windows 98; Win 9x 4.90; AT&T CSM6.0)"
209.214.59.153 - - [09/Feb/2003:08:30:01 -0800] "GET /Merchant2/201/health_201_headmenu_r4_c4.jpg HTTP/1.1" 200 696 "http://www.merchant247.net/Merchant2/merchant.mv?Screen=CTGY&Store_Code=health&Category_Code=201" "Mozilla/4.0 (compatible; MSIE 5.5; Windows 98; Win 9x 4.90; AT&T CSM6.0)"
209.214.59.153 - - [09/Feb/2003:08:30:02 -0800] "GET /Merchant2/201/health_201_headmenu_r5_c10.jpg HTTP/1.1" 200 1023 "http://www.merchant247.net/Merchant2/merchant.mv?Screen=CTGY&Store_Code=health&Category_Code=201" "Mozilla/4.0 (compatible; MSIE 5.5; Windows 98; Win 9x 4.90; AT&T CSM6.0)"
209.214.59.153 - - [09/Feb/2003:08:30:03 -0800] "GET /Merchant2/201/health_201_headmenu_r5_c13.jpg HTTP/1.1" 200 4116 "http://www.merchant247.net/Merchant2/merchant.mv?Screen=CTGY&Store_Code=health&Category_Code=201" "Mozilla/4.0 (compatible; MSIE 5.5; Windows 98; Win 9x 4.90; AT&T CSM6.0)"
209.214.59.153 - - [09/Feb/2003:08:30:03 -0800] "GET /Merchant2/201/health_201_headmenu_r7_c8.jpg HTTP/1.1" 200 1017 "http://www.merchant247.net/Merchant2/merchant.mv?Screen=CTGY&Store_Code=health&Category_Code=201" "Mozilla/4.0 (compatible; MSIE 5.5; Windows 98; Win 9x 4.90; AT&T CSM6.0)"
209.214.59.153 - - [09/Feb/2003:08:30:05 -0800] "GET /Merchant2/201/health_201_headmenu_r7_c10.jpg HTTP/1.1" 200 1382 "http://www.merchant247.net/Merchant2/merchant.mv?Screen=CTGY&Store_Code=health&Category_Code=201" "Mozilla/4.0 (compatible; MSIE 5.5; Windows 98; Win 9x 4.90; AT&T CSM6.0)"
209.214.59.153 - - [09/Feb/2003:08:30:07 -0800] "GET /Merchant2/201/health_201_headmenu_r8_c4.jpg HTTP/1.1" 200 831 "http://www.merchant247.net/Merchant2/merchant.mv?Screen=CTGY&Store_Code=health&Category_Code=201" "Mozilla/4.0 (compatible; MSIE 5.5; Windows 98; Win 9x 4.90; AT&T CSM6.0)"
